-- Table structure for table `llx_adherent`
--

CREATE TABLE `llx_adherent` (
  `rowid` int(11) NOT NULL AUTO_INCREMENT,
  `entity` int(11) NOT NULL DEFAULT '1',
  `ref_ext` varchar(30) DEFAULT NULL,
  `civilite` varchar(6) DEFAULT NULL,
  `nom` varchar(50) DEFAULT NULL,
  `prenom` varchar(50) DEFAULT NULL,
  `login` varchar(50) DEFAULT NULL,
  `pass` varchar(50) DEFAULT NULL,
  `fk_adherent_type` int(11) NOT NULL,
  `morphy` varchar(3) NOT NULL,
  `societe` varchar(50) DEFAULT NULL,
  `fk_soc` int(11) DEFAULT NULL,
  `adresse` text,
  `cp` varchar(30) DEFAULT NULL,
  `ville` varchar(50) DEFAULT NULL,
  `fk_departement` int(11) DEFAULT NULL,
  `pays` int(11) DEFAULT NULL,
  `email` varchar(255) DEFAULT NULL,
  `phone` varchar(30) DEFAULT NULL,
  `phone_perso` varchar(30) DEFAULT NULL,
  `phone_mobile` varchar(30) DEFAULT NULL,
  `naiss` date DEFAULT NULL,
  `photo` varchar(255) DEFAULT NULL,
  `statut` smallint(6) NOT NULL DEFAULT '0',
  `public` smallint(6) NOT NULL DEFAULT '0',
  `datefin` datetime DEFAULT NULL,
  `note` text,
  `datevalid` datetime DEFAULT NULL,
  `datec` datetime DEFAULT NULL,
  `tms` timestamp NOT NULL DEFAULT CURRENT_TIMESTAMP ON UPDATE CURRENT_TIMESTAMP,
  `fk_user_author` int(11) DEFAULT NULL,
  `fk_user_mod` int(11) DEFAULT NULL,
  `fk_user_valid` int(11) DEFAULT NULL,
  `import_key` varchar(14) DEFAULT NULL,
  PRIMARY KEY (`rowid`),
  UNIQUE KEY `uk_adherent_login` (`login`,`entity`),
  UNIQUE KEY `uk_adherent_fk_soc` (`fk_soc`),
  KEY `idx_adherent_fk_adherent_type` (`fk_adherent_type`),
  CONSTRAINT `adherent_fk_soc` FOREIGN KEY (`fk_soc`) REFERENCES `llx_societe` (`rowid`),
  CONSTRAINT `fk_adherent_adherent_type` FOREIGN KEY (`fk_adherent_type`) REFERENCES `llx_adherent_type` (`rowid`)
) ENGINE=InnoDB DEFAULT CHARSET=utf8;

--
-- Dumping data for table `llx_adherent`
--


--
-- Table structure for table `llx_adherent_extrafields`
--

CREATE TABLE `llx_adherent_extrafields` (
  `rowid` int(11) NOT NULL AUTO_INCREMENT,
  `tms` timestamp NOT NULL DEFAULT CURRENT_TIMESTAMP ON UPDATE CURRENT_TIMESTAMP,
  `fk_object` int(11) NOT NULL,
  PRIMARY KEY (`rowid`),
  KEY `idx_adherent_options` (`fk_object`)
) ENGINE=InnoDB DEFAULT CHARSET=utf8;

--
-- Dumping data for table `llx_adherent_extrafields`
--


--
-- Table structure for table `llx_adherent_type`
--

CREATE TABLE `llx_adherent_type` (
  `rowid` int(11) NOT NULL AUTO_INCREMENT,
  `entity` int(11) NOT NULL DEFAULT '1',
  `tms` timestamp NOT NULL DEFAULT CURRENT_TIMESTAMP ON UPDATE CURRENT_TIMESTAMP,
  `statut` smallint(6) NOT NULL DEFAULT '0',
  `libelle` varchar(50) NOT NULL,
  `cotisation` varchar(3) NOT NULL DEFAULT 'yes',
  `vote` varchar(3) NOT NULL DEFAULT 'yes',
  `note` text,
  `mail_valid` text,
  PRIMARY KEY (`rowid`),
  UNIQUE KEY `uk_adherent_type_libelle` (`libelle`,`entity`)
) ENGINE=InnoDB DEFAULT CHARSET=utf8;

--
-- Dumping data for table `llx_adherent_type`
--


--
-- Table structure for table `llx_bank`
--

CREATE TABLE `llx_bank` (
  `rowid` int(11) NOT NULL AUTO_INCREMENT,
  `datec` datetime DEFAULT NULL,
  `datev` date DEFAULT NULL,
  `dateo` date DEFAULT NULL,
  `amount` double(24,8) NOT NULL DEFAULT '0.00000000',
  `label` varchar(255) DEFAULT NULL,
  `fk_account` int(11) DEFAULT NULL,
  `fk_user_author` int(11) DEFAULT NULL,
  `fk_user_rappro` int(11) DEFAULT NULL,
  `fk_type` varchar(6) DEFAULT NULL,
  `num_releve` varchar(50) DEFAULT NULL,
  `num_chq` varchar(50) DEFAULT NULL,
  `rappro` tinyint(4) DEFAULT '0',
  `note` text,
  `fk_bordereau` int(11) DEFAULT '0',
  `banque` varchar(255) DEFAULT NULL,
  `emetteur` varchar(255) DEFAULT NULL,
  `author` varchar(40) DEFAULT NULL,
  PRIMARY KEY (`rowid`),
  KEY `idx_bank_datev` (`datev`),
  KEY `idx_bank_dateo` (`dateo`),
  KEY `idx_bank_fk_account` (`fk_account`),
  KEY `idx_bank_rappro` (`rappro`)
) ENGINE=InnoDB AUTO_INCREMENT=308 DEFAULT CHARSET=utf8;

--
-- Dumping data for table `llx_bank`
--

INSERT INTO `llx_bank` VALUES (2,'2011-02-15 11:18:14','2011-02-15','2011-02-15',11000.00000000,'Solde initial',2,NULL,NULL,'SOLD',NULL,NULL,0,NULL,0,NULL,NULL,NULL),(3,'2011-03-08 10:12:40','2011-03-04','2011-03-04',20190.53000000,'(CustomerInvoicePayment)',1,3,3,'VIR','20827.80',NULL,1,NULL,0,'Credit Suisse','Blanc & Cie',NULL),(4,'2011-03-08 11:01:27','2011-03-08','2011-03-08',-992.00000000,'(SupplierInvoicePayment)',1,3,3,'VIR','992',NULL,1,NULL,0,NULL,NULL,NULL),(5,'2005-01-07 02:27:07','2011-03-14','2011-03-14',-510.00000000,'(SupplierInvoicePayment)',1,3,3,'VIR','510',NULL,1,NULL,0,NULL,NULL,NULL),(6,'2005-01-07 02:35:32','2011-03-14','2011-03-14',-1227.40000000,'(SupplierInvoicePayment)',1,3,3,'VIR','1227.4',NULL,1,NULL,0,NULL,NULL,NULL),(7,'2005-01-07 02:37:12','2011-03-14','2011-03-14',42650.48000000,'(CustomerInvoicePayment)',1,3,3,'VIR','42009.4',NULL,1,NULL,0,'CS','Blanc & Cie',NULL),(9,'2005-01-07 03:11:44','2011-03-14','2011-03-14',-45500.00000000,'(SupplierInvoicePayment)',1,3,3,'VIR','45425.48',NULL,1,NULL,0,NULL,NULL,NULL),(10,'2011-03-16 09:32:00','1970-01-01','1970-01-01',-637.27000000,'(SupplierInvoicePayment)',1,3,3,'VIR','637.27',NULL,1,NULL,0,NULL,NULL,NULL),(11,'2011-03-22 18:57:30','2011-03-22','2011-03-22',-300.62000000,'(SupplierInvoicePayment)',1,3,3,'VIR','300.62',NULL,1,NULL,0,NULL,NULL,NULL),(12,'2011-03-22 19:01:03','2011-03-22','2011-03-22',-510.79000000,'(SupplierInvoicePayment)',1,3,3,'VIR','510.79',NULL,1,NULL,0,NULL,NULL,NULL),(13,'2011-03-22 19:27:04','1970-01-01','1970-01-01',-208.66000000,'(SupplierInvoicePayment)',1,3,3,'VIR','208.66',NULL,1,NULL,0,NULL,NULL,NULL),(14,'2011-03-22 19:30:43','1970-01-01','1970-01-01',-417.31000000,'(SupplierInvoicePayment)',1,3,3,'VIR','417.31',NULL,1,NULL,0,NULL,NULL,NULL),(16,'2011-04-25 21:00:54','2011-04-25','2011-04-25',-310.00000000,'(SupplierInvoicePayment)',1,3,3,'VIR','306.27',NULL,1,NULL,0,NULL,NULL,NULL),(17,'2011-05-02 10:14:58','2011-05-02','2011-05-02',-704.21000000,'(SupplierInvoicePayment)',1,3,3,'VIR','704.25',NULL,1,NULL,0,NULL,NULL,NULL),(18,'2011-05-02 10:24:33','2011-05-02','2011-05-02',-810.90000000,'(SupplierInvoicePayment)',1,3,3,'VIR','810.9',NULL,1,NULL,0,NULL,NULL,NULL),(19,'2011-05-02 10:25:59','2011-05-02','2011-05-02',-1052.80000000,'(SupplierInvoicePayment)',1,3,3,'VIR','1052.8',NULL,1,NULL,0,NULL,NULL,NULL),(20,'2011-05-23 11:49:27','2011-05-10','2011-05-10',-4500.00000000,'(SupplierInvoicePayment)',1,3,3,'VIR','4500',NULL,1,NULL,0,NULL,NULL,NULL),(21,'2011-05-25 09:59:54','2011-05-13','2011-05-13',-78.24000000,'(SupplierInvoicePayment)',1,3,3,'VIR','78.24',NULL,1,NULL,0,NULL,NULL,NULL),(22,'2011-06-08 19:28:22','2011-06-01','2011-06-01',-724.65000000,'(SupplierInvoicePayment)',1,3,3,'VIR','724.65',NULL,1,NULL,0,NULL,NULL,NULL),(23,'2011-06-08 19:55:33','2011-06-03','2011-06-03',-1476.70000000,'(SupplierInvoicePayment)',1,3,3,'VIR','1476.7',NULL,1,NULL,0,NULL,NULL,NULL),(24,'2011-06-09 16:29:56','2011-06-09','2011-06-09',9667.00000000,'(CustomerInvoicePayment)',1,3,3,'VIR','9667',NULL,1,NULL,0,NULL,'Garderie la Boironette',NULL),(25,'2011-06-09 16:42:14','2011-06-06','2011-06-06',-62.00000000,'(SupplierInvoicePayment)',1,3,3,'VIR','62',NULL,1,NULL,0,NULL,NULL,NULL),(26,'2011-06-09 16:45:28','2011-06-06','2011-06-06',-5300.00000000,'(SupplierInvoicePayment)',1,3,3,'VIR','5300',NULL,1,NULL,0,NULL,NULL,NULL),(27,'2011-06-09 17:00:24','2011-06-06','2011-06-06',-1412.02000000,'(SupplierInvoicePayment)',1,3,3,'VIR','1412.02',NULL,1,NULL,0,NULL,NULL,NULL),(28,'2011-06-10 09:09:05','2011-06-10','2011-06-10',-100.00000000,'(SupplierInvoicePayment)',1,3,3,'VIR','100',NULL,1,NULL,0,NULL,NULL,NULL),(29,'2011-08-26 17:35:16','2011-08-26','2011-08-26',-3240.00000000,'Règlement fournisseur',2,3,3,'VIR','3240',NULL,1,NULL,0,NULL,NULL,NULL),(30,'2011-09-05 08:23:10','2011-08-28','2011-08-28',-4616.90000000,'(SupplierInvoicePayment)',2,3,3,'VIR','4616.90',NULL,1,NULL,0,NULL,NULL,NULL),(31,'2011-09-05 08:45:37','2011-09-01','2011-09-01',1425.60000000,'(CustomerInvoicePayment)',1,3,3,'VIR','1425.6',NULL,1,NULL,0,NULL,'Lingdar',NULL),(32,'2011-09-05 08:47:10','2011-08-25','2011-08-25',-200.00000000,'(SupplierInvoicePayment)',1,3,3,'VIR','200',NULL,1,NULL,0,NULL,NULL,NULL),(33,'2011-09-05 08:51:59','2011-08-25','2011-08-25',-200.00000000,'(SupplierInvoicePayment)',1,3,3,'VIR','200',NULL,1,NULL,0,NULL,NULL,NULL),(34,'2011-09-05 09:28:11','2011-06-28','2011-06-28',-260.80000000,'(SupplierInvoicePayment)',1,3,3,'VIR','260.8',NULL,1,NULL,0,NULL,NULL,NULL),(35,'2011-09-05 09:30:13','2011-06-28','2011-06-28',-130.40000000,'(SupplierInvoicePayment)',1,3,3,'VIR','130.4',NULL,1,NULL,0,NULL,NULL,NULL),(36,'2011-09-05 09:39:02','2011-08-08','2011-08-08',-912.70000000,'(SupplierInvoicePayment)',1,3,3,'VIR','912.7',NULL,1,NULL,0,NULL,NULL,NULL),(37,'2011-09-14 09:09:05','2011-08-02','2011-08-02',9667.00000000,'(CustomerInvoicePayment)',1,3,3,'VIR','9667',NULL,1,NULL,0,NULL,'Garderie la Boironette',NULL),(38,'2011-10-07 09:29:08','2011-10-03','2011-10-03',712.80000000,'(CustomerInvoicePayment)',1,3,3,'VIR','712.80',NULL,1,NULL,0,NULL,'Blanc & Cie',NULL),(39,'2011-10-26 08:42:19','2011-10-26','2011-10-26',4320.00000000,'(CustomerInvoicePayment)',1,3,3,'VIR','4320',NULL,1,NULL,0,NULL,'Starling Hotel & Conference center',NULL),(40,'2011-10-28 12:23:32','2011-10-28','2011-10-28',-834.80000000,'(SupplierInvoicePayment)',1,3,3,'VIR','834.8',NULL,1,NULL,0,NULL,NULL,NULL),(41,'2011-10-28 12:24:33','2011-10-28','2011-10-28',-400.00000000,'(SupplierInvoicePayment)',1,3,3,'VIR','400',NULL,1,NULL,0,NULL,NULL,NULL),(42,'2011-10-28 15:14:20','2011-10-24','2011-10-24',2268.00000000,'(CustomerInvoicePayment)',1,3,3,'VIR','2268',NULL,1,NULL,0,NULL,'5 a Sec',NULL),(43,'2011-10-28 15:19:07','2011-09-30','2011-09-30',1425.60000000,'(CustomerInvoicePayment)',1,3,3,'VIR','1425.6',NULL,1,NULL,0,NULL,'Lingdar',NULL),(44,'2011-10-28 16:05:49','2011-10-27','2011-10-27',-1499.00000000,'(SupplierInvoicePayment)',1,3,3,'VIR','1499',NULL,1,NULL,0,NULL,NULL,NULL),(45,'2011-10-28 16:08:24','2011-07-07','2011-07-07',-6455.55000000,'(SupplierInvoicePayment)',1,3,3,'VIR','6455.55',NULL,1,NULL,0,NULL,NULL,NULL),(46,'2011-11-01 08:34:09','2011-11-01','2011-11-01',1425.60000000,'(CustomerInvoicePayment)',1,3,3,'VIR','1425.6',NULL,1,NULL,0,NULL,NULL,NULL),(47,'2011-11-01 11:24:12','2011-11-01','2011-11-01',-468.20000000,'(SupplierInvoicePayment)',1,3,3,'VIR','468.20',NULL,1,NULL,0,NULL,NULL,NULL),(48,'2011-11-01 11:35:46','2011-11-01','2011-11-01',-1327.24000000,'(SupplierInvoicePayment)',1,3,3,'VIR','1327.24',NULL,1,NULL,0,NULL,NULL,NULL),(49,'2011-11-01 11:48:23','2011-07-07','2011-07-07',-4000.00000000,'(SupplierInvoicePayment)',1,3,3,'VIR','4000',NULL,1,NULL,0,NULL,NULL,NULL),(50,'2011-11-01 11:59:46','2011-10-27','2011-10-27',-1376.22000000,'(SupplierInvoicePayment)',1,3,3,'VIR','1376.22',NULL,1,NULL,0,NULL,NULL,NULL),(51,'2011-11-01 12:02:33','2011-10-27','2011-10-27',-675.95000000,'(SupplierInvoicePayment)',1,3,3,'VIR','675.95',NULL,1,NULL,0,NULL,NULL,NULL),(52,'2011-11-01 12:06:44','2011-10-27','2011-10-27',-20.00000000,'(SupplierInvoicePayment)',1,3,3,'VIR','20',NULL,1,NULL,0,NULL,NULL,NULL),(53,'2011-11-01 12:09:13','2011-08-08','2011-08-08',-1317.30000000,'(SupplierInvoicePayment)',1,3,3,'VIR','1317.3',NULL,1,NULL,0,NULL,NULL,NULL),(54,'2011-11-01 12:16:23','2011-07-29','2011-07-29',-1037.35000000,'(SupplierInvoicePayment)',1,3,3,'VIR','1037.35',NULL,1,NULL,0,NULL,NULL,NULL),(55,'2011-11-01 12:21:11','2011-06-28','2011-06-28',-56.70000000,'(SupplierInvoicePayment)',1,3,3,'VIR','56.70',NULL,1,NULL,0,NULL,NULL,NULL),(56,'2011-11-01 12:27:53','2011-08-08','2011-08-08',-58.55000000,'(SupplierInvoicePayment)',1,3,3,'VIR','58.55',NULL,1,NULL,0,NULL,NULL,NULL),(57,'2011-11-01 12:35:44','2011-08-08','2011-08-08',-109.70000000,'(SupplierInvoicePayment)',1,3,3,'VIR','109.7',NULL,1,NULL,0,NULL,NULL,NULL),(58,'2011-11-01 12:40:54','2011-11-01','2011-11-01',-75.15000000,'(SupplierInvoicePayment)',1,3,3,'VIR','75.15',NULL,1,NULL,0,NULL,NULL,NULL),(59,'2011-11-04 12:55:49','2011-11-04','2011-11-04',-2000.00000000,'(SupplierInvoicePayment)',1,3,3,'VIR','2000',NULL,1,NULL,0,NULL,NULL,NULL),(60,'2011-11-11 11:03:16','2011-11-11','2011-11-11',1100.00000000,'(CustomerInvoicePayment)',1,3,3,'VIR','1100',NULL,1,NULL,0,NULL,NULL,NULL),(61,'2011-11-11 12:05:36','2011-11-11','2011-11-11',24443.00000000,'(CustomerInvoicePayment)',2,3,3,'VIR','24443',NULL,1,NULL,0,NULL,NULL,NULL),(62,'2011-12-01 19:03:06','2011-12-01','2011-12-01',21646.10000000,'(CustomerInvoicePayment)',1,3,3,'VIR','21646.1',NULL,1,NULL,0,NULL,NULL,NULL),(63,'2011-12-15 20:24:09','2011-11-30','2011-11-30',-310.45000000,'(SupplierInvoicePayment)',2,3,3,'VIR','310.45',NULL,1,NULL,0,NULL,NULL,NULL),(64,'2011-12-15 20:26:48','2011-12-06','2011-12-06',-5300.00000000,'(SupplierInvoicePayment)',1,3,3,'VIR','5300',NULL,1,NULL,0,NULL,NULL,NULL),(65,'2011-12-15 20:28:10','2011-12-06','2011-12-06',-11144.87000000,'(SupplierInvoicePayment)',1,3,3,'VIR','11144.87',NULL,1,NULL,0,NULL,NULL,NULL),(66,'2011-12-15 20:29:27','2011-12-06','2011-12-06',1425.60000000,'(CustomerInvoicePayment)',1,3,3,'VIR','1425.6',NULL,1,NULL,0,NULL,NULL,NULL),(67,'2011-12-15 20:33:17','2011-12-09','2011-12-09',5302.60000000,'(CustomerInvoicePayment)',1,3,3,'VIR','5302.6',NULL,1,NULL,0,NULL,NULL,NULL),(68,'2011-12-15 20:35:03','2011-11-30','2011-11-30',-770.90000000,'(SupplierInvoicePayment)',1,3,3,'VIR','770.9',NULL,1,NULL,0,NULL,NULL,NULL),(69,'2011-12-16 12:31:34','2011-11-30','2011-11-30',-458.75000000,'(SupplierInvoicePayment)',2,3,3,'VIR','458.75',NULL,1,NULL,0,NULL,NULL,NULL),(70,'2011-12-16 12:34:13','2011-11-30','2011-11-30',-149.85000000,'(SupplierInvoicePayment)',1,3,3,'VIR','149.85',NULL,1,NULL,0,NULL,NULL,NULL),(71,'2012-01-26 11:10:56','2012-01-06','2012-01-06',33.65000000,'(SupplierInvoicePayment)',1,3,3,'VIR','33.65',NULL,1,NULL,0,NULL,NULL,NULL),(72,'2012-01-26 11:26:17','2011-12-27','2011-12-27',-3240.00000000,'(SupplierInvoicePayment)',1,3,3,'VIR','3240',NULL,1,NULL,0,NULL,NULL,NULL),(73,'2012-01-26 11:29:10','2012-01-26','2012-01-26',-469.50000000,'(SupplierInvoicePayment)',2,3,3,'VIR','469.50',NULL,1,NULL,0,NULL,NULL,NULL),(74,'2012-01-26 11:47:58','2011-11-30','2011-11-30',-1902.80000000,'(SupplierInvoicePayment)',2,3,3,'VIR','1902.8',NULL,1,NULL,0,NULL,NULL,NULL),(75,'2012-01-26 12:03:29','2011-12-27','2011-12-27',-1090.40000000,'(SupplierInvoicePayment)',1,3,3,'VIR','1090.4',NULL,1,NULL,0,NULL,NULL,NULL),(76,'2012-01-26 12:06:22','2011-11-30','2011-11-30',-6468.87000000,'(SupplierInvoicePayment)',2,3,3,'VIR','6468.87',NULL,1,NULL,0,NULL,NULL,NULL),(77,'2012-01-26 14:58:51','2011-11-30','2011-11-30',-38.91000000,'(SupplierInvoicePayment)',1,3,3,'VIR','38.91',NULL,1,NULL,0,NULL,NULL,NULL),(78,'2012-01-26 15:46:17','2011-11-30','2011-11-30',-2086.55000000,'(SupplierInvoicePayment)',1,3,3,'VIR','2086.55',NULL,1,NULL,0,NULL,NULL,NULL),(79,'2012-01-26 15:53:41','2011-12-27','2011-12-27',-18.11000000,'(SupplierInvoicePayment)',2,3,3,'VIR','18.11',NULL,1,NULL,0,NULL,NULL,NULL),(80,'2012-01-26 15:58:16','2011-12-27','2011-12-27',-809.55000000,'(SupplierInvoicePayment)',1,3,3,'VIR','809.55',NULL,1,NULL,0,NULL,NULL,NULL),(81,'2012-01-26 16:01:10','2011-12-27','2011-12-27',-4820.35000000,'(SupplierInvoicePayment)',1,3,3,'VIR','4820.35',NULL,1,NULL,0,NULL,NULL,NULL),(82,'2012-01-26 16:12:36','2011-12-31','2011-12-31',-547.70000000,'(SupplierInvoicePayment)',2,3,3,'VIR','547.70',NULL,1,NULL,0,NULL,NULL,NULL),(83,'2012-01-26 16:32:26','2011-11-30','2011-11-30',-313.00000000,'(SupplierInvoicePayment)',1,3,3,'VIR','313',NULL,1,NULL,0,NULL,NULL,NULL),(84,'2012-01-26 16:36:26','2011-12-27','2011-12-27',-391.20000000,'(SupplierInvoicePayment)',1,3,3,'VIR','391.2',NULL,1,NULL,0,NULL,NULL,NULL),(85,'2012-01-26 16:41:22','2011-12-27','2011-12-27',-840.30000000,'(SupplierInvoicePayment)',1,3,3,'VIR','840.3',NULL,1,NULL,0,NULL,NULL,NULL),(86,'2012-01-26 16:44:54','2011-12-27','2011-12-27',-257.15000000,'(SupplierInvoicePayment)',1,3,3,'VIR','257.15',NULL,1,NULL,0,NULL,NULL,NULL),(87,'2012-01-26 16:55:51','2012-01-01','2012-01-01',-600.00000000,'(SupplierInvoicePayment)',1,3,3,'VIR','600',NULL,1,NULL,0,NULL,NULL,NULL),(88,'2012-01-30 15:48:45','2011-12-28','2011-12-28',1480.00000000,'Règlement client',1,3,3,'VIR','1480','',1,NULL,0,'','',NULL),(89,'2012-01-30 15:50:22','2011-12-30','2011-12-30',1425.60000000,'(CustomerInvoicePayment)',1,3,3,'VIR','1425.6',NULL,1,NULL,0,NULL,NULL,NULL),(90,'2012-02-16 16:59:55','2012-02-16','2012-02-16',8876.90000000,'(CustomerInvoicePayment)',1,3,3,'VIR','8876.90',NULL,1,NULL,0,NULL,NULL,NULL),(91,'2012-03-01 16:11:07','2012-03-01','2012-03-01',117.94000000,'(CustomerInvoicePayment)',1,3,3,'VIR','117.94',NULL,1,NULL,0,NULL,NULL,NULL),(92,'2012-03-09 08:53:35','2012-03-09','2012-03-09',20712.78000000,'(CustomerInvoicePayment)',1,3,3,'VIR','20712.78',NULL,1,NULL,0,NULL,NULL,NULL),(93,'2012-03-09 09:32:14','2012-03-09','2012-03-09',-10743.10000000,'(SupplierInvoicePayment)',1,3,3,'VIR','10743.1',NULL,1,NULL,0,NULL,NULL,NULL),(94,'2012-03-26 21:59:06','2012-03-15','2012-03-15',607.50000000,'(CustomerInvoicePayment)',1,3,3,'VIR','607.5',NULL,1,NULL,0,NULL,NULL,NULL),(96,'2012-03-29 15:54:42','2012-03-23','2012-03-23',9666.00000000,'(CustomerInvoicePayment)',1,3,3,'VIR','9666',NULL,1,NULL,0,NULL,NULL,NULL),(97,'2012-03-29 17:59:17','2012-03-23','2012-03-23',5667.00000000,'(CustomerInvoicePayment)',1,3,3,'VIR','5667',NULL,1,NULL,0,NULL,NULL,NULL),(98,'2012-04-10 19:19:58','2012-04-10','2012-04-10',23845.32000000,'(CustomerInvoicePayment)',1,3,3,'VIR','23845.32',NULL,1,NULL,0,NULL,NULL,NULL),(99,'2012-04-10 19:39:48','2012-01-25','2012-01-25',-200.00000000,'(SupplierInvoicePayment)',1,3,3,'VIR','200',NULL,1,NULL,0,NULL,NULL,NULL),(100,'2012-04-10 19:41:03','2012-02-01','2012-02-01',1425.60000000,'(CustomerInvoicePayment)',1,3,3,'VIR','1425.6',NULL,1,NULL,0,NULL,NULL,NULL),(101,'2012-04-10 19:43:55','2012-03-02','2012-03-02',-851.40000000,'(SupplierInvoicePayment)',1,3,3,'VIR','851.4',NULL,1,NULL,0,NULL,NULL,NULL),(102,'2012-04-10 19:47:19','2012-02-03','2012-02-03',-564.10000000,'(SupplierInvoicePayment)',1,3,3,'VIR','564.10',NULL,1,NULL,0,NULL,NULL,NULL),(103,'2012-04-10 19:52:29','2012-02-03','2012-02-03',-980.90000000,'(SupplierInvoicePayment)',1,3,3,'VIR','980.90',NULL,1,NULL,0,NULL,NULL,NULL),(104,'2012-04-10 20:21:11','2012-02-03','2012-02-03',-407.85000000,'(SupplierInvoicePayment)',1,3,3,'VIR','407.85',NULL,1,NULL,0,NULL,NULL,NULL),(105,'2012-04-10 20:24:25','2012-02-28','2012-02-28',-5189.45000000,'(SupplierInvoicePayment)',1,3,3,'VIR','5189.45',NULL,1,NULL,0,NULL,NULL,NULL),(106,'2012-04-10 20:26:22','2012-02-28','2012-02-28',-1040.70000000,'(SupplierInvoicePayment)',1,3,3,'VIR','1040.70',NULL,1,NULL,0,NULL,NULL,NULL),(107,'2012-04-10 20:32:24','2012-02-28','2012-02-28',-1782.30000000,'(SupplierInvoicePayment)',1,3,3,'VIR','1782.3',NULL,1,NULL,0,NULL,NULL,NULL),(108,'2012-04-10 20:35:25','2012-02-28','2012-02-28',-1702.80000000,'(SupplierInvoicePayment)',1,3,3,'VIR','1702.80',NULL,1,NULL,0,NULL,NULL,NULL),(109,'2012-04-10 20:38:30','2012-02-28','2012-02-28',-42.95000000,'(SupplierInvoicePayment)',1,3,3,'VIR','42.95',NULL,1,NULL,0,NULL,NULL,NULL),(110,'2012-04-10 20:54:11','2012-02-28','2012-02-28',-375.00000000,'(SupplierInvoicePayment)',1,3,3,'VIR','375',NULL,1,NULL,0,NULL,NULL,NULL),(111,'2012-04-10 20:56:38','2012-03-01','2012-03-01',712.80000000,'(CustomerInvoicePayment)',1,3,3,'VIR','712.80',NULL,1,NULL,0,NULL,NULL,NULL),(112,'2012-04-10 21:11:53','2012-03-14','2012-03-14',-675.00000000,'(SupplierInvoicePayment)',1,3,3,'VIR','675',NULL,1,NULL,0,NULL,NULL,NULL),(113,'2012-04-10 22:38:54','2012-03-23','2012-03-23',-200.00000000,'(SupplierInvoicePayment)',1,3,3,'VIR','200',NULL,1,NULL,0,NULL,NULL,NULL),(114,'2012-04-10 22:54:16','2012-03-27','2012-03-27',-1677.70000000,'(SupplierInvoicePayment)',1,3,3,'VIR','1677.7',NULL,1,NULL,0,NULL,NULL,NULL),(115,'2012-04-10 23:06:34','2012-04-03','2012-04-03',4950.00000000,'(CustomerInvoicePayment)',1,3,3,'VIR','4950',NULL,1,NULL,0,NULL,NULL,NULL),(117,'2012-04-11 08:59:12','2011-12-06','2011-12-06',-4798.77000000,'(SupplierInvoicePayment)',2,3,3,'VIR','4798.77',NULL,1,NULL,0,NULL,NULL,NULL),(118,'2012-04-11 09:00:23','2012-03-28','2012-03-28',-8797.46000000,'(SupplierInvoicePayment)',1,3,3,'VIR','8797.46',NULL,1,NULL,0,NULL,NULL,NULL),(119,'2012-04-11 09:04:38','2012-03-28','2012-03-28',-5189.45000000,'(SupplierInvoicePayment)',1,3,3,'VIR','5189.45',NULL,1,NULL,0,NULL,NULL,NULL),(120,'2012-04-11 09:08:22','2012-03-28','2012-03-28',-943.85000000,'(SupplierInvoicePayment)',1,3,3,'VIR','943.85',NULL,1,NULL,0,NULL,NULL,NULL),(121,'2012-04-11 09:20:05','2012-03-28','2012-03-28',-1663.40000000,'(SupplierInvoicePayment)',1,3,3,'VIR','1663.40',NULL,1,NULL,0,NULL,NULL,NULL),(122,'2012-04-12 15:50:30','2012-03-28','2012-03-28',-20.00000000,'(SupplierInvoicePayment)',1,3,3,'VIR','200',NULL,1,NULL,0,NULL,NULL,NULL),(123,'2012-04-12 16:05:56','2012-03-30','2012-03-30',712.80000000,'(CustomerInvoicePayment)',1,3,3,'VIR','712.80',NULL,1,NULL,0,NULL,NULL,NULL),(124,'2012-04-12 16:11:22','2012-03-31','2012-03-31',0.59000000,'(SupplierInvoicePayment)',1,3,3,'VIR','0.59',NULL,1,NULL,0,NULL,NULL,NULL),(125,'2012-04-12 16:20:32','2012-04-03','2012-04-03',-38.00000000,'(SupplierInvoicePayment)',1,3,3,'VIR','38',NULL,1,NULL,0,NULL,NULL,NULL),(126,'2012-04-13 13:55:37','2012-04-13','2012-04-13',-1620.00000000,'(SupplierInvoicePayment)',1,3,3,'VIR','1620',NULL,1,NULL,0,NULL,NULL,NULL),(127,'2012-04-13 13:59:47','2012-04-13','2012-04-13',-1921.40000000,'(SupplierInvoicePayment)',1,3,3,'VIR','1921.40',NULL,1,NULL,0,NULL,NULL,NULL),(128,'2012-04-13 14:04:24','2012-04-13','2012-04-13',-11071.14000000,'(SupplierInvoicePayment)',1,3,3,'VIR','11071.14',NULL,1,NULL,0,NULL,NULL,NULL),(129,'2012-04-13 14:12:18','2012-04-01','2012-04-01',-1012.50000000,'(SupplierInvoicePayment)',2,3,3,'VIR','1012.50',NULL,1,NULL,0,NULL,NULL,NULL),(130,'2012-04-13 20:52:04','2012-04-13','2012-04-13',-744.00000000,'(SupplierInvoicePayment)',1,3,3,'VIR','744',NULL,1,NULL,0,NULL,NULL,NULL),(131,'2012-04-13 20:59:13','2012-04-13','2012-04-13',-1200.00000000,'(SupplierInvoicePayment)',1,3,3,'VIR','1200',NULL,1,NULL,0,NULL,NULL,NULL),(132,'2012-04-13 21:02:59','2012-04-13','2012-04-13',-1738.80000000,'(SupplierInvoicePayment)',1,3,3,'VIR','1738.8',NULL,1,NULL,0,NULL,NULL,NULL),(133,'2012-04-13 21:07:59','2012-04-13','2012-04-13',-1729.00000000,'(SupplierInvoicePayment)',1,3,3,'VIR','1729',NULL,1,NULL,0,NULL,NULL,NULL),(134,'2012-04-13 21:10:12','2012-04-13','2012-04-13',-3643.29000000,'(SupplierInvoicePayment)',1,3,3,'VIR','3643.29',NULL,1,NULL,0,NULL,NULL,NULL),(135,'2012-04-13 21:12:02','2012-04-13','2012-04-13',-146.75000000,'(SupplierInvoicePayment)',1,3,3,'VIR','146.75',NULL,1,NULL,0,NULL,NULL,NULL),(136,'2012-04-13 21:15:38','2012-04-13','2012-04-13',-24.85000000,'(SupplierInvoicePayment)',1,3,3,'VIR','24.85',NULL,1,NULL,0,NULL,NULL,NULL),(137,'2012-04-25 21:43:08','2012-04-25','2012-04-25',-1248.89000000,'(SupplierInvoicePayment)',1,3,3,'VIR','1248.89',NULL,1,NULL,0,NULL,NULL,NULL),(138,'2012-04-25 21:46:07','2012-04-25','2012-04-25',-178.00000000,'(SupplierInvoicePayment)',2,3,3,'VIR','178',NULL,1,NULL,0,NULL,NULL,NULL),(139,'2012-05-30 19:58:54','2012-05-30','2012-05-30',26422.00000000,'(CustomerInvoicePayment)',1,3,3,'VIR','26422',NULL,1,NULL,0,NULL,NULL,NULL),(140,'2012-05-30 19:59:52','2012-05-30','2012-05-30',-3416.25000000,'(SupplierInvoicePayment)',1,3,3,'VIR','3416.25',NULL,1,NULL,0,NULL,NULL,NULL),(141,'2012-05-30 20:01:11','2012-05-30','2012-05-30',-1.00000000,'(SupplierInvoicePayment)',1,3,3,'VIR','1',NULL,1,NULL,0,NULL,NULL,NULL),(142,'2012-05-30 20:03:05','2012-05-30','2012-05-30',-7141.24000000,'(SupplierInvoicePayment)',1,3,3,'VIR','7141.24',NULL,1,NULL,0,NULL,NULL,NULL),(143,'2012-05-30 20:03:07','2012-05-30','2012-05-30',-7141.24000000,'(SupplierInvoicePayment)',1,3,3,'VIR','7141.24',NULL,1,NULL,0,NULL,NULL,NULL),(144,'2012-05-30 20:04:05','2012-05-30','2012-05-30',118.00000000,'(CustomerInvoicePayment)',1,3,3,'VIR','118',NULL,1,NULL,0,NULL,NULL,NULL),(145,'2012-05-30 20:04:29','2012-05-30','2012-05-30',-200.00000000,'(SupplierInvoicePayment)',1,3,3,'VIR','200',NULL,1,NULL,0,NULL,NULL,NULL),(146,'2012-05-30 20:05:01','2012-05-30','2012-05-30',-762.00000000,'(SupplierInvoicePayment)',1,3,3,'VIR','762',NULL,1,NULL,0,NULL,NULL,NULL),(147,'2012-05-30 20:05:27','2012-05-30','2012-05-30',-448.55000000,'(SupplierInvoicePayment)',1,3,3,'VIR','448.55',NULL,1,NULL,0,NULL,NULL,NULL),(148,'2012-05-30 20:06:28','2012-05-30','2012-05-30',-88.00000000,'(SupplierInvoicePayment)',1,3,3,'VIR','88',NULL,1,NULL,0,NULL,NULL,NULL),(149,'2012-05-30 20:07:01','2012-05-30','2012-05-30',-1253.00000000,'(SupplierInvoicePayment)',1,3,3,'VIR','1253',NULL,1,NULL,0,NULL,NULL,NULL),(150,'2012-05-30 20:07:27','2012-05-30','2012-05-30',-161.25000000,'(SupplierInvoicePayment)',1,3,3,'VIR','161.25',NULL,1,NULL,0,NULL,NULL,NULL),(151,'2012-06-08 08:40:19','2012-06-08','2012-06-08',-2400.00000000,'(SupplierInvoicePayment)',1,3,3,'VIR','2400',NULL,1,NULL,0,NULL,NULL,NULL),(152,'2012-06-20 07:58:02','2012-06-20','2012-06-20',19334.01000000,'(CustomerInvoicePayment)',1,3,3,'VIR','19334.01',NULL,1,NULL,0,NULL,NULL,NULL),(153,'2012-06-20 08:32:13','2012-06-20','2012-06-20',-13000.00000000,'(SupplierInvoicePayment)',1,3,3,'VIR','13000',NULL,1,NULL,0,NULL,NULL,NULL),(154,'2012-06-21 14:59:28','2012-06-21','2012-06-21',-423.64000000,'(SupplierInvoicePayment)',1,3,3,'VIR','423.64',NULL,1,NULL,0,NULL,NULL,NULL),(155,'2012-06-21 15:02:49','2012-06-21','2012-06-21',-762.00000000,'(SupplierInvoicePayment)',1,3,3,'VIR','762',NULL,1,NULL,0,NULL,NULL,NULL),(156,'2012-06-21 15:13:16','2012-06-21','2012-06-21',-888.00000000,'(SupplierInvoicePayment)',1,3,3,'VIR','888',NULL,1,NULL,0,NULL,NULL,NULL),(157,'2012-06-21 15:15:15','2012-06-21','2012-06-21',-998.45000000,'(SupplierInvoicePayment)',1,3,3,'VIR','998.45',NULL,1,NULL,0,NULL,NULL,NULL),(158,'2012-06-21 15:16:25','2012-06-21','2012-06-21',-5189.45000000,'(SupplierInvoicePayment)',1,3,3,'VIR','5189.45',NULL,1,NULL,0,NULL,NULL,NULL),(159,'2012-06-21 15:36:59','2012-06-21','2012-06-21',-200.00000000,'(SupplierInvoicePayment)',1,3,3,'VIR','200',NULL,1,NULL,0,NULL,NULL,NULL),(160,'2012-06-21 15:37:23','2012-06-21','2012-06-21',-200.00000000,'(SupplierInvoicePayment)',1,3,3,'VIR','200',NULL,1,NULL,0,NULL,NULL,NULL),(161,'2012-06-21 15:37:47','2012-06-21','2012-06-21',-200.00000000,'(SupplierInvoicePayment)',1,3,3,'VIR','200',NULL,1,NULL,0,NULL,NULL,NULL),(162,'2012-06-22 09:06:11','2012-06-22','2012-06-22',-540.35000000,'(SupplierInvoicePayment)',1,3,3,'VIR','540.35',NULL,1,NULL,0,NULL,NULL,NULL),(163,'2012-07-27 11:53:20','2012-07-27','2012-07-27',26422.00000000,'(CustomerInvoicePayment)',2,3,3,'VIR','26422',NULL,1,NULL,0,NULL,NULL,NULL),(164,'2012-07-27 17:31:57','2012-03-12','2012-03-12',-1831.00000000,'(SupplierInvoicePayment)',1,3,3,'VIR','1831',NULL,1,NULL,0,NULL,NULL,NULL),(165,'2012-08-07 19:14:05','2012-08-07','2012-08-07',-2714.20000000,'(SupplierInvoicePayment)',2,3,3,'VIR','2714.20',NULL,1,NULL,0,NULL,NULL,NULL),(166,'2012-08-13 16:07:20','2012-08-13','2012-08-13',-465.00000000,'(SupplierInvoicePayment)',2,3,3,'VIR','465',NULL,1,NULL,0,NULL,NULL,NULL),(167,'2012-08-13 16:08:01','2012-08-13','2012-08-13',-2337.00000000,'(SupplierInvoicePayment)',2,3,3,'VIR','2337',NULL,1,NULL,0,NULL,NULL,NULL),(168,'2012-08-13 16:08:58','2012-08-13','2012-08-13',-762.00000000,'(SupplierInvoicePayment)',2,3,3,'VIR','762',NULL,1,NULL,0,NULL,NULL,NULL),(170,'2012-08-13 16:12:32','2012-08-13','2012-08-13',-1524.35000000,'(SupplierInvoicePayment)',2,3,3,'VIR','1524.35',NULL,1,NULL,0,NULL,NULL,NULL),(171,'2012-08-13 16:13:16','2012-08-13','2012-08-13',-636.10000000,'(SupplierInvoicePayment)',2,3,3,'VIR','636.1',NULL,1,NULL,0,NULL,NULL,NULL),(172,'2012-08-13 16:13:53','2012-08-13','2012-08-13',-1620.00000000,'(SupplierInvoicePayment)',2,3,3,'VIR','1620',NULL,1,NULL,0,NULL,NULL,NULL),(173,'2012-08-13 16:14:23','2012-08-13','2012-08-13',-2533.95000000,'(SupplierInvoicePayment)',2,3,3,'VIR','2533.95',NULL,1,NULL,0,NULL,NULL,NULL),(174,'2012-08-13 16:15:03','2012-08-13','2012-08-13',-1562.10000000,'(SupplierInvoicePayment)',1,3,3,'VIR','1562.10',NULL,1,NULL,0,NULL,NULL,NULL),(175,'2012-08-13 16:16:17','2012-08-13','2012-08-13',-2127.19000000,'(SupplierInvoicePayment)',2,3,3,'VIR','2127.19',NULL,1,NULL,0,NULL,NULL,NULL),(176,'2012-08-13 16:21:37','2012-08-13','2012-08-13',-271.75000000,'(SupplierInvoicePayment)',2,3,3,'VIR','271.75',NULL,1,NULL,0,NULL,NULL,NULL),(177,'2012-08-13 16:23:08','2012-08-13','2012-08-13',-522.80000000,'(SupplierInvoicePayment)',1,3,3,'VIR','522.8',NULL,1,NULL,0,NULL,NULL,NULL),(178,'2012-08-13 16:27:21','2012-08-13','2012-08-13',-977.85000000,'(SupplierInvoicePayment)',1,3,3,'VIR','977.85',NULL,1,NULL,0,NULL,NULL,NULL),(179,'2012-08-13 16:51:41','2012-05-02','2012-05-02',712.80000000,'(CustomerInvoicePayment)',1,3,3,'VIR','712.80',NULL,1,NULL,0,NULL,NULL,NULL),(180,'2012-08-13 16:52:11','2012-06-01','2012-06-01',712.80000000,'(CustomerInvoicePayment)',1,3,3,'VIR','712.8',NULL,1,NULL,0,NULL,NULL,NULL),(181,'2012-08-13 16:52:42','2012-06-29','2012-06-29',712.80000000,'(CustomerInvoicePayment)',1,3,3,'VIR','712.8',NULL,1,NULL,0,NULL,NULL,NULL),(182,'2012-08-13 16:53:12','2012-07-31','2012-07-31',712.80000000,'(CustomerInvoicePayment)',1,3,3,'VIR','712.8',NULL,1,NULL,0,NULL,NULL,NULL),(183,'2012-08-30 09:36:32','2012-08-30','2012-08-30',1960.00000000,'(CustomerInvoicePayment)',1,3,NULL,'VIR',NULL,NULL,0,NULL,0,NULL,NULL,NULL),(184,'2012-08-31 10:08:57','2012-08-31','2012-08-31',29118.00000000,'(CustomerInvoicePayment)',1,3,NULL,'VIR',NULL,NULL,0,NULL,0,NULL,NULL,NULL),(185,'2012-08-31 12:49:22','2012-08-31','2012-08-31',-7829.35000000,'(SupplierInvoicePayment)',1,3,NULL,'VIR',NULL,NULL,0,NULL,0,NULL,NULL,NULL),(186,'2012-08-31 12:54:49','2012-08-31','2012-08-31',-432.10000000,'(SupplierInvoicePayment)',1,3,NULL,'VIR',NULL,NULL,0,NULL,0,NULL,NULL,NULL),(187,'2012-08-31 12:55:44','2012-08-31','2012-08-31',-1290.00000000,'(SupplierInvoicePayment)',1,3,NULL,'VIR',NULL,NULL,0,NULL,0,NULL,NULL,NULL),(188,'2012-08-31 12:56:35','2012-08-31','2012-08-31',-1732.00000000,'(SupplierInvoicePayment)',1,3,NULL,'VIR',NULL,NULL,0,NULL,0,NULL,NULL,NULL),(189,'2012-08-31 12:57:31','2012-08-31','2012-08-31',-1040.85000000,'(SupplierInvoicePayment)',1,3,NULL,'VIR',NULL,NULL,0,NULL,0,NULL,NULL,NULL),(190,'2012-08-31 12:58:18','2012-08-31','2012-08-31',-608.60000000,'(SupplierInvoicePayment)',1,3,NULL,'VIR',NULL,NULL,0,NULL,0,NULL,NULL,NULL),(191,'2012-08-31 12:58:45','2012-08-31','2012-08-31',-90.20000000,'(SupplierInvoicePayment)',1,3,NULL,'VIR',NULL,NULL,0,NULL,0,NULL,NULL,NULL),(192,'2012-08-31 12:59:15','2012-08-31','2012-08-31',-762.00000000,'(SupplierInvoicePayment)',1,3,NULL,'VIR',NULL,NULL,0,NULL,0,NULL,NULL,NULL),(194,'2012-08-31 13:02:13','2012-08-31','2012-08-31',-200.00000000,'(SupplierInvoicePayment)',1,3,NULL,'VIR',NULL,NULL,0,NULL,0,NULL,NULL,NULL),(195,'2012-10-05 10:10:15','2012-10-05','2012-10-05',-695.50000000,'(SupplierInvoicePayment)',1,3,NULL,'VIR',NULL,NULL,0,NULL,0,NULL,NULL,NULL),(196,'2012-10-05 10:14:53','2012-10-05','2012-10-05',-3635.00000000,'(SupplierInvoicePayment)',2,3,NULL,'VIR',NULL,NULL,0,NULL,0,NULL,NULL,NULL),(197,'2012-10-05 10:15:49','2012-10-05','2012-10-05',-9935.00000000,'(SupplierInvoicePayment)',1,3,NULL,'VIR',NULL,NULL,0,NULL,0,NULL,NULL,NULL),(198,'2012-10-05 10:18:51','2012-10-05','2012-10-05',-1292.00000000,'(SupplierInvoicePayment)',2,3,NULL,'VIR',NULL,NULL,0,NULL,0,NULL,NULL,NULL),(199,'2012-10-05 10:44:04','2012-10-05','2012-10-05',-2134.90000000,'(SupplierInvoicePayment)',1,3,NULL,'VIR',NULL,NULL,0,NULL,0,NULL,NULL,NULL),(200,'2012-10-05 11:23:19','2012-10-05','2012-10-05',-410.35000000,'(SupplierInvoicePayment)',1,3,NULL,'VIR',NULL,NULL,0,NULL,0,NULL,NULL,NULL),(201,'2012-10-05 11:48:59','2012-10-05','2012-10-05',-1558.44000000,'(SupplierInvoicePayment)',1,3,NULL,'VIR',NULL,NULL,0,NULL,0,NULL,NULL,NULL),(202,'2012-10-05 11:54:43','2012-10-05','2012-10-05',-1292.00000000,'(SupplierInvoicePayment)',2,3,NULL,'VIR',NULL,NULL,0,NULL,0,NULL,NULL,NULL),(203,'2012-10-05 11:57:45','2012-08-31','2012-08-31',712.80000000,'(CustomerInvoicePayment)',1,3,NULL,'VIR',NULL,NULL,0,NULL,0,NULL,NULL,NULL),(205,'2012-10-05 11:58:32','2012-10-05','2012-10-05',712.80000000,'(CustomerInvoicePayment)',1,3,NULL,'VIR',NULL,NULL,0,NULL,0,NULL,NULL,NULL),(206,'2012-10-22 09:21:58','2012-10-22','2012-10-22',999.00000000,'(CustomerInvoicePayment)',1,3,NULL,'VIR',NULL,NULL,0,NULL,0,NULL,NULL,NULL),(207,'2012-10-31 09:57:36','2012-10-31','2012-10-31',1000.00000000,'(CustomerInvoicePayment)',1,3,NULL,'VIR',NULL,NULL,0,NULL,0,NULL,NULL,NULL),(208,'2012-10-31 19:51:54','2012-10-01','2012-10-01',-200.00000000,'(SupplierInvoicePayment)',1,3,NULL,'VIR',NULL,NULL,0,NULL,0,NULL,NULL,NULL),(209,'2012-10-31 19:52:31','2012-10-31','2012-10-31',-200.00000000,'(SupplierInvoicePayment)',1,3,NULL,'VIR',NULL,NULL,0,NULL,0,NULL,NULL,NULL),(210,'2012-11-13 16:05:15','2012-11-07','2012-11-07',118.00000000,'(CustomerInvoicePayment)',1,3,NULL,'VIR',NULL,NULL,0,NULL,0,NULL,NULL,NULL),(211,'2012-11-13 16:10:44','2012-11-01','2012-11-01',-712.80000000,'Règlement client',1,3,NULL,'VIR',NULL,'',0,NULL,0,'','',NULL),(212,'2012-11-13 16:49:17','2012-10-03','2012-10-03',-5189.45000000,'(SupplierInvoicePayment)',1,3,NULL,'VIR',NULL,NULL,0,NULL,0,NULL,NULL,NULL),(213,'2012-11-28 17:35:40','2012-11-06','2012-11-06',-1081.00000000,'(SupplierInvoicePayment)',1,3,NULL,'VIR',NULL,NULL,0,NULL,0,NULL,NULL,NULL),(214,'2012-11-28 17:36:51','2012-11-06','2012-11-06',-530.00000000,'(SupplierInvoicePayment)',1,3,NULL,'VIR',NULL,NULL,0,NULL,0,NULL,NULL,NULL),(215,'2012-11-28 17:49:40','2012-11-06','2012-11-06',-683.20000000,'(SupplierInvoicePayment)',1,3,NULL,'VIR',NULL,NULL,0,NULL,0,NULL,NULL,NULL),(216,'2012-11-28 17:51:10','2012-11-23','2012-11-23',-200.00000000,'(SupplierInvoicePayment)',1,3,NULL,'VIR',NULL,NULL,0,NULL,0,NULL,NULL,NULL),(217,'2012-12-26 11:07:44','2012-12-26','2012-12-26',19822.50000000,'(CustomerInvoicePayment)',1,2,NULL,'VIR',NULL,NULL,0,NULL,0,NULL,NULL,NULL),(218,'2012-12-26 11:26:10','2012-12-26','2012-12-26',10029.96000000,'(CustomerInvoicePayment)',1,2,NULL,'VIR',NULL,NULL,0,NULL,0,NULL,NULL,NULL),(219,'2012-12-26 11:29:02','2012-12-26','2012-12-26',1000.00000000,'(CustomerInvoicePayment)',1,2,NULL,'VIR',NULL,NULL,0,NULL,0,NULL,NULL,NULL),(220,'2012-12-26 11:30:41','2012-11-30','2012-11-30',712.80000000,'(CustomerInvoicePayment)',1,2,NULL,'VIR',NULL,NULL,0,NULL,0,NULL,NULL,NULL),(221,'2013-03-06 12:03:32','2013-01-31','2013-01-31',712.80000000,'(CustomerInvoicePayment)',1,2,NULL,'VIR',NULL,NULL,0,NULL,0,NULL,NULL,NULL),(222,'2013-03-06 12:04:35','2012-12-31','2012-12-31',712.80000000,'(CustomerInvoicePayment)',1,2,NULL,'VIR',NULL,NULL,0,NULL,0,NULL,NULL,NULL),(223,'2013-03-06 12:07:58','2013-01-09','2013-01-09',-503.45000000,'(SupplierInvoicePayment)',1,2,NULL,'VIR',NULL,NULL,0,NULL,0,NULL,NULL,NULL),(224,'2013-03-06 12:09:34','2013-01-08','2013-01-08',-16087.89000000,'(SupplierInvoicePayment)',1,2,NULL,'VIR',NULL,NULL,0,NULL,0,NULL,NULL,NULL),(225,'2013-03-06 12:10:55','2013-03-06','2013-03-06',-3927.25000000,'(SupplierInvoicePayment)',1,2,NULL,'VIR',NULL,NULL,0,NULL,0,NULL,NULL,NULL),(226,'2013-03-06 12:16:34','2013-01-29','2013-01-29',-13398.95000000,'(SupplierInvoicePayment)',1,2,NULL,'VIR',NULL,NULL,0,NULL,0,NULL,NULL,NULL),(227,'2013-03-06 12:18:33','2013-01-31','2013-01-31',-1524.00000000,'(SupplierInvoicePayment)',1,2,NULL,'VIR',NULL,NULL,0,NULL,0,NULL,NULL,NULL),(228,'2013-03-06 14:13:47','2013-02-07','2013-02-07',-4480.95000000,'(SupplierInvoicePayment)',1,21,NULL,'VIR',NULL,NULL,0,NULL,0,NULL,NULL,NULL),(229,'2013-03-06 14:21:06','2013-02-07','2013-02-07',-1740.00000000,'(SupplierInvoicePayment)',1,21,NULL,'VIR',NULL,NULL,0,NULL,0,NULL,NULL,NULL),(230,'2013-03-06 14:29:23','2013-01-31','2013-01-31',-495.75000000,'(SupplierInvoicePayment)',1,21,NULL,'VIR',NULL,NULL,0,NULL,0,NULL,NULL,NULL),(231,'2013-03-06 14:31:21','2013-01-31','2013-01-31',-1620.00000000,'(SupplierInvoicePayment)',1,21,NULL,'VIR',NULL,NULL,0,NULL,0,NULL,NULL,NULL),(232,'2013-03-06 14:34:49','2012-12-24','2012-12-24',-200.00000000,'(SupplierInvoicePayment)',1,21,NULL,'VIR',NULL,NULL,0,NULL,0,NULL,NULL,NULL),(233,'2013-03-06 14:44:50','2013-01-31','2013-01-31',-1243.06000000,'(SupplierInvoicePayment)',1,21,NULL,'VIR',NULL,NULL,0,NULL,0,NULL,NULL,NULL),(235,'2013-04-15 16:00:45','2013-04-15','2013-04-15',-24043.20000000,'(SupplierInvoicePayment)',1,2,NULL,'VIR',NULL,NULL,0,NULL,0,NULL,NULL,NULL),(236,'2013-04-25 18:44:37','2013-04-04','2013-04-04',2696.38000000,'(CustomerInvoicePayment)',1,21,NULL,'VIR',NULL,NULL,0,NULL,0,NULL,NULL,NULL),(237,'2013-04-25 18:45:10','2013-04-05','2013-04-05',374.76000000,'(CustomerInvoicePayment)',1,21,NULL,'VIR',NULL,NULL,0,NULL,0,NULL,NULL,NULL),(238,'2013-04-25 18:48:32','2013-04-15','2013-04-15',59923.80000000,'(CustomerInvoicePayment)',1,21,NULL,'VIR',NULL,NULL,0,NULL,0,NULL,NULL,NULL),(241,'2013-04-25 18:51:39','2013-03-01','2013-03-01',712.80000000,'(CustomerInvoicePayment)',1,21,NULL,'VIR',NULL,NULL,0,NULL,0,NULL,NULL,NULL),(242,'2013-05-02 17:19:20','2013-01-21','2013-01-21',22189.46000000,'(CustomerInvoicePayment)',1,2,NULL,'VIR',NULL,NULL,0,NULL,0,NULL,NULL,NULL),(243,'2013-05-07 17:16:11','2013-05-07','2013-05-07',-130.00000000,'(SupplierInvoicePayment)',1,2,NULL,'VIR',NULL,NULL,0,NULL,0,NULL,NULL,NULL),(245,'2013-05-07 17:51:33','2013-05-07','2013-05-07',-910.65000000,'(SupplierInvoicePayment)',1,2,NULL,'VIR',NULL,NULL,0,NULL,0,NULL,NULL,NULL),(246,'2013-05-07 17:54:11','2013-05-07','2013-05-07',-1037.65000000,'(SupplierInvoicePayment)',1,2,NULL,'VIR',NULL,NULL,0,NULL,0,NULL,NULL,NULL),(247,'2013-05-07 17:56:29','2013-05-07','2013-05-07',-1037.65000000,'(SupplierInvoicePayment)',1,2,NULL,'VIR',NULL,NULL,0,NULL,0,NULL,NULL,NULL),(248,'2013-05-30 17:08:46','2013-05-28','2013-05-28',-3900.00000000,'(SupplierInvoicePayment)',1,21,NULL,'VIR',NULL,NULL,0,NULL,0,NULL,NULL,NULL),(249,'2013-06-07 15:10:15','2013-05-16','2013-05-16',-922.63000000,'(SupplierInvoicePayment)',1,27,NULL,'VIR',NULL,NULL,0,NULL,0,NULL,NULL,NULL),(250,'2013-06-07 15:12:32','2013-05-16','2013-05-16',-227.24000000,'(SupplierInvoicePayment)',1,27,NULL,'VIR',NULL,NULL,0,NULL,0,NULL,NULL,NULL),(251,'2013-06-07 16:03:59','2013-04-26','2013-04-26',-534.75000000,'(SupplierInvoicePayment)',1,27,NULL,'VIR',NULL,NULL,0,NULL,0,NULL,NULL,NULL),(252,'2013-06-07 16:12:30','2013-04-11','2013-04-11',-826.09000000,'(SupplierInvoicePayment)',1,27,NULL,'VIR',NULL,NULL,0,NULL,0,NULL,NULL,NULL),(253,'2013-06-10 16:10:42','2013-05-28','2013-05-28',-2500.00000000,'(SupplierInvoicePayment)',1,27,NULL,'VIR',NULL,NULL,0,NULL,0,NULL,NULL,NULL),(254,'2013-06-10 16:42:49','2013-03-06','2013-03-06',-156.50000000,'(SupplierInvoicePayment)',1,27,NULL,'VIR',NULL,NULL,0,NULL,0,NULL,NULL,NULL),(255,'2013-06-10 16:43:40','2013-03-06','2013-03-06',-3953.35000000,'(SupplierInvoicePayment)',1,27,NULL,'VIR',NULL,NULL,0,NULL,0,NULL,NULL,NULL),(256,'2013-06-18 12:54:49','2013-05-31','2013-05-31',712.80000000,'(CustomerInvoicePayment)',1,27,NULL,'VIR',NULL,NULL,0,NULL,0,NULL,NULL,NULL),(257,'2013-06-18 13:36:47','2013-06-18','2013-06-18',900.00000000,'(CustomerInvoicePayment)',1,2,NULL,'VIR',NULL,NULL,0,NULL,0,NULL,NULL,NULL),(258,'2013-06-18 18:43:05','2013-04-12','2013-04-12',-2292.65000000,'(SupplierInvoicePayment)',1,27,NULL,'VIR',NULL,NULL,0,NULL,0,NULL,NULL,NULL),(259,'2013-06-19 13:44:09','2013-04-05','2013-04-05',1620.00000000,'(CustomerInvoicePayment)',1,27,NULL,'VIR',NULL,NULL,0,NULL,0,NULL,NULL,NULL),(260,'2013-06-21 09:09:32','2013-06-21','2013-06-21',-1076.50000000,'(SupplierInvoicePayment)',1,27,NULL,'VIR',NULL,NULL,0,NULL,0,NULL,NULL,NULL),(261,'2013-06-21 09:14:00','2013-06-21','2013-06-21',-1838.26000000,'(SupplierInvoicePayment)',1,27,NULL,'VIR',NULL,NULL,0,NULL,0,NULL,NULL,NULL),(262,'2013-06-21 09:14:40','2013-06-21','2013-06-21',-163.10000000,'(SupplierInvoicePayment)',1,27,NULL,'VIR',NULL,NULL,0,NULL,0,NULL,NULL,NULL),(263,'2013-07-01 15:04:20','2013-05-02','2013-05-02',712.80000000,'(CustomerInvoicePayment)',1,27,NULL,'VIR',NULL,NULL,0,NULL,0,NULL,NULL,NULL),(264,'2013-07-01 15:05:28','2013-03-28','2013-03-28',712.80000000,'(CustomerInvoicePayment)',1,27,NULL,'VIR',NULL,NULL,0,NULL,0,NULL,NULL,NULL),(266,'2013-07-01 15:12:48','2013-05-07','2013-05-07',-70.76000000,'(SupplierInvoicePayment)',1,27,NULL,'VIR',NULL,NULL,0,NULL,0,NULL,NULL,NULL),(267,'2013-07-01 15:21:01','2013-02-01','2013-02-01',712.80000000,'(CustomerInvoicePayment)',1,27,NULL,'VIR',NULL,NULL,0,NULL,0,NULL,NULL,NULL),(268,'2013-07-08 09:22:00','2013-07-01','2013-07-01',712.80000000,'(CustomerInvoicePayment)',1,27,NULL,'VIR','201307',NULL,1,NULL,0,NULL,NULL,NULL),(269,'2013-07-08 09:33:10','2013-04-16','2013-04-16',-6816.80000000,'(SupplierInvoicePayment)',1,27,NULL,'VIR',NULL,NULL,0,NULL,0,NULL,NULL,NULL),(270,'2013-07-08 09:40:38','2013-04-29','2013-04-29',-274.00000000,'(SupplierInvoicePayment)',1,27,NULL,'VIR',NULL,NULL,0,NULL,0,NULL,NULL,NULL),(271,'2013-07-08 11:16:38','2013-07-05','2013-07-05',22279.32000000,'(CustomerInvoicePayment)',1,27,NULL,'VIR','201307',NULL,1,NULL,0,NULL,NULL,NULL),(272,'2013-07-10 12:48:53','2013-07-10','2013-07-10',-50.00000000,'(SupplierInvoicePayment)',1,27,NULL,'VIR','201307',NULL,1,NULL,0,NULL,NULL,NULL),(273,'2013-07-15 10:45:06','2013-07-11','2013-07-11',-45.40000000,'(SupplierInvoicePayment)',1,27,NULL,'VIR','201307',NULL,1,NULL,0,NULL,NULL,NULL),(274,'2013-07-15 10:48:50','2013-07-11','2013-07-11',-3781.11000000,'(SupplierInvoicePayment)',1,27,NULL,'VIR','201307',NULL,1,NULL,0,NULL,NULL,NULL),(275,'2013-07-15 10:53:28','2013-07-11','2013-07-11',-1744.20000000,'(SupplierInvoicePayment)',1,27,NULL,'VIR','201307',NULL,1,NULL,0,NULL,NULL,NULL),(276,'2013-07-16 14:30:42','2013-07-16','2013-07-16',-270.00000000,'(SupplierInvoicePayment)',1,27,NULL,'VIR','201307',NULL,1,NULL,0,NULL,NULL,NULL),(277,'2013-07-16 14:31:44','2013-07-16','2013-07-16',-794.50000000,'(SupplierInvoicePayment)',1,27,NULL,'VIR','201307',NULL,1,NULL,0,NULL,NULL,NULL),(278,'2013-07-16 14:32:35','2013-07-16','2013-07-16',-6785.95000000,'(SupplierInvoicePayment)',1,27,27,'VIR','201307',NULL,1,NULL,0,NULL,NULL,NULL),(279,'2013-07-23 16:17:17','2013-07-23','2013-07-23',-68.95000000,'(SupplierInvoicePayment)',1,27,NULL,'VIR','201307',NULL,1,NULL,0,NULL,NULL,NULL),(280,'2013-07-29 10:07:53','2013-07-24','2013-07-24',-760.38000000,'(SupplierInvoicePayment)',1,27,NULL,'VIR','201307',NULL,1,NULL,0,NULL,NULL,NULL),(281,'2013-07-29 10:10:13','2013-07-29','2013-07-29',-614.84000000,'(SupplierInvoicePayment)',1,27,NULL,'VIR','201307',NULL,1,NULL,0,NULL,NULL,NULL),(282,'2013-07-29 10:13:13','2013-07-29','2013-07-29',-869.13000000,'(SupplierInvoicePayment)',1,27,NULL,'VIR','201307',NULL,1,NULL,0,NULL,NULL,NULL),(283,'2013-07-29 17:12:45','2013-02-07','2013-02-07',-140.00000000,'(SupplierInvoicePayment)',1,27,NULL,'VIR',NULL,NULL,0,NULL,0,NULL,NULL,NULL),(284,'2013-07-30 12:09:06','2013-01-18','2013-01-18',-1555.00000000,'(SupplierInvoicePayment)',1,27,NULL,'VIR',NULL,NULL,0,NULL,0,NULL,NULL,NULL),(285,'2013-08-05 11:28:11','2013-07-30','2013-07-30',231.00000000,'(CustomerInvoicePayment)',1,27,NULL,'VIR','201307',NULL,1,NULL,0,NULL,NULL,NULL),(286,'2013-08-05 11:28:57','2013-07-31','2013-07-31',712.80000000,'(CustomerInvoicePayment)',1,27,NULL,'VIR','201307',NULL,1,NULL,0,NULL,NULL,NULL),(287,'2013-08-05 11:57:37','2013-02-06','2013-02-06',-204.00000000,'(SupplierInvoicePayment)',1,27,NULL,'VIR',NULL,NULL,0,NULL,0,NULL,NULL,NULL),(288,'2013-08-05 12:05:28','2013-02-06','2013-02-06',-291.20000000,'(SupplierInvoicePayment)',1,27,NULL,'VIR',NULL,NULL,0,NULL,0,NULL,NULL,NULL),(289,'2013-08-05 12:12:11','2013-02-06','2013-02-06',-515.75000000,'(SupplierInvoicePayment)',1,27,NULL,'VIR',NULL,NULL,0,NULL,0,NULL,NULL,NULL),(290,'2013-08-05 12:23:05','2013-02-06','2013-02-06',-152.00000000,'(SupplierInvoicePayment)',1,27,NULL,'VIR',NULL,NULL,0,NULL,0,NULL,NULL,NULL),(291,'2013-08-05 12:58:02','2013-07-16','2013-07-16',-13331.33000000,'(SupplierInvoicePayment)',1,27,NULL,'VIR','201307',NULL,1,NULL,0,NULL,NULL,NULL),(292,'2013-08-05 13:04:09','2013-07-22','2013-07-22',-2364.00000000,'(SupplierInvoicePayment)',1,27,NULL,'VIR','201307',NULL,1,NULL,0,NULL,NULL,NULL),(293,'2013-08-05 13:45:23','2013-08-05','2013-08-05',-266.22000000,'(SupplierInvoicePayment)',1,27,NULL,'VIR',NULL,NULL,0,NULL,0,NULL,NULL,NULL),(294,'2013-08-05 13:48:07','2013-08-05','2013-08-05',-51.65000000,'(SupplierInvoicePayment)',1,27,NULL,'VIR',NULL,NULL,0,NULL,0,NULL,NULL,NULL),(295,'2013-08-12 08:58:12','2013-08-09','2013-08-09',236.00000000,'(CustomerInvoicePayment)',1,27,NULL,'VIR',NULL,NULL,0,NULL,0,NULL,NULL,NULL),(296,'2013-08-27 09:42:17','2013-08-27','2013-08-27',-869.10000000,'(SupplierInvoicePayment)',1,27,NULL,'VIR',NULL,NULL,0,NULL,0,NULL,NULL,NULL),(297,'2013-08-27 09:46:18','2013-08-20','2013-08-20',-17.40000000,'(SupplierInvoicePayment)',1,27,NULL,'VIR',NULL,NULL,0,NULL,0,NULL,NULL,NULL),(298,'2013-08-27 09:47:12','2013-08-20','2013-08-20',-87.65000000,'(SupplierInvoicePayment)',1,27,NULL,'VIR',NULL,NULL,0,NULL,0,NULL,NULL,NULL),(299,'2013-08-27 09:48:14','2013-08-22','2013-08-22',-787.85000000,'(SupplierInvoicePayment)',1,27,NULL,'VIR',NULL,NULL,0,NULL,0,NULL,NULL,NULL),(300,'2013-08-27 09:48:46','2013-08-20','2013-08-20',-759.00000000,'(SupplierInvoicePayment)',1,27,NULL,'VIR',NULL,NULL,0,NULL,0,NULL,NULL,NULL),(301,'2013-08-27 09:50:45','2013-08-21','2013-08-21',5046.00000000,'(CustomerInvoicePayment)',1,27,NULL,'VIR',NULL,NULL,0,NULL,0,NULL,NULL,NULL),(302,'2013-09-02 10:57:36','2013-08-30','2013-08-30',712.80000000,'(CustomerInvoicePayment)',1,27,NULL,'VIR',NULL,NULL,0,NULL,0,NULL,NULL,NULL),(303,'2013-09-02 10:59:54','2013-09-02','2013-09-02',-10112.90000000,'(SupplierInvoicePayment)',1,27,NULL,'VIR',NULL,NULL,0,NULL,0,NULL,NULL,NULL),(304,'2013-09-09 08:44:24','2013-09-04','2013-09-04',-307.80000000,'(SupplierInvoicePayment)',1,27,NULL,'VIR',NULL,NULL,0,NULL,0,NULL,NULL,NULL),(305,'2013-09-09 08:47:12','2013-09-05','2013-09-05',1000.00000000,'(CustomerInvoicePayment)',1,27,NULL,'VIR',NULL,NULL,0,NULL,0,NULL,NULL,NULL),(306,'2013-09-17 08:50:57','2013-09-10','2013-09-10',-235.30000000,'(SupplierInvoicePayment)',1,27,NULL,'VIR',NULL,NULL,0,NULL,0,NULL,NULL,NULL),(307,'2013-09-17 08:53:24','2013-09-10','2013-09-10',-433.82000000,'(SupplierInvoicePayment)',1,27,NULL,'VIR',NULL,NULL,0,NULL,0,NULL,NULL,NULL);

--
-- Table structure for table `llx_bank_categ`
--

CREATE TABLE `llx_bank_categ` (
  `rowid` int(11) NOT NULL AUTO_INCREMENT,
  `label` varchar(255) DEFAULT NULL,
  `entity` int(11) NOT NULL DEFAULT '1',
  PRIMARY KEY (`rowid`)
) ENGINE=InnoDB DEFAULT CHARSET=utf8;

--
-- Dumping data for table `llx_bank_categ`
--


--
-- Table structure for table `llx_bank_class`
--

CREATE TABLE `llx_bank_class` (
  `lineid` int(11) NOT NULL,
  `fk_categ` int(11) NOT NULL,
  UNIQUE KEY `uk_bank_class_lineid` (`lineid`,`fk_categ`)
) ENGINE=InnoDB DEFAULT CHARSET=utf8;

--
-- Dumping data for table `llx_bank_class`
--

INSERT INTO `llx_bank_class` VALUES (2,0),(286,0);

--
-- Table structure for table `llx_bank_url`
--

CREATE TABLE `llx_bank_url` (
  `rowid` int(11) NOT NULL AUTO_INCREMENT,
  `fk_bank` int(11) DEFAULT NULL,
  `url_id` int(11) DEFAULT NULL,
  `url` varchar(255) DEFAULT NULL,
  `label` varchar(255) DEFAULT NULL,
  `type` varchar(20) NOT NULL,
  PRIMARY KEY (`rowid`),
  UNIQUE KEY `uk_bank_url` (`fk_bank`,`type`)
) ENGINE=InnoDB AUTO_INCREMENT=611 DEFAULT CHARSET=utf8;

--
-- Dumping data for table `llx_bank_url`
--

INSERT INTO `llx_bank_url` VALUES (1,3,1,'/~cleanea/erp/compta/paiement/fiche.php?id=','(paiement)','payment'),(2,3,1,'/~cleanea/erp/compta/fiche.php?socid=','Blanc & Cie','company'),(3,4,1,'/~cleanea/erp/fourn/paiement/fiche.php?id=','(paiement)','payment_supplier'),(4,4,24,'/~cleanea/erp/fourn/fiche.php?socid=','Thomas Knoesel','company'),(5,5,2,'/~cleanea/erp/fourn/paiement/fiche.php?id=','(paiement)','payment_supplier'),(6,5,29,'/~cleanea/erp/fourn/fiche.php?socid=','Registre du Commerce','company'),(7,6,3,'/~cleanea/erp/fourn/paiement/fiche.php?id=','(paiement)','payment_supplier'),(8,6,30,'/~cleanea/erp/fourn/fiche.php?socid=','DaPrint','company'),(9,7,2,'/~cleanea/erp/compta/paiement/fiche.php?id=','(paiement)','payment'),(10,7,1,'/~cleanea/erp/compta/fiche.php?socid=','Blanc & Cie','company'),(13,9,5,'/~cleanea/erp/fourn/paiement/fiche.php?id=','(paiement)','payment_supplier'),(14,9,6,'/~cleanea/erp/fourn/fiche.php?socid=','Cleanea SAS','company'),(15,10,6,'/~cleanea/erp/fourn/paiement/fiche.php?id=','(paiement)','payment_supplier'),(16,10,38,'/~cleanea/erp/fourn/fiche.php?socid=','Pomathios','company'),(17,11,7,'/~cleanea/erp/fourn/paiement/fiche.php?id=','(paiement)','payment_supplier'),(18,11,38,'/~cleanea/erp/fourn/fiche.php?socid=','Pomathios','company'),(19,12,8,'/~cleanea/erp/fourn/paiement/fiche.php?id=','(paiement)','payment_supplier'),(20,12,38,'/~cleanea/erp/fourn/fiche.php?socid=','Pomathios','company'),(21,13,9,'/~cleanea/erp/fourn/paiement/fiche.php?id=','(paiement)','payment_supplier'),(22,13,41,'/~cleanea/erp/fourn/fiche.php?socid=','Manpower','company'),(23,14,10,'/~cleanea/erp/fourn/paiement/fiche.php?id=','(paiement)','payment_supplier'),(24,14,41,'/~cleanea/erp/fourn/fiche.php?socid=','Manpower','company'),(27,16,12,'/~cleanea/erp/fourn/paiement/fiche.php?id=','(paiement)','payment_supplier'),(28,16,46,'/~cleanea/erp/fourn/fiche.php?socid=','CARFLO','company'),(29,17,13,'/~cleanea/erp/fourn/paiement/fiche.php?id=','(paiement)','payment_supplier'),(30,17,41,'/~cleanea/erp/fourn/fiche.php?socid=','Manpower','company'),(31,18,14,'/~cleanea/erp/fourn/paiement/fiche.php?id=','(paiement)','payment_supplier'),(32,18,48,'/~cleanea/erp/fourn/fiche.php?socid=','AXA','company'),(33,19,15,'/~cleanea/erp/fourn/paiement/fiche.php?id=','(paiement)','payment_supplier'),(34,19,38,'/~cleanea/erp/fourn/fiche.php?socid=','Pomathios','company'),(35,20,16,'/~cleanea/erp/fourn/paiement/fiche.php?id=','(paiement)','payment_supplier'),(36,20,38,'/~cleanea/erp/fourn/fiche.php?socid=','Pomathios','company'),(37,21,17,'/~cleanea/erp/fourn/paiement/fiche.php?id=','(paiement)','payment_supplier'),(38,21,51,'/~cleanea/erp/fourn/fiche.php?socid=','France Express','company'),(39,22,18,'/~cleanea/erp/fourn/paiement/fiche.php?id=','(paiement)','payment_supplier'),(40,22,54,'/~cleanea/erp/fourn/fiche.php?socid=','UPS United Parcel Service S.A','company'),(41,23,19,'/~cleanea/erp/fourn/paiement/fiche.php?id=','(paiement)','payment_supplier'),(42,23,50,'/~cleanea/erp/fourn/fiche.php?socid=','Bundesamt für Gesundheit','company'),(43,24,3,'/~cleanea/erp/compta/paiement/fiche.php?id=','(paiement)','payment'),(44,24,31,'/~cleanea/erp/compta/fiche.php?socid=','Garderie la Boironette','company'),(45,25,20,'/~cleanea/erp/fourn/paiement/fiche.php?id=','(paiement)','payment_supplier'),(46,25,52,'/~cleanea/erp/fourn/fiche.php?socid=','Reuge','company'),(47,26,21,'/~cleanea/erp/fourn/paiement/fiche.php?id=','(paiement)','payment_supplier'),(48,26,38,'/~cleanea/erp/fourn/fiche.php?socid=','Pomathios','company'),(49,27,22,'/~cleanea/erp/fourn/paiement/fiche.php?id=','(paiement)','payment_supplier'),(50,27,38,'/~cleanea/erp/fourn/fiche.php?socid=','Pomathios','company'),(51,28,23,'/~cleanea/erp/fourn/paiement/fiche.php?id=','(paiement)','payment_supplier'),(52,28,55,'/~cleanea/erp/fourn/fiche.php?socid=','Samuel Badoux','company'),(53,29,24,'/~cleanea/erp/fourn/paiement/fiche.php?id=','(paiement)','payment_supplier'),(54,29,62,'/~cleanea/erp/fourn/fiche.php?socid=','Publex Fiduciaire Sàrl','company'),(55,30,25,'/~cleanea/erp/fourn/paiement/fiche.php?id=','(paiement)','payment_supplier'),(56,30,61,'/~cleanea/erp/fourn/fiche.php?socid=','Administration Fédérale des Contributions','company'),(57,31,4,'/~cleanea/erp/compta/paiement/fiche.php?id=','(paiement)','payment'),(58,31,4,'/~cleanea/erp/compta/fiche.php?socid=','Lingdar','company'),(59,32,26,'/~cleanea/erp/fourn/paiement/fiche.php?id=','(paiement)','payment_supplier'),(60,32,55,'/~cleanea/erp/fourn/fiche.php?socid=','Samuel Badoux','company'),(61,33,27,'/~cleanea/erp/fourn/paiement/fiche.php?id=','(paiement)','payment_supplier'),(62,33,55,'/~cleanea/erp/fourn/fiche.php?socid=','Samuel Badoux','company'),(63,34,28,'/~cleanea/erp/fourn/paiement/fiche.php?id=','(paiement)','payment_supplier'),(64,34,41,'/~cleanea/erp/fourn/fiche.php?socid=','Manpower','company'),(65,35,29,'/~cleanea/erp/fourn/paiement/fiche.php?id=','(paiement)','payment_supplier'),(66,35,41,'/~cleanea/erp/fourn/fiche.php?socid=','Manpower','company'),(67,36,30,'/~cleanea/erp/fourn/paiement/fiche.php?id=','(paiement)','payment_supplier'),(68,36,41,'/~cleanea/erp/fourn/fiche.php?socid=','Manpower','company'),(69,37,5,'/~cleanea/erp/compta/paiement/fiche.php?id=','(paiement)','payment'),(70,37,31,'/~cleanea/erp/compta/fiche.php?socid=','Garderie la Boironette','company'),(71,38,6,'/~cleanea/erp/compta/paiement/fiche.php?id=','(paiement)','payment'),(72,38,1,'/~cleanea/erp/compta/fiche.php?socid=','Blanc & Cie','company'),(73,39,7,'/~cleanea/erp/compta/paiement/fiche.php?id=','(paiement)','payment'),(74,39,7,'/~cleanea/erp/compta/fiche.php?socid=','Starling Hotel & Conference center','company'),(75,40,31,'/~cleanea/erp/fourn/paiement/fiche.php?id=','(paiement)','payment_supplier'),(76,40,41,'/~cleanea/erp/fourn/fiche.php?socid=','Manpower','company'),(77,41,32,'/~cleanea/erp/fourn/paiement/fiche.php?id=','(paiement)','payment_supplier'),(78,41,55,'/~cleanea/erp/fourn/fiche.php?socid=','Samuel Badoux','company'),(79,42,8,'/~cleanea/erp/compta/paiement/fiche.php?id=','(paiement)','payment'),(80,42,2,'/~cleanea/erp/compta/fiche.php?socid=','5 a Sec','company'),(81,43,9,'/~cleanea/erp/compta/paiement/fiche.php?id=','(paiement)','payment'),(82,43,4,'/~cleanea/erp/compta/fiche.php?socid=','Lingdar','company'),(83,44,33,'/~cleanea/erp/fourn/paiement/fiche.php?id=','(paiement)','payment_supplier'),(84,44,71,'/~cleanea/erp/fourn/fiche.php?socid=','Revena','company'),(85,45,34,'/~cleanea/erp/fourn/paiement/fiche.php?id=','(paiement)','payment_supplier'),(86,45,38,'/~cleanea/erp/fourn/fiche.php?socid=','Pomathios','company'),(87,46,10,'/~cleanea/erp/compta/paiement/fiche.php?id=','(paiement)','payment'),(88,46,4,'/~cleanea/erp/comm/fiche.php?socid=','Lingdar','company'),(89,47,35,'/~cleanea/erp/fourn/paiement/fiche.php?id=','(paiement)','payment_supplier'),(90,47,72,'/~cleanea/erp/fourn/fiche.php?socid=','Jetivia','company'),(91,48,36,'/~cleanea/erp/fourn/paiement/fiche.php?id=','(paiement)','payment_supplier'),(92,48,6,'/~cleanea/erp/fourn/fiche.php?socid=','Cleanea SAS','company'),(93,49,37,'/~cleanea/erp/fourn/paiement/fiche.php?id=','(paiement)','payment_supplier'),(94,49,38,'/~cleanea/erp/fourn/fiche.php?socid=','Pomathios','company'),(95,50,38,'/~cleanea/erp/fourn/paiement/fiche.php?id=','(paiement)','payment_supplier'),(96,50,38,'/~cleanea/erp/fourn/fiche.php?socid=','Pomathios','company'),(97,51,39,'/~cleanea/erp/fourn/paiement/fiche.php?id=','(paiement)','payment_supplier'),(98,51,38,'/~cleanea/erp/fourn/fiche.php?socid=','Pomathios','company'),(99,52,40,'/~cleanea/erp/fourn/paiement/fiche.php?id=','(paiement)','payment_supplier'),(100,52,48,'/~cleanea/erp/fourn/fiche.php?socid=','AXA','company'),(101,53,41,'/~cleanea/erp/fourn/paiement/fiche.php?id=','(paiement)','payment_supplier'),(102,53,48,'/~cleanea/erp/fourn/fiche.php?socid=','AXA','company'),(103,54,42,'/~cleanea/erp/fourn/paiement/fiche.php?id=','(paiement)','payment_supplier'),(104,54,38,'/~cleanea/erp/fourn/fiche.php?socid=','Pomathios','company'),(105,55,43,'/~cleanea/erp/fourn/paiement/fiche.php?id=','(paiement)','payment_supplier'),(106,55,54,'/~cleanea/erp/fourn/fiche.php?socid=','UPS United Parcel Service S.A','company'),(107,56,44,'/~cleanea/erp/fourn/paiement/fiche.php?id=','(paiement)','payment_supplier'),(108,56,73,'/~cleanea/erp/fourn/fiche.php?socid=','Administration Fiscale Cantonale GE','company'),(109,57,45,'/~cleanea/erp/fourn/paiement/fiche.php?id=','(paiement)','payment_supplier'),(110,57,74,'/~cleanea/erp/fourn/fiche.php?socid=','Administration Federale des Douanes','company'),(111,58,46,'/~cleanea/erp/fourn/paiement/fiche.php?id=','(paiement)','payment_supplier'),(112,58,75,'/~cleanea/erp/fourn/fiche.php?socid=','Credit Suisse SA','company'),(113,59,47,'/~cleanea/erp/fourn/paiement/fiche.php?id=','(paiement)','payment_supplier'),(114,59,38,'/~cleanea/erp/fourn/fiche.php?socid=','Pomathios','company'),(115,60,11,'/~cleanea/erp/compta/paiement/fiche.php?id=','(paiement)','payment'),(116,60,1,'/~cleanea/erp/comm/fiche.php?socid=','Blanc & Cie','company'),(117,61,12,'/~cleanea/erp/compta/paiement/fiche.php?id=','(paiement)','payment'),(118,61,67,'/~cleanea/erp/comm/fiche.php?socid=','Power of One','company'),(119,62,13,'/~cleanea/erp/compta/paiement/fiche.php?id=','(paiement)','payment'),(120,62,1,'/~cleanea/erp/comm/fiche.php?socid=','Blanc & Cie','company'),(121,63,48,'/~cleanea/erp/fourn/paiement/fiche.php?id=','(paiement)','payment_supplier'),(122,63,61,'/~cleanea/erp/fourn/fiche.php?socid=','Administration Fédérale des Contributions','company'),(123,64,49,'/~cleanea/erp/fourn/paiement/fiche.php?id=','(paiement)','payment_supplier'),(124,64,38,'/~cleanea/erp/fourn/fiche.php?socid=','Pomathios','company'),(125,65,50,'/~cleanea/erp/fourn/paiement/fiche.php?id=','(paiement)','payment_supplier'),(126,65,6,'/~cleanea/erp/fourn/fiche.php?socid=','Cleanea SAS','company'),(127,66,14,'/~cleanea/erp/compta/paiement/fiche.php?id=','(paiement)','payment'),(128,66,4,'/~cleanea/erp/comm/fiche.php?socid=','Lingdar','company'),(129,67,15,'/~cleanea/erp/compta/paiement/fiche.php?id=','(paiement)','payment'),(130,67,8,'/~cleanea/erp/comm/fiche.php?socid=','Aéroport International de Genève','company'),(131,68,51,'/~cleanea/erp/fourn/paiement/fiche.php?id=','(paiement)','payment_supplier'),(132,68,41,'/~cleanea/erp/fourn/fiche.php?socid=','Manpower','company'),(133,69,52,'/~cleanea/erp/fourn/paiement/fiche.php?id=','(paiement)','payment_supplier'),(134,69,77,'/~cleanea/erp/fourn/fiche.php?socid=','DaPrint','company'),(135,70,53,'/~cleanea/erp/fourn/paiement/fiche.php?id=','(paiement)','payment_supplier'),(136,70,78,'/~cleanea/erp/fourn/fiche.php?socid=','Von Bergen','company'),(137,71,54,'/~cleanea/erp/fourn/paiement/fiche.php?id=','(paiement)','payment_supplier'),(138,71,61,'/~cleanea/erp/fourn/fiche.php?socid=','Administration Fédérale des Contributions','company'),(139,72,55,'/~cleanea/erp/fourn/paiement/fiche.php?id=','(paiement)','payment_supplier'),(140,72,62,'/~cleanea/erp/fourn/fiche.php?socid=','Publex Fiduciaire Sàrl','company'),(141,73,56,'/~cleanea/erp/fourn/paiement/fiche.php?id=','(paiement)','payment_supplier'),(142,73,41,'/~cleanea/erp/fourn/fiche.php?socid=','Manpower','company'),(143,74,57,'/~cleanea/erp/fourn/paiement/fiche.php?id=','(paiement)','payment_supplier'),(144,74,83,'/~cleanea/erp/fourn/fiche.php?socid=','FER CIAM 106.1','company'),(145,75,58,'/~cleanea/erp/fourn/paiement/fiche.php?id=','(paiement)','payment_supplier'),(146,75,38,'/~cleanea/erp/fourn/fiche.php?socid=','Pomathios','company'),(147,76,59,'/~cleanea/erp/fourn/paiement/fiche.php?id=','(paiement)','payment_supplier'),(148,76,38,'/~cleanea/erp/fourn/fiche.php?socid=','Pomathios','company'),(149,77,60,'/~cleanea/erp/fourn/paiement/fiche.php?id=','(paiement)','payment_supplier'),(150,77,6,'/~cleanea/erp/fourn/fiche.php?socid=','Cleanea SAS','company'),(151,78,61,'/~cleanea/erp/fourn/paiement/fiche.php?id=','(paiement)','payment_supplier'),(152,78,41,'/~cleanea/erp/fourn/fiche.php?socid=','Manpower','company'),(153,79,62,'/~cleanea/erp/fourn/paiement/fiche.php?id=','(paiement)','payment_supplier'),(154,79,6,'/~cleanea/erp/fourn/fiche.php?socid=','Cleanea SAS','company'),(155,80,63,'/~cleanea/erp/fourn/paiement/fiche.php?id=','(paiement)','payment_supplier'),(156,80,70,'/~cleanea/erp/fourn/fiche.php?socid=','DB Schenker Schweiz AG','company'),(157,81,64,'/~cleanea/erp/fourn/paiement/fiche.php?id=','(paiement)','payment_supplier'),(158,81,48,'/~cleanea/erp/fourn/fiche.php?socid=','AXA','company'),(159,82,65,'/~cleanea/erp/fourn/paiement/fiche.php?id=','(paiement)','payment_supplier'),(160,82,41,'/~cleanea/erp/fourn/fiche.php?socid=','Manpower','company'),(161,83,66,'/~cleanea/erp/fourn/paiement/fiche.php?id=','(paiement)','payment_supplier'),(162,83,41,'/~cleanea/erp/fourn/fiche.php?socid=','Manpower','company'),(163,84,67,'/~cleanea/erp/fourn/paiement/fiche.php?id=','(paiement)','payment_supplier'),(164,84,41,'/~cleanea/erp/fourn/fiche.php?socid=','Manpower','company'),(165,85,68,'/~cleanea/erp/fourn/paiement/fiche.php?id=','(paiement)','payment_supplier'),(166,85,48,'/~cleanea/erp/fourn/fiche.php?socid=','AXA','company'),(167,86,69,'/~cleanea/erp/fourn/paiement/fiche.php?id=','(paiement)','payment_supplier'),(168,86,48,'/~cleanea/erp/fourn/fiche.php?socid=','AXA','company'),(169,87,70,'/~cleanea/erp/fourn/paiement/fiche.php?id=','(paiement)','payment_supplier'),(170,87,55,'/~cleanea/erp/fourn/fiche.php?socid=','Samuel Badoux','company'),(171,88,16,'/~cleanea/erp/compta/paiement/fiche.php?id=','(paiement)','payment'),(172,88,1,'/~cleanea/erp/comm/fiche.php?socid=','Blanc & Cie','company'),(173,89,17,'/~cleanea/erp/compta/paiement/fiche.php?id=','(paiement)','payment'),(174,89,4,'/~cleanea/erp/comm/fiche.php?socid=','Lingdar','company'),(175,90,18,'/~cleanea/erp/compta/paiement/fiche.php?id=','(paiement)','payment'),(176,90,82,'/~cleanea/erp/comm/fiche.php?socid=','MPM Facility service SA','company'),(177,91,19,'/~cleanea/erp/compta/paiement/fiche.php?id=','(paiement)','payment'),(178,91,57,'/~cleanea/erp/comm/fiche.php?socid=','Select Service Partner (Suisse) SA','company'),(179,92,20,'/~cleanea/erp/compta/paiement/fiche.php?id=','(paiement)','payment'),(180,92,82,'/~cleanea/erp/comm/fiche.php?socid=','MPM Facility service SA','company'),(181,93,71,'/~cleanea/erp/fourn/paiement/fiche.php?id=','(paiement)','payment_supplier'),(182,93,6,'/~cleanea/erp/fourn/fiche.php?socid=','Cleanea SAS','company'),(183,94,21,'/~cleanea/erp/compta/paiement/fiche.php?id=','(paiement)','payment'),(184,94,1,'/~cleanea/erp/comm/fiche.php?socid=','Blanc & Cie','company'),(187,96,23,'/~cleanea/erp/compta/paiement/fiche.php?id=','(paiement)','payment'),(188,96,9,'/~cleanea/erp/comm/fiche.php?socid=','Ecole Hôtelière de Lausanne','company'),(189,97,24,'/~cleanea/erp/compta/paiement/fiche.php?id=','(paiement)','payment'),(190,97,31,'/~cleanea/erp/comm/fiche.php?socid=','Garderie la Boironette','company'),(191,98,25,'/~cleanea/erp/compta/paiement/fiche.php?id=','(paiement)','payment'),(192,98,8,'/~cleanea/erp/comm/fiche.php?socid=','Aéroport International de Genève','company'),(193,99,72,'/~cleanea/erp/fourn/paiement/fiche.php?id=','(paiement)','payment_supplier'),(194,99,55,'/~cleanea/erp/fourn/fiche.php?socid=','Samuel Badoux','company'),(195,100,26,'/~cleanea/erp/compta/paiement/fiche.php?id=','(paiement)','payment'),(196,100,4,'/~cleanea/erp/comm/fiche.php?socid=','Lingdar','company'),(197,101,73,'/~cleanea/erp/fourn/paiement/fiche.php?id=','(paiement)','payment_supplier'),(198,101,83,'/~cleanea/erp/fourn/fiche.php?socid=','FER CIAM 106.1','company'),(199,102,74,'/~cleanea/erp/fourn/paiement/fiche.php?id=','(paiement)','payment_supplier'),(200,102,38,'/~cleanea/erp/fourn/fiche.php?socid=','Pomathios','company'),(201,103,75,'/~cleanea/erp/fourn/paiement/fiche.php?id=','(paiement)','payment_supplier'),(202,103,41,'/~cleanea/erp/fourn/fiche.php?socid=','Manpower','company'),(203,104,76,'/~cleanea/erp/fourn/paiement/fiche.php?id=','(paiement)','payment_supplier'),(204,104,94,'/~cleanea/erp/fourn/fiche.php?socid=','DSV Logistics SA','company'),(205,105,77,'/~cleanea/erp/fourn/paiement/fiche.php?id=','(paiement)','payment_supplier'),(206,105,38,'/~cleanea/erp/fourn/fiche.php?socid=','Pomathios','company'),(207,106,78,'/~cleanea/erp/fourn/paiement/fiche.php?id=','(paiement)','payment_supplier'),(208,106,38,'/~cleanea/erp/fourn/fiche.php?socid=','Pomathios','company'),(209,107,79,'/~cleanea/erp/fourn/paiement/fiche.php?id=','(paiement)','payment_supplier'),(210,107,41,'/~cleanea/erp/fourn/fiche.php?socid=','Manpower','company'),(211,108,80,'/~cleanea/erp/fourn/paiement/fiche.php?id=','(paiement)','payment_supplier'),(212,108,83,'/~cleanea/erp/fourn/fiche.php?socid=','FER CIAM 106.1','company'),(213,109,81,'/~cleanea/erp/fourn/paiement/fiche.php?id=','(paiement)','payment_supplier'),(214,109,48,'/~cleanea/erp/fourn/fiche.php?socid=','AXA','company'),(215,110,82,'/~cleanea/erp/fourn/paiement/fiche.php?id=','(paiement)','payment_supplier'),(216,110,75,'/~cleanea/erp/fourn/fiche.php?socid=','Credit Suisse SA','company'),(217,111,27,'/~cleanea/erp/compta/paiement/fiche.php?id=','(paiement)','payment'),(218,111,4,'/~cleanea/erp/comm/fiche.php?socid=','Lingdar','company'),(219,112,83,'/~cleanea/erp/fourn/paiement/fiche.php?id=','(paiement)','payment_supplier'),(220,112,95,'/~cleanea/erp/fourn/fiche.php?socid=','Me Beaumont Eric','company'),(221,113,84,'/~cleanea/erp/fourn/paiement/fiche.php?id=','(paiement)','payment_supplier'),(222,113,55,'/~cleanea/erp/fourn/fiche.php?socid=','Samuel Badoux','company'),(223,114,85,'/~cleanea/erp/fourn/paiement/fiche.php?id=','(paiement)','payment_supplier'),(224,114,41,'/~cleanea/erp/fourn/fiche.php?socid=','Manpower','company'),(225,115,28,'/~cleanea/erp/compta/paiement/fiche.php?id=','(paiement)','payment'),(226,115,1,'/~cleanea/erp/comm/fiche.php?socid=','Blanc & Cie','company'),(229,117,87,'/~cleanea/erp/fourn/paiement/fiche.php?id=','(paiement)','payment_supplier'),(230,117,6,'/~cleanea/erp/fourn/fiche.php?socid=','Cleanea SAS','company'),(231,118,88,'/~cleanea/erp/fourn/paiement/fiche.php?id=','(paiement)','payment_supplier'),(232,118,6,'/~cleanea/erp/fourn/fiche.php?socid=','Cleanea SAS','company'),(233,119,89,'/~cleanea/erp/fourn/paiement/fiche.php?id=','(paiement)','payment_supplier'),(234,119,38,'/~cleanea/erp/fourn/fiche.php?socid=','Pomathios','company'),(235,120,90,'/~cleanea/erp/fourn/paiement/fiche.php?id=','(paiement)','payment_supplier'),(236,120,38,'/~cleanea/erp/fourn/fiche.php?socid=','Pomathios','company'),(237,121,91,'/~cleanea/erp/fourn/paiement/fiche.php?id=','(paiement)','payment_supplier'),(238,121,83,'/~cleanea/erp/fourn/fiche.php?socid=','FER CIAM 106.1','company'),(239,122,92,'/~cleanea/erp/fourn/paiement/fiche.php?id=','(paiement)','payment_supplier'),(240,122,48,'/~cleanea/erp/fourn/fiche.php?socid=','AXA','company'),(241,123,29,'/~cleanea/erp/compta/paiement/fiche.php?id=','(paiement)','payment'),(242,123,4,'/~cleanea/erp/comm/fiche.php?socid=','Lingdar','company'),(243,124,93,'/~cleanea/erp/fourn/paiement/fiche.php?id=','(paiement)','payment_supplier'),(244,124,75,'/~cleanea/erp/fourn/fiche.php?socid=','Credit Suisse SA','company'),(245,125,94,'/~cleanea/erp/fourn/paiement/fiche.php?id=','(paiement)','payment_supplier'),(246,125,75,'/~cleanea/erp/fourn/fiche.php?socid=','Credit Suisse SA','company'),(247,126,95,'/~cleanea/erp/fourn/paiement/fiche.php?id=','(paiement)','payment_supplier'),(248,126,62,'/~cleanea/erp/fourn/fiche.php?socid=','Publex Fiduciaire Sàrl','company'),(249,127,96,'/~cleanea/erp/fourn/paiement/fiche.php?id=','(paiement)','payment_supplier'),(250,127,96,'/~cleanea/erp/fourn/fiche.php?socid=','Burnier & Noverraz','company'),(251,128,97,'/~cleanea/erp/fourn/paiement/fiche.php?id=','(paiement)','payment_supplier'),(252,128,6,'/~cleanea/erp/fourn/fiche.php?socid=','Cleanea SAS','company'),(253,129,98,'/~cleanea/erp/fourn/paiement/fiche.php?id=','(paiement)','payment_supplier'),(254,129,49,'/~cleanea/erp/fourn/fiche.php?socid=','Distriflac','company'),(255,130,99,'/~cleanea/erp/fourn/paiement/fiche.php?id=','(paiement)','payment_supplier'),(256,130,49,'/~cleanea/erp/fourn/fiche.php?socid=','Distriflac','company'),(257,131,100,'/~cleanea/erp/fourn/paiement/fiche.php?id=','(paiement)','payment_supplier'),(258,131,71,'/~cleanea/erp/fourn/fiche.php?socid=','Revena','company'),(259,132,101,'/~cleanea/erp/fourn/paiement/fiche.php?id=','(paiement)','payment_supplier'),(260,132,83,'/~cleanea/erp/fourn/fiche.php?socid=','FER CIAM 106.1','company'),(261,133,102,'/~cleanea/erp/fourn/paiement/fiche.php?id=','(paiement)','payment_supplier'),(262,133,41,'/~cleanea/erp/fourn/fiche.php?socid=','Manpower','company'),(263,134,103,'/~cleanea/erp/fourn/paiement/fiche.php?id=','(paiement)','payment_supplier'),(264,134,61,'/~cleanea/erp/fourn/fiche.php?socid=','Administration Fédérale des Contributions','company'),(265,135,104,'/~cleanea/erp/fourn/paiement/fiche.php?id=','(paiement)','payment_supplier'),(266,135,78,'/~cleanea/erp/fourn/fiche.php?socid=','Von Bergen','company'),(267,136,105,'/~cleanea/erp/fourn/paiement/fiche.php?id=','(paiement)','payment_supplier'),(268,136,97,'/~cleanea/erp/fourn/fiche.php?socid=','Etablissement Cantonal d\'Assurance','company'),(269,137,106,'/~cleanea/erp/htdocs/fourn/paiement/fiche.php?id=','(paiement)','payment_supplier'),(270,137,38,'/~cleanea/erp/htdocs/fourn/fiche.php?socid=','Pomathios','company'),(271,138,107,'/~cleanea/erp/htdocs/fourn/paiement/fiche.php?id=','(paiement)','payment_supplier'),(272,138,49,'/~cleanea/erp/htdocs/fourn/fiche.php?socid=','Distriflac','company'),(273,139,30,'/~cleanea/erp/htdocs/compta/paiement/fiche.php?id=','(paiement)','payment'),(274,139,98,'/~cleanea/erp/htdocs/comm/fiche.php?socid=','CNordic AB','company'),(275,140,108,'/~cleanea/erp/htdocs/fourn/paiement/fiche.php?id=','(paiement)','payment_supplier'),(276,140,41,'/~cleanea/erp/htdocs/fourn/fiche.php?socid=','Manpower','company'),(277,141,109,'/~cleanea/erp/htdocs/fourn/paiement/fiche.php?id=','(paiement)','payment_supplier'),(278,141,41,'/~cleanea/erp/htdocs/fourn/fiche.php?socid=','Manpower','company'),(279,142,110,'/~cleanea/erp/htdocs/fourn/paiement/fiche.php?id=','(paiement)','payment_supplier'),(280,142,38,'/~cleanea/erp/htdocs/fourn/fiche.php?socid=','Pomathios','company'),(281,143,111,'/~cleanea/erp/htdocs/fourn/paiement/fiche.php?id=','(paiement)','payment_supplier'),(282,143,38,'/~cleanea/erp/htdocs/fourn/fiche.php?socid=','Pomathios','company'),(283,144,31,'/~cleanea/erp/htdocs/compta/paiement/fiche.php?id=','(paiement)','payment'),(284,144,57,'/~cleanea/erp/htdocs/comm/fiche.php?socid=','Select Service Partner (Suisse) SA','company'),(285,145,112,'/~cleanea/erp/htdocs/fourn/paiement/fiche.php?id=','(paiement)','payment_supplier'),(286,145,55,'/~cleanea/erp/htdocs/fourn/fiche.php?socid=','Samuel Badoux','company'),(287,146,113,'/~cleanea/erp/htdocs/fourn/paiement/fiche.php?id=','(paiement)','payment_supplier'),(288,146,83,'/~cleanea/erp/htdocs/fourn/fiche.php?socid=','FER CIAM 106.1','company'),(289,147,114,'/~cleanea/erp/htdocs/fourn/paiement/fiche.php?id=','(paiement)','payment_supplier'),(290,147,94,'/~cleanea/erp/htdocs/fourn/fiche.php?socid=','DSV Logistics SA','company'),(291,148,115,'/~cleanea/erp/htdocs/fourn/paiement/fiche.php?id=','(paiement)','payment_supplier'),(292,148,46,'/~cleanea/erp/htdocs/fourn/fiche.php?socid=','CARFLO','company'),(293,149,116,'/~cleanea/erp/htdocs/fourn/paiement/fiche.php?id=','(paiement)','payment_supplier'),(294,149,6,'/~cleanea/erp/htdocs/fourn/fiche.php?socid=','Cleanea SAS','company'),(295,150,117,'/~cleanea/erp/htdocs/fourn/paiement/fiche.php?id=','(paiement)','payment_supplier'),(296,150,78,'/~cleanea/erp/htdocs/fourn/fiche.php?socid=','Von Bergen','company'),(297,151,118,'/~cleanea/erp/htdocs/fourn/paiement/fiche.php?id=','(paiement)','payment_supplier'),(298,151,71,'/~cleanea/erp/htdocs/fourn/fiche.php?socid=','Revena','company'),(299,152,32,'/~cleanea/erp/htdocs/compta/paiement/fiche.php?id=','(paiement)','payment'),(300,152,9,'/~cleanea/erp/htdocs/comm/fiche.php?socid=','Ecole Hôtelière de Lausanne','company'),(301,153,119,'/~cleanea/erp/htdocs/fourn/paiement/fiche.php?id=','(paiement)','payment_supplier'),(302,153,38,'/~cleanea/erp/htdocs/fourn/fiche.php?socid=','Pomathios','company'),(303,154,120,'/~cleanea/erp/htdocs/fourn/paiement/fiche.php?id=','(paiement)','payment_supplier'),(304,154,41,'/~cleanea/erp/htdocs/fourn/fiche.php?socid=','Manpower','company'),(305,155,121,'/~cleanea/erp/htdocs/fourn/paiement/fiche.php?id=','(paiement)','payment_supplier'),(306,155,83,'/~cleanea/erp/htdocs/fourn/fiche.php?socid=','FER CIAM 106.1','company'),(307,156,122,'/~cleanea/erp/htdocs/fourn/paiement/fiche.php?id=','(paiement)','payment_supplier'),(308,156,102,'/~cleanea/erp/htdocs/fourn/fiche.php?socid=','ATRADUIRE','company'),(309,157,123,'/~cleanea/erp/htdocs/fourn/paiement/fiche.php?id=','(paiement)','payment_supplier'),(310,157,38,'/~cleanea/erp/htdocs/fourn/fiche.php?socid=','Pomathios','company'),(311,158,124,'/~cleanea/erp/htdocs/fourn/paiement/fiche.php?id=','(paiement)','payment_supplier'),(312,158,38,'/~cleanea/erp/htdocs/fourn/fiche.php?socid=','Pomathios','company'),(313,159,125,'/~cleanea/erp/htdocs/fourn/paiement/fiche.php?id=','(paiement)','payment_supplier'),(314,159,55,'/~cleanea/erp/htdocs/fourn/fiche.php?socid=','Samuel Badoux','company'),(315,160,126,'/~cleanea/erp/htdocs/fourn/paiement/fiche.php?id=','(paiement)','payment_supplier'),(316,160,55,'/~cleanea/erp/htdocs/fourn/fiche.php?socid=','Samuel Badoux','company'),(317,161,127,'/~cleanea/erp/htdocs/fourn/paiement/fiche.php?id=','(paiement)','payment_supplier'),(318,161,55,'/~cleanea/erp/htdocs/fourn/fiche.php?socid=','Samuel Badoux','company'),(319,162,128,'/~cleanea/erp/htdocs/fourn/paiement/fiche.php?id=','(paiement)','payment_supplier'),(320,162,77,'/~cleanea/erp/htdocs/fourn/fiche.php?socid=','DaPrint','company'),(321,163,33,'/~cleanea/erp/htdocs/compta/paiement/fiche.php?id=','(paiement)','payment'),(322,163,105,'/~cleanea/erp/htdocs/comm/fiche.php?socid=','Spanish Wax','company'),(323,164,129,'/~cleanea/erp/htdocs/fourn/paiement/fiche.php?id=','(paiement)','payment_supplier'),(324,164,48,'/~cleanea/erp/htdocs/fourn/fiche.php?socid=','AXA','company'),(325,165,130,'/~cleanea/erp/htdocs/fourn/paiement/fiche.php?id=','(paiement)','payment_supplier'),(326,165,6,'/~cleanea/erp/htdocs/fourn/fiche.php?socid=','Cleanea SAS','company'),(327,166,131,'/~cleanea/erp/htdocs/fourn/paiement/fiche.php?id=','(paiement)','payment_supplier'),(328,166,46,'/~cleanea/erp/htdocs/fourn/fiche.php?socid=','CARFLO','company'),(329,167,132,'/~cleanea/erp/htdocs/fourn/paiement/fiche.php?id=','(paiement)','payment_supplier'),(330,167,9,'/~cleanea/erp/htdocs/fourn/fiche.php?socid=','Ecole Hôtelière de Lausanne','company'),(331,168,133,'/~cleanea/erp/htdocs/fourn/paiement/fiche.php?id=','(paiement)','payment_supplier'),(332,168,83,'/~cleanea/erp/htdocs/fourn/fiche.php?socid=','FER CIAM 106.1','company'),(335,170,135,'/~cleanea/erp/htdocs/fourn/paiement/fiche.php?id=','(paiement)','payment_supplier'),(336,170,70,'/~cleanea/erp/htdocs/fourn/fiche.php?socid=','DB Schenker Schweiz AG','company'),(337,171,136,'/~cleanea/erp/htdocs/fourn/paiement/fiche.php?id=','(paiement)','payment_supplier'),(338,171,107,'/~cleanea/erp/htdocs/fourn/fiche.php?socid=','Kaiser Kraft','company'),(339,172,137,'/~cleanea/erp/htdocs/fourn/paiement/fiche.php?id=','(paiement)','payment_supplier'),(340,172,62,'/~cleanea/erp/htdocs/fourn/fiche.php?socid=','Publex Fiduciaire Sàrl','company'),(341,173,138,'/~cleanea/erp/htdocs/fourn/paiement/fiche.php?id=','(paiement)','payment_supplier'),(342,173,61,'/~cleanea/erp/htdocs/fourn/fiche.php?socid=','Administration Fédérale des Contributions','company'),(343,174,139,'/~cleanea/erp/htdocs/fourn/paiement/fiche.php?id=','(paiement)','payment_supplier'),(344,174,38,'/~cleanea/erp/htdocs/fourn/fiche.php?socid=','Pomathios','company'),(345,175,140,'/~cleanea/erp/htdocs/fourn/paiement/fiche.php?id=','(paiement)','payment_supplier'),(346,175,41,'/~cleanea/erp/htdocs/fourn/fiche.php?socid=','Manpower','company'),(347,176,141,'/~cleanea/erp/htdocs/fourn/paiement/fiche.php?id=','(paiement)','payment_supplier'),(348,176,41,'/~cleanea/erp/htdocs/fourn/fiche.php?socid=','Manpower','company'),(349,177,142,'/~cleanea/erp/htdocs/fourn/paiement/fiche.php?id=','(paiement)','payment_supplier'),(350,177,77,'/~cleanea/erp/htdocs/fourn/fiche.php?socid=','DaPrint','company'),(351,178,143,'/~cleanea/erp/htdocs/fourn/paiement/fiche.php?id=','(paiement)','payment_supplier'),(352,178,111,'/~cleanea/erp/htdocs/fourn/fiche.php?socid=','Emil Frey','company'),(353,179,34,'/~cleanea/erp/htdocs/compta/paiement/fiche.php?id=','(paiement)','payment'),(354,179,4,'/~cleanea/erp/htdocs/comm/fiche.php?socid=','Lingdar','company'),(355,180,35,'/~cleanea/erp/htdocs/compta/paiement/fiche.php?id=','(paiement)','payment'),(356,180,4,'/~cleanea/erp/htdocs/comm/fiche.php?socid=','Lingdar','company'),(357,181,36,'/~cleanea/erp/htdocs/compta/paiement/fiche.php?id=','(paiement)','payment'),(358,181,4,'/~cleanea/erp/htdocs/comm/fiche.php?socid=','Lingdar','company'),(359,182,37,'/~cleanea/erp/htdocs/compta/paiement/fiche.php?id=','(paiement)','payment'),(360,182,4,'/~cleanea/erp/htdocs/comm/fiche.php?socid=','Lingdar','company'),(361,183,38,'/~cleanea/erp/htdocs/compta/paiement/fiche.php?id=','(paiement)','payment'),(362,183,1,'/~cleanea/erp/htdocs/comm/fiche.php?socid=','Blanc & Cie','company'),(363,184,39,'/~cleanea/erp/htdocs/compta/paiement/fiche.php?id=','(paiement)','payment'),(364,184,103,'/~cleanea/erp/htdocs/comm/fiche.php?socid=','ISS Facility Services SA','company'),(365,185,144,'/~cleanea/erp/htdocs/fourn/paiement/fiche.php?id=','(paiement)','payment_supplier'),(366,185,38,'/~cleanea/erp/htdocs/fourn/fiche.php?socid=','Pomathios','company'),(367,186,145,'/~cleanea/erp/htdocs/fourn/paiement/fiche.php?id=','(paiement)','payment_supplier'),(368,186,78,'/~cleanea/erp/htdocs/fourn/fiche.php?socid=','Von Bergen','company'),(369,187,146,'/~cleanea/erp/htdocs/fourn/paiement/fiche.php?id=','(paiement)','payment_supplier'),(370,187,49,'/~cleanea/erp/htdocs/fourn/fiche.php?socid=','Distriflac','company'),(371,188,147,'/~cleanea/erp/htdocs/fourn/paiement/fiche.php?id=','(paiement)','payment_supplier'),(372,188,41,'/~cleanea/erp/htdocs/fourn/fiche.php?socid=','Manpower','company'),(373,189,148,'/~cleanea/erp/htdocs/fourn/paiement/fiche.php?id=','(paiement)','payment_supplier'),(374,189,70,'/~cleanea/erp/htdocs/fourn/fiche.php?socid=','DB Schenker Schweiz AG','company'),(375,190,149,'/~cleanea/erp/htdocs/fourn/paiement/fiche.php?id=','(paiement)','payment_supplier'),(376,190,77,'/~cleanea/erp/htdocs/fourn/fiche.php?socid=','DaPrint','company'),(377,191,150,'/~cleanea/erp/htdocs/fourn/paiement/fiche.php?id=','(paiement)','payment_supplier'),(378,191,73,'/~cleanea/erp/htdocs/fourn/fiche.php?socid=','Administration Fiscale Cantonale GE','company'),(379,192,151,'/~cleanea/erp/htdocs/fourn/paiement/fiche.php?id=','(paiement)','payment_supplier'),(380,192,83,'/~cleanea/erp/htdocs/fourn/fiche.php?socid=','FER CIAM 106.1','company'),(383,194,153,'/~cleanea/erp/htdocs/fourn/paiement/fiche.php?id=','(paiement)','payment_supplier'),(384,194,55,'/~cleanea/erp/htdocs/fourn/fiche.php?socid=','Samuel Badoux','company'),(385,195,154,'/~cleanea/erp/htdocs/fourn/paiement/fiche.php?id=','(paiement)','payment_supplier'),(386,195,70,'/~cleanea/erp/htdocs/fourn/fiche.php?socid=','DB Schenker Schweiz AG','company'),(387,196,155,'/~cleanea/erp/htdocs/fourn/paiement/fiche.php?id=','(paiement)','payment_supplier'),(388,196,6,'/~cleanea/erp/htdocs/fourn/fiche.php?socid=','Cleanea SAS','company'),(389,197,156,'/~cleanea/erp/htdocs/fourn/paiement/fiche.php?id=','(paiement)','payment_supplier'),(390,197,6,'/~cleanea/erp/htdocs/fourn/fiche.php?socid=','Cleanea SAS','company'),(391,198,157,'/~cleanea/erp/htdocs/fourn/paiement/fiche.php?id=','(paiement)','payment_supplier'),(392,198,49,'/~cleanea/erp/htdocs/fourn/fiche.php?socid=','Distriflac','company'),(393,199,158,'/~cleanea/erp/htdocs/fourn/paiement/fiche.php?id=','(paiement)','payment_supplier'),(394,199,41,'/~cleanea/erp/htdocs/fourn/fiche.php?socid=','Manpower','company'),(395,200,159,'/~cleanea/erp/htdocs/fourn/paiement/fiche.php?id=','(paiement)','payment_supplier'),(396,200,41,'/~cleanea/erp/htdocs/fourn/fiche.php?socid=','Manpower','company'),(397,201,160,'/~cleanea/erp/htdocs/fourn/paiement/fiche.php?id=','(paiement)','payment_supplier'),(398,201,38,'/~cleanea/erp/htdocs/fourn/fiche.php?socid=','Pomathios','company'),(399,202,161,'/~cleanea/erp/htdocs/fourn/paiement/fiche.php?id=','(paiement)','payment_supplier'),(400,202,49,'/~cleanea/erp/htdocs/fourn/fiche.php?socid=','Distriflac','company'),(401,203,40,'/~cleanea/erp/htdocs/compta/paiement/fiche.php?id=','(paiement)','payment'),(402,203,4,'/~cleanea/erp/htdocs/comm/fiche.php?socid=','Lingdar','company'),(405,205,42,'/~cleanea/erp/htdocs/compta/paiement/fiche.php?id=','(paiement)','payment'),(406,205,4,'/~cleanea/erp/htdocs/comm/fiche.php?socid=','Lingdar','company'),(407,206,43,'/~cleanea/erp/htdocs/compta/paiement/fiche.php?id=','(paiement)','payment'),(408,206,31,'/~cleanea/erp/htdocs/comm/fiche.php?socid=','Garderie la Boironette','company'),(409,207,44,'/~cleanea/erp/htdocs/compta/paiement/fiche.php?id=','(paiement)','payment'),(410,207,31,'/~cleanea/erp/htdocs/comm/fiche.php?socid=','Garderie la Boironette','company'),(411,208,162,'/~cleanea/erp/htdocs/fourn/paiement/fiche.php?id=','(paiement)','payment_supplier'),(412,208,55,'/~cleanea/erp/htdocs/fourn/fiche.php?socid=','Samuel Badoux','company'),(413,209,163,'/~cleanea/erp/htdocs/fourn/paiement/fiche.php?id=','(paiement)','payment_supplier'),(414,209,55,'/~cleanea/erp/htdocs/fourn/fiche.php?socid=','Samuel Badoux','company'),(415,210,45,'/~cleanea/erp/htdocs/compta/paiement/fiche.php?id=','(paiement)','payment'),(416,210,103,'/~cleanea/erp/htdocs/comm/fiche.php?socid=','ISS Facility Services SA','company'),(417,211,46,'/~cleanea/erp/htdocs/compta/paiement/fiche.php?id=','(paiement)','payment'),(418,211,4,'/~cleanea/erp/htdocs/comm/fiche.php?socid=','Lingdar','company'),(419,212,164,'/~cleanea/erp/htdocs/fourn/paiement/fiche.php?id=','(paiement)','payment_supplier'),(420,212,38,'/~cleanea/erp/htdocs/fourn/fiche.php?socid=','Pomathios','company'),(421,213,165,'/~cleanea/erp/htdocs/fourn/paiement/fiche.php?id=','(paiement)','payment_supplier'),(422,213,41,'/~cleanea/erp/htdocs/fourn/fiche.php?socid=','Manpower','company'),(423,214,166,'/~cleanea/erp/htdocs/fourn/paiement/fiche.php?id=','(paiement)','payment_supplier'),(424,214,70,'/~cleanea/erp/htdocs/fourn/fiche.php?socid=','DB Schenker Schweiz AG','company'),(425,215,167,'/~cleanea/erp/htdocs/fourn/paiement/fiche.php?id=','(paiement)','payment_supplier'),(426,215,83,'/~cleanea/erp/htdocs/fourn/fiche.php?socid=','FER CIAM 106.1','company'),(427,216,168,'/~cleanea/erp/htdocs/fourn/paiement/fiche.php?id=','(paiement)','payment_supplier'),(428,216,55,'/~cleanea/erp/htdocs/fourn/fiche.php?socid=','Samuel Badoux','company'),(429,217,47,'/~cleanea/erp/htdocs/compta/paiement/fiche.php?id=','(paiement)','payment'),(430,217,6,'/~cleanea/erp/htdocs/comm/fiche.php?socid=','Cleanea SAS','company'),(431,218,48,'/~cleanea/erp/htdocs/compta/paiement/fiche.php?id=','(paiement)','payment'),(432,218,9,'/~cleanea/erp/htdocs/comm/fiche.php?socid=','Ecole Hôtelière de Lausanne','company'),(433,219,49,'/~cleanea/erp/htdocs/compta/paiement/fiche.php?id=','(paiement)','payment'),(434,219,31,'/~cleanea/erp/htdocs/comm/fiche.php?socid=','Garderie la Boironette','company'),(435,220,50,'/~cleanea/erp/htdocs/compta/paiement/fiche.php?id=','(paiement)','payment'),(436,220,4,'/~cleanea/erp/htdocs/comm/fiche.php?socid=','Lingdar','company'),(437,221,51,'/~cleanea/erp/htdocs/compta/paiement/fiche.php?id=','(paiement)','payment'),(438,221,4,'/~cleanea/erp/htdocs/comm/fiche.php?socid=','Lingdar','company'),(439,222,52,'/~cleanea/erp/htdocs/compta/paiement/fiche.php?id=','(paiement)','payment'),(440,222,4,'/~cleanea/erp/htdocs/comm/fiche.php?socid=','Lingdar','company'),(441,223,169,'/~cleanea/erp/htdocs/fourn/paiement/fiche.php?id=','(paiement)','payment_supplier'),(442,223,38,'/~cleanea/erp/htdocs/fourn/fiche.php?socid=','Pomathios','company'),(443,224,170,'/~cleanea/erp/htdocs/fourn/paiement/fiche.php?id=','(paiement)','payment_supplier'),(444,224,38,'/~cleanea/erp/htdocs/fourn/fiche.php?socid=','Pomathios','company'),(445,225,171,'/~cleanea/erp/htdocs/fourn/paiement/fiche.php?id=','(paiement)','payment_supplier'),(446,225,41,'/~cleanea/erp/htdocs/fourn/fiche.php?socid=','Manpower','company'),(447,226,172,'/~cleanea/erp/htdocs/fourn/paiement/fiche.php?id=','(paiement)','payment_supplier'),(448,226,98,'/~cleanea/erp/htdocs/fourn/fiche.php?socid=','CNordic AB','company'),(449,227,173,'/~cleanea/erp/htdocs/fourn/paiement/fiche.php?id=','(paiement)','payment_supplier'),(450,227,83,'/~cleanea/erp/htdocs/fourn/fiche.php?socid=','FER CIAM 106.1','company'),(451,228,174,'/~cleanea/erp/htdocs/fourn/paiement/fiche.php?id=','(paiement)','payment_supplier'),(452,228,6,'/~cleanea/erp/htdocs/fourn/fiche.php?socid=','Cleanea SAS','company'),(453,229,175,'/~cleanea/erp/htdocs/fourn/paiement/fiche.php?id=','(paiement)','payment_supplier'),(454,229,6,'/~cleanea/erp/htdocs/fourn/fiche.php?socid=','Cleanea SAS','company'),(455,230,176,'/~cleanea/erp/htdocs/fourn/paiement/fiche.php?id=','(paiement)','payment_supplier'),(456,230,78,'/~cleanea/erp/htdocs/fourn/fiche.php?socid=','Von Bergen','company'),(457,231,177,'/~cleanea/erp/htdocs/fourn/paiement/fiche.php?id=','(paiement)','payment_supplier'),(458,231,62,'/~cleanea/erp/htdocs/fourn/fiche.php?socid=','Publex Fiduciaire Sàrl','company'),(459,232,178,'/~cleanea/erp/htdocs/fourn/paiement/fiche.php?id=','(paiement)','payment_supplier'),(460,232,55,'/~cleanea/erp/htdocs/fourn/fiche.php?socid=','Samuel Badoux','company'),(461,233,179,'/~cleanea/erp/htdocs/fourn/paiement/fiche.php?id=','(paiement)','payment_supplier'),(462,233,61,'/~cleanea/erp/htdocs/fourn/fiche.php?socid=','Administration Fédérale des Contributions','company'),(465,235,181,'/~cleanea/erp/htdocs/fourn/paiement/fiche.php?id=','(paiement)','payment_supplier'),(466,235,6,'/~cleanea/erp/htdocs/fourn/fiche.php?socid=','Cleanea SAS','company'),(467,236,53,'/~cleanea/erp/htdocs/compta/paiement/fiche.php?id=','(paiement)','payment'),(468,236,1,'/~cleanea/erp/htdocs/comm/fiche.php?socid=','Blanc & Cie','company'),(469,237,54,'/~cleanea/erp/htdocs/compta/paiement/fiche.php?id=','(paiement)','payment'),(470,237,1,'/~cleanea/erp/htdocs/comm/fiche.php?socid=','Blanc & Cie','company'),(471,238,55,'/~cleanea/erp/htdocs/compta/paiement/fiche.php?id=','(paiement)','payment'),(472,238,113,'/~cleanea/erp/htdocs/comm/fiche.php?socid=','ONET(Suisse) SA','company'),(477,241,58,'/~cleanea/erp/htdocs/compta/paiement/fiche.php?id=','(paiement)','payment'),(478,241,4,'/~cleanea/erp/htdocs/comm/fiche.php?socid=','Lingdar','company'),(479,242,59,'/~cleanea/erp/htdocs/compta/paiement/fiche.php?id=','(paiement)','payment'),(480,242,1,'/~cleanea/erp/htdocs/comm/fiche.php?socid=','Blanc & Cie','company'),(481,243,182,'/~cleanea/erp/htdocs/fourn/paiement/fiche.php?id=','(paiement)','payment_supplier'),(482,243,118,'/~cleanea/erp/htdocs/fourn/fiche.php?socid=','Tribunal Cantonal','company'),(485,245,183,'/~cleanea/erp/htdocs/fourn/paiement/fiche.php?id=','(paiement)','payment_supplier'),(486,245,70,'/~cleanea/erp/htdocs/fourn/fiche.php?socid=','DB Schenker Schweiz AG','company'),(487,246,184,'/~cleanea/erp/htdocs/fourn/paiement/fiche.php?id=','(paiement)','payment_supplier'),(488,246,70,'/~cleanea/erp/htdocs/fourn/fiche.php?socid=','DB Schenker Schweiz AG','company'),(489,247,185,'/~cleanea/erp/htdocs/fourn/paiement/fiche.php?id=','(paiement)','payment_supplier'),(490,247,70,'/~cleanea/erp/htdocs/fourn/fiche.php?socid=','DB Schenker Schweiz AG','company'),(491,248,186,'/~cleanea/erp/htdocs/fourn/paiement/fiche.php?id=','(paiement)','payment_supplier'),(492,248,117,'/~cleanea/erp/htdocs/fourn/fiche.php?socid=','DIEMAND','company'),(493,249,187,'/~cleanea/erp/htdocs/fourn/paiement/fiche.php?id=','(paiement)','payment_supplier'),(494,249,61,'/~cleanea/erp/htdocs/fourn/fiche.php?socid=','Administration Fédérale des Contributions','company'),(495,250,188,'/~cleanea/erp/htdocs/fourn/paiement/fiche.php?id=','(paiement)','payment_supplier'),(496,250,61,'/~cleanea/erp/htdocs/fourn/fiche.php?socid=','Administration Fédérale des Contributions','company'),(497,251,189,'/~cleanea/erp/htdocs/fourn/paiement/fiche.php?id=','(paiement)','payment_supplier'),(498,251,41,'/~cleanea/erp/htdocs/fourn/fiche.php?socid=','Manpower','company'),(499,252,190,'/~cleanea/erp/htdocs/fourn/paiement/fiche.php?id=','(paiement)','payment_supplier'),(500,252,119,'/~cleanea/erp/htdocs/fourn/fiche.php?socid=','CJ Logistique','company'),(501,253,191,'/~cleanea/erp/htdocs/fourn/paiement/fiche.php?id=','(paiement)','payment_supplier'),(502,253,120,'/~cleanea/erp/htdocs/fourn/fiche.php?socid=','Briner & Brunisholz','company'),(503,254,192,'/~cleanea/erp/htdocs/fourn/paiement/fiche.php?id=','(paiement)','payment_supplier'),(504,254,41,'/~cleanea/erp/htdocs/fourn/fiche.php?socid=','Manpower','company'),(505,255,193,'/~cleanea/erp/htdocs/fourn/paiement/fiche.php?id=','(paiement)','payment_supplier'),(506,255,41,'/~cleanea/erp/htdocs/fourn/fiche.php?socid=','Manpower','company'),(507,256,61,'/~cleanea/erp/htdocs/compta/paiement/fiche.php?id=','(paiement)','payment'),(508,256,4,'/~cleanea/erp/htdocs/comm/fiche.php?socid=','Lingdar','company'),(509,257,62,'/~cleanea/erp/htdocs/compta/paiement/fiche.php?id=','(paiement)','payment'),(510,257,1,'/~cleanea/erp/htdocs/comm/fiche.php?socid=','Blanc & Cie','company'),(511,258,194,'/~cleanea/erp/htdocs/fourn/paiement/fiche.php?id=','(paiement)','payment_supplier'),(512,258,119,'/~cleanea/erp/htdocs/fourn/fiche.php?socid=','CJ Logistique','company'),(513,259,63,'/~cleanea/erp/htdocs/compta/paiement/fiche.php?id=','(paiement)','payment'),(514,259,1,'/~cleanea/erp/htdocs/comm/fiche.php?socid=','Blanc & Cie','company'),(515,260,195,'/~cleanea/erp/htdocs/fourn/paiement/fiche.php?id=','(paiement)','payment_supplier'),(516,260,70,'/~cleanea/erp/htdocs/fourn/fiche.php?socid=','DB Schenker Schweiz AG','company'),(517,261,196,'/~cleanea/erp/htdocs/fourn/paiement/fiche.php?id=','(paiement)','payment_supplier'),(518,261,127,'/~cleanea/erp/htdocs/fourn/fiche.php?socid=','PSE','company'),(519,262,197,'/~cleanea/erp/htdocs/fourn/paiement/fiche.php?id=','(paiement)','payment_supplier'),(520,262,128,'/~cleanea/erp/htdocs/fourn/fiche.php?socid=','EPFL - Domaine IT','company'),(521,263,64,'/~cleanea/erp/htdocs/compta/paiement/fiche.php?id=','(paiement)','payment'),(522,263,4,'/~cleanea/erp/htdocs/comm/fiche.php?socid=','Lingdar','company'),(523,264,65,'/~cleanea/erp/htdocs/compta/paiement/fiche.php?id=','(paiement)','payment'),(524,264,4,'/~cleanea/erp/htdocs/comm/fiche.php?socid=','Lingdar','company'),(527,266,198,'/~cleanea/erp/htdocs/fourn/paiement/fiche.php?id=','(paiement)','payment_supplier'),(528,266,70,'/~cleanea/erp/htdocs/fourn/fiche.php?socid=','DB Schenker Schweiz AG','company'),(529,267,67,'/~cleanea/erp/htdocs/compta/paiement/fiche.php?id=','(paiement)','payment'),(530,267,4,'/~cleanea/erp/htdocs/comm/fiche.php?socid=','Lingdar','company'),(531,268,68,'/~cleanea/erp/htdocs/compta/paiement/fiche.php?id=','(paiement)','payment'),(532,268,4,'/~cleanea/erp/htdocs/comm/fiche.php?socid=','Lingdar','company'),(533,269,199,'/~cleanea/erp/htdocs/fourn/paiement/fiche.php?id=','(paiement)','payment_supplier'),(534,269,46,'/~cleanea/erp/htdocs/fourn/fiche.php?socid=','CARFLO','company'),(535,270,200,'/~cleanea/erp/htdocs/fourn/paiement/fiche.php?id=','(paiement)','payment_supplier'),(536,270,48,'/~cleanea/erp/htdocs/fourn/fiche.php?socid=','AXA','company'),(537,271,69,'/~cleanea/erp/htdocs/compta/paiement/fiche.php?id=','(paiement)','payment'),(538,271,116,'/~cleanea/erp/htdocs/comm/fiche.php?socid=','ONET Lausanne - Site Migros Romanel/Lausanne','company'),(539,272,201,'/~cleanea/erp/htdocs/fourn/paiement/fiche.php?id=','(paiement)','payment_supplier'),(540,272,61,'/~cleanea/erp/htdocs/fourn/fiche.php?socid=','Administration Fédérale des Contributions','company'),(541,273,202,'/~cleanea/erp/htdocs/fourn/paiement/fiche.php?id=','(paiement)','payment_supplier'),(542,273,131,'/~cleanea/erp/htdocs/fourn/fiche.php?socid=','Saxoprint','company'),(543,274,203,'/~cleanea/erp/htdocs/fourn/paiement/fiche.php?id=','(paiement)','payment_supplier'),(544,274,119,'/~cleanea/erp/htdocs/fourn/fiche.php?socid=','CJ Logistique','company'),(545,275,204,'/~cleanea/erp/htdocs/fourn/paiement/fiche.php?id=','(paiement)','payment_supplier'),(546,275,129,'/~cleanea/erp/htdocs/fourn/fiche.php?socid=','Frais S Schmaltz','company'),(547,276,205,'/~cleanea/erp/htdocs/fourn/paiement/fiche.php?id=','(paiement)','payment_supplier'),(548,276,103,'/~cleanea/erp/htdocs/fourn/fiche.php?socid=','ISS Facility Services SA','company'),(549,277,206,'/~cleanea/erp/htdocs/fourn/paiement/fiche.php?id=','(paiement)','payment_supplier'),(550,277,83,'/~cleanea/erp/htdocs/fourn/fiche.php?socid=','FER CIAM 106.1','company'),(551,278,207,'/~cleanea/erp/htdocs/fourn/paiement/fiche.php?id=','(paiement)','payment_supplier'),(552,278,48,'/~cleanea/erp/htdocs/fourn/fiche.php?socid=','AXA','company'),(553,279,208,'/~cleanea/erp/htdocs/fourn/paiement/fiche.php?id=','(paiement)','payment_supplier'),(554,279,122,'/~cleanea/erp/htdocs/fourn/fiche.php?socid=','Charpiot Transports','company'),(555,280,209,'/~cleanea/erp/htdocs/fourn/paiement/fiche.php?id=','(paiement)','payment_supplier'),(556,280,46,'/~cleanea/erp/htdocs/fourn/fiche.php?socid=','CARFLO','company'),(557,281,210,'/~cleanea/erp/htdocs/fourn/paiement/fiche.php?id=','(paiement)','payment_supplier'),(558,281,119,'/~cleanea/erp/htdocs/fourn/fiche.php?socid=','CJ Logistique','company'),(559,282,211,'/~cleanea/erp/htdocs/fourn/paiement/fiche.php?id=','(paiement)','payment_supplier'),(560,282,127,'/~cleanea/erp/htdocs/fourn/fiche.php?socid=','PSE','company'),(561,283,212,'/~cleanea/erp/htdocs/fourn/paiement/fiche.php?id=','(paiement)','payment_supplier'),(562,283,6,'/~cleanea/erp/htdocs/fourn/fiche.php?socid=','Cleanea SAS','company'),(563,284,213,'/~cleanea/erp/htdocs/fourn/paiement/fiche.php?id=','(paiement)','payment_supplier'),(564,284,70,'/~cleanea/erp/htdocs/fourn/fiche.php?socid=','DB Schenker Schweiz AG','company'),(565,285,70,'/~cleanea/erp/htdocs/compta/paiement/fiche.php?id=','(paiement)','payment'),(566,285,103,'/~cleanea/erp/htdocs/comm/fiche.php?socid=','ISS Facility Services SA','company'),(567,286,71,'/~cleanea/erp/htdocs/compta/paiement/fiche.php?id=','(paiement)','payment'),(568,286,4,'/~cleanea/erp/htdocs/comm/fiche.php?socid=','Lingdar','company'),(569,287,214,'/~cleanea/erp/htdocs/fourn/paiement/fiche.php?id=','(paiement)','payment_supplier'),(570,287,6,'/~cleanea/erp/htdocs/fourn/fiche.php?socid=','Cleanea SAS','company'),(571,288,215,'/~cleanea/erp/htdocs/fourn/paiement/fiche.php?id=','(paiement)','payment_supplier'),(572,288,6,'/~cleanea/erp/htdocs/fourn/fiche.php?socid=','Cleanea SAS','company'),(573,289,216,'/~cleanea/erp/htdocs/fourn/paiement/fiche.php?id=','(paiement)','payment_supplier'),(574,289,6,'/~cleanea/erp/htdocs/fourn/fiche.php?socid=','Cleanea SAS','company'),(575,290,217,'/~cleanea/erp/htdocs/fourn/paiement/fiche.php?id=','(paiement)','payment_supplier'),(576,290,6,'/~cleanea/erp/htdocs/fourn/fiche.php?socid=','Cleanea SAS','company'),(577,291,218,'/~cleanea/erp/htdocs/fourn/paiement/fiche.php?id=','(paiement)','payment_supplier'),(578,291,6,'/~cleanea/erp/htdocs/fourn/fiche.php?socid=','Cleanea SAS','company'),(579,292,219,'/~cleanea/erp/htdocs/fourn/paiement/fiche.php?id=','(paiement)','payment_supplier'),(580,292,127,'/~cleanea/erp/htdocs/fourn/fiche.php?socid=','PSE','company'),(581,293,220,'/~cleanea/erp/htdocs/fourn/paiement/fiche.php?id=','(paiement)','payment_supplier'),(582,293,128,'/~cleanea/erp/htdocs/fourn/fiche.php?socid=','EPFL - Domaine IT','company'),(583,294,221,'/~cleanea/erp/htdocs/fourn/paiement/fiche.php?id=','(paiement)','payment_supplier'),(584,294,97,'/~cleanea/erp/htdocs/fourn/fiche.php?socid=','Etablissement Cantonal d\'Assurance','company'),(585,295,72,'/~cleanea/erp/htdocs/compta/paiement/fiche.php?id=','(paiement)','payment'),(586,295,113,'/~cleanea/erp/htdocs/comm/fiche.php?socid=','ONET Genève - Site Global Fund to Fight AIDS','company'),(587,296,222,'/~cleanea/erp/htdocs/fourn/paiement/fiche.php?id=','(paiement)','payment_supplier'),(588,296,127,'/~cleanea/erp/htdocs/fourn/fiche.php?socid=','PSE','company'),(589,297,223,'/~cleanea/erp/htdocs/fourn/paiement/fiche.php?id=','(paiement)','payment_supplier'),(590,297,127,'/~cleanea/erp/htdocs/fourn/fiche.php?socid=','PSE','company'),(591,298,224,'/~cleanea/erp/htdocs/fourn/paiement/fiche.php?id=','(paiement)','payment_supplier'),(592,298,132,'/~cleanea/erp/htdocs/fourn/fiche.php?socid=','Presto Café Services','company'),(593,299,225,'/~cleanea/erp/htdocs/fourn/paiement/fiche.php?id=','(paiement)','payment_supplier'),(594,299,129,'/~cleanea/erp/htdocs/fourn/fiche.php?socid=','Frais S Schmaltz','company'),(595,300,226,'/~cleanea/erp/htdocs/fourn/paiement/fiche.php?id=','(paiement)','payment_supplier'),(596,300,134,'/~cleanea/erp/htdocs/fourn/fiche.php?socid=','Cercle des Agriculteurs de Genève & envrions','company'),(597,301,73,'/~cleanea/erp/htdocs/compta/paiement/fiche.php?id=','(paiement)','payment'),(598,301,1,'/~cleanea/erp/htdocs/comm/fiche.php?socid=','Blanc & Cie','company'),(599,302,74,'/~cleanea/erp/htdocs/compta/paiement/fiche.php?id=','(paiement)','payment'),(600,302,4,'/~cleanea/erp/htdocs/comm/fiche.php?socid=','Lingdar','company'),(601,303,227,'/~cleanea/erp/htdocs/fourn/paiement/fiche.php?id=','(paiement)','payment_supplier'),(602,303,6,'/~cleanea/erp/htdocs/fourn/fiche.php?socid=','Cleanea SAS','company'),(603,304,228,'/~cleanea/erp/htdocs/fourn/paiement/fiche.php?id=','(paiement)','payment_supplier'),(604,304,119,'/~cleanea/erp/htdocs/fourn/fiche.php?socid=','CJ Logistique','company'),(605,305,75,'/~cleanea/erp/htdocs/compta/paiement/fiche.php?id=','(paiement)','payment'),(606,305,31,'/~cleanea/erp/htdocs/comm/fiche.php?socid=','Garderie la Boironette','company'),(607,306,229,'/~cleanea/erp/htdocs/fourn/paiement/fiche.php?id=','(paiement)','payment_supplier'),(608,306,94,'/~cleanea/erp/htdocs/fourn/fiche.php?socid=','DSV Logistics SA','company'),(609,307,230,'/~cleanea/erp/htdocs/fourn/paiement/fiche.php?id=','(paiement)','payment_supplier'),(610,307,46,'/~cleanea/erp/htdocs/fourn/fiche.php?socid=','CARFLO','company');

--
-- Table structure for table `llx_bookmark`
--

CREATE TABLE `llx_bookmark` (
  `rowid` int(11) NOT NULL AUTO_INCREMENT,
  `fk_soc` int(11) DEFAULT NULL,
  `fk_user` int(11) NOT NULL,
  `dateb` datetime DEFAULT NULL,
  `url` varchar(128) NOT NULL,
  `target` varchar(16) DEFAULT NULL,
  `title` varchar(64) DEFAULT NULL,
  `favicon` varchar(24) DEFAULT NULL,
  `position` int(11) DEFAULT '0',
  PRIMARY KEY (`rowid`),
  UNIQUE KEY `uk_bookmark_url` (`fk_user`,`url`),
  UNIQUE KEY `uk_bookmark_title` (`fk_user`,`title`)
) ENGINE=InnoDB DEFAULT CHARSET=utf8;

--
-- Dumping data for table `llx_bookmark`
--


--
-- Table structure for table `llx_bordereau_cheque`
--

CREATE TABLE `llx_bordereau_cheque` (
  `rowid` int(11) NOT NULL AUTO_INCREMENT,
  `datec` datetime NOT NULL,
  `date_bordereau` date DEFAULT NULL,
  `number` varchar(16) NOT NULL,
  `entity` int(11) NOT NULL DEFAULT '1',
  `amount` double(24,8) NOT NULL,
  `nbcheque` smallint(6) NOT NULL,
  `fk_bank_account` int(11) DEFAULT NULL,
  `fk_user_author` int(11) DEFAULT NULL,
  `note` text,
  `statut` smallint(6) NOT NULL DEFAULT '0',
  PRIMARY KEY (`rowid`),
  UNIQUE KEY `uk_bordereau_cheque` (`number`,`entity`)
) ENGINE=InnoDB DEFAULT CHARSET=utf8;

--
-- Dumping data for table `llx_bordereau_cheque`
--


--
-- Table structure for table `llx_boxes`
--

CREATE TABLE `llx_boxes` (
  `rowid` int(11) NOT NULL AUTO_INCREMENT,
  `box_id` int(11) NOT NULL,
  `position` smallint(6) NOT NULL,
  `box_order` varchar(3) NOT NULL,
  `fk_user` int(11) NOT NULL DEFAULT '0',
  PRIMARY KEY (`rowid`),
  UNIQUE KEY `uk_boxes` (`box_id`,`position`,`fk_user`),
  KEY `idx_boxes_boxid` (`box_id`),
  KEY `idx_boxes_fk_user` (`fk_user`),
  CONSTRAINT `fk_boxes_box_id` FOREIGN KEY (`box_id`) REFERENCES `llx_boxes_def` (`rowid`)
) ENGINE=InnoDB AUTO_INCREMENT=21 DEFAULT CHARSET=utf8;

--
-- Dumping data for table `llx_boxes`
--

INSERT INTO `llx_boxes` VALUES (2,19,0,'B04',0),(4,2,0,'A05',0),(8,3,0,'A03',0),(11,19,0,'A02',3),(12,3,0,'B01',3),(13,2,0,'B02',3),(14,59,0,'B02',0),(15,1,0,'A01',0),(16,1,0,'A01',27),(17,3,0,'A02',27),(18,2,0,'A03',27),(19,59,0,'B01',27),(20,19,0,'B02',27);

--
-- Table structure for table `llx_boxes_def`
--

CREATE TABLE `llx_boxes_def` (
  `rowid` int(11) NOT NULL AUTO_INCREMENT,
  `file` varchar(200) NOT NULL,
  `entity` int(11) NOT NULL DEFAULT '1',
  `tms` timestamp NOT NULL DEFAULT CURRENT_TIMESTAMP ON UPDATE CURRENT_TIMESTAMP,
  `note` varchar(130) DEFAULT NULL,
  PRIMARY KEY (`rowid`),
  UNIQUE KEY `uk_boxes_def` (`file`,`entity`,`note`)
) ENGINE=InnoDB AUTO_INCREMENT=72 DEFAULT CHARSET=utf8;

--
-- Dumping data for table `llx_boxes_def`
--

INSERT INTO `llx_boxes_def` VALUES (1,'box_clients.php',1,'2011-02-09 15:06:20',NULL),(2,'box_prospect.php',1,'2011-02-09 15:06:20',NULL),(3,'box_propales.php',1,'2011-02-09 15:06:25',NULL),(19,'box_actions.php',1,'2011-02-09 15:07:50',NULL),(20,'box_bookmarks.php',1,'2011-02-09 15:09:43',NULL),(38,'box_external_rss.php',1,'2011-03-21 13:34:40','1 (Cleanea Website)'),(57,'box_produits.php',1,'2012-04-20 14:36:28',NULL),(58,'box_services_vendus.php',1,'2012-04-20 14:36:28',NULL),(59,'box_commandes.php',1,'2012-04-20 14:36:29',NULL),(62,'box_fournisseurs.php',1,'2012-04-20 14:36:29',NULL),(63,'box_factures_fourn_imp.php',1,'2012-04-20 14:36:29',NULL),(64,'box_factures_fourn.php',1,'2012-04-20 14:36:29',NULL),(65,'box_factures_imp.php',1,'2012-06-14 21:52:05',NULL),(66,'box_factures.php',1,'2012-06-14 21:52:05',NULL),(67,'box_contacts.php',1,'2012-06-14 21:52:06',NULL),(68,'box_comptes.php',1,'2012-06-14 21:52:07',NULL),(71,'box_subscriptions_contracts.php',1,'2013-07-23 12:06:36',NULL);

--
-- Table structure for table `llx_c_action_trigger`
--

CREATE TABLE `llx_c_action_trigger` (
  `rowid` int(11) NOT NULL AUTO_INCREMENT,
  `code` varchar(32) NOT NULL,
  `label` varchar(128) NOT NULL,
  `description` varchar(255) DEFAULT NULL,
  `elementtype` varchar(16) NOT NULL,
  `rang` int(11) DEFAULT '0',
  PRIMARY KEY (`rowid`),
  UNIQUE KEY `uk_action_trigger_code` (`code`)
) ENGINE=InnoDB AUTO_INCREMENT=28 DEFAULT CHARSET=latin1;

--
-- Dumping data for table `llx_c_action_trigger`
--

INSERT INTO `llx_c_action_trigger` VALUES (1,'FICHEINTER_VALIDATE','Validation fiche intervention','Executed when a intervention is validated','ficheinter',18),(2,'BILL_VALIDATE','Validation facture client','Executed when a customer invoice is approved','facture',6),(3,'ORDER_SUPPLIER_APPROVE','Approbation commande fournisseur','Executed when a supplier order is approved','order_supplier',11),(4,'ORDER_SUPPLIER_REFUSE','Refus commande fournisseur','Executed when a supplier order is refused','order_supplier',12),(5,'ORDER_VALIDATE','Validation commande client','Executed when a customer order is validated','commande',4),(6,'PROPAL_VALIDATE','Validation proposition client','Executed when a commercial proposal is validated','propal',2),(7,'WITHDRAW_TRANSMIT','Transmission prélèvement','Executed when a withdrawal is transmited','withdraw',25),(8,'WITHDRAW_CREDIT','Créditer prélèvement','Executed when a withdrawal is credited','withdraw',26),(9,'WITHDRAW_EMIT','Emission prélèvement','Executed when a withdrawal is emited','withdraw',27),(10,'COMPANY_CREATE','Third party created','Executed when a third party is created','societe',1),(11,'CONTRACT_VALIDATE','Contract validated','Executed when a contract is validated','contrat',17),(12,'PROPAL_SENTBYMAIL','Commercial proposal sent by mail','Executed when a commercial proposal is sent by mail','propal',3),(13,'ORDER_SENTBYMAIL','Customer order sent by mail','Executed when a customer order is sent by mail ','commande',5),(14,'BILL_PAYED','Customer invoice payed','Executed when a customer invoice is payed','facture',7),(15,'BILL_CANCEL','Customer invoice canceled','Executed when a customer invoice is conceled','facture',8),(16,'BILL_SENTBYMAIL','Customer invoice sent by mail','Executed when a customer invoice is sent by mail','facture',9),(17,'ORDER_SUPPLIER_VALIDATE','Supplier order validated','Executed when a supplier order is validated','order_supplier',10),(18,'ORDER_SUPPLIER_SENTBYMAIL','Supplier order sent by mail','Executed when a supplier order is sent by mail','order_supplier',13),(19,'BILL_SUPPLIER_VALIDATE','Supplier invoice validated','Executed when a supplier invoice is validated','invoice_supplier',14),(20,'BILL_SUPPLIER_PAYED','Supplier invoice payed','Executed when a supplier invoice is payed','invoice_supplier',15),(21,'BILL_SUPPLIER_SENTBYMAIL','Supplier invoice sent by mail','Executed when a supplier invoice is sent by mail','invoice_supplier',16),(22,'SHIPPING_VALIDATE','Shipping validated','Executed when a shipping is validated','shipping',19),(23,'SHIPPING_SENTBYMAIL','Shipping sent by mail','Executed when a shipping is sent by mail','shipping',20),(24,'MEMBER_VALIDATE','Member validated','Executed when a member is validated','member',21),(25,'MEMBER_SUBSCRIPTION','Member subscribed','Executed when a member is subscribed','member',22),(26,'MEMBER_RESILIATE','Member resiliated','Executed when a member is resiliated','member',23),(27,'MEMBER_DELETE','Member deleted','Executed when a member is deleted','member',24);

--
-- Table structure for table `llx_c_actioncomm`
--

CREATE TABLE `llx_c_actioncomm` (
  `id` int(11) NOT NULL,
  `code` varchar(12) NOT NULL,
  `type` varchar(10) NOT NULL DEFAULT 'system',
  `libelle` varchar(48) NOT NULL,
  `module` varchar(16) DEFAULT NULL,
  `active` tinyint(4) NOT NULL DEFAULT '1',
  `todo` tinyint(4) DEFAULT NULL,
  `position` int(11) NOT NULL DEFAULT '0',
  PRIMARY KEY (`id`),
  UNIQUE KEY `code` (`code`)
) ENGINE=InnoDB DEFAULT CHARSET=utf8;

--
-- Dumping data for table `llx_c_actioncomm`
--

INSERT INTO `llx_c_actioncomm` VALUES (1,'AC_TEL','system','Appel Téléphonique',NULL,1,NULL,0),(2,'AC_FAX','system','Envoi Fax',NULL,1,NULL,0),(3,'AC_PROP','system','Envoi Proposition','propal',1,NULL,0),(4,'AC_EMAIL','system','Envoi Email',NULL,1,NULL,0),(5,'AC_RDV','system','Rendez-vous',NULL,1,NULL,0),(8,'AC_COM','system','Envoi Commande','order',1,NULL,0),(9,'AC_FAC','system','Envoi Facture','invoice',1,NULL,0),(10,'AC_SHIP','system','Send shipping by email','shipping',1,NULL,11),(30,'AC_SUP_ORD','system','Send supplier invoice by email','order_supplier',1,NULL,0),(31,'AC_SUP_INV','system','Send supplier invoice by email','invoice_supplier',1,NULL,0),(50,'AC_OTH','system','Autre',NULL,1,NULL,0);

--
-- Table structure for table `llx_c_availability`
--

CREATE TABLE `llx_c_availability` (
  `rowid` int(11) NOT NULL AUTO_INCREMENT,
  `code` varchar(30) NOT NULL,
  `label` varchar(60) NOT NULL,
  `active` tinyint(4) NOT NULL DEFAULT '1',
  PRIMARY KEY (`rowid`),
  UNIQUE KEY `uk_c_availability` (`code`)
) ENGINE=InnoDB AUTO_INCREMENT=5 DEFAULT CHARSET=latin1;

--
-- Dumping data for table `llx_c_availability`
--

INSERT INTO `llx_c_availability` VALUES (1,'AV_NOW','Immediate',1),(2,'AV_1W','1 week',1),(3,'AV_2W','2 weeks',1),(4,'AV_3W','3 weeks',1);

--
-- Table structure for table `llx_c_barcode_type`
--

CREATE TABLE `llx_c_barcode_type` (
  `rowid` int(11) NOT NULL AUTO_INCREMENT,
  `code` varchar(16) NOT NULL,
  `entity` int(11) NOT NULL DEFAULT '1',
  `libelle` varchar(50) NOT NULL,
  `coder` varchar(16) NOT NULL,
  `example` varchar(16) NOT NULL,
  PRIMARY KEY (`rowid`)
) ENGINE=InnoDB AUTO_INCREMENT=7 DEFAULT CHARSET=utf8;

--
-- Dumping data for table `llx_c_barcode_type`
--

INSERT INTO `llx_c_barcode_type` VALUES (1,'EAN8',1,'EAN8','0','1234567'),(2,'EAN13',1,'EAN13','0','123456789012'),(3,'UPC',1,'UPC','0','123456789012'),(4,'ISBN',1,'ISBN','0','123456789'),(5,'C39',1,'Code 39','0','1234567890'),(6,'C128',1,'Code 128','0','ABCD1234567890');

--
-- Table structure for table `llx_c_chargesociales`
--

CREATE TABLE `llx_c_chargesociales` (
  `id` int(11) NOT NULL AUTO_INCREMENT,
  `libelle` varchar(80) DEFAULT NULL,
  `deductible` smallint(6) NOT NULL DEFAULT '0',
  `active` tinyint(4) NOT NULL DEFAULT '1',
  `code` varchar(12) NOT NULL,
  `fk_pays` int(11) NOT NULL DEFAULT '1',
  `module` varchar(32) DEFAULT NULL,
  PRIMARY KEY (`id`)
) ENGINE=InnoDB AUTO_INCREMENT=61 DEFAULT CHARSET=utf8;

--
-- Dumping data for table `llx_c_chargesociales`
--

INSERT INTO `llx_c_chargesociales` VALUES (1,'Allocations familiales',1,1,'TAXFAM',1,NULL),(2,'GSG Deductible',1,1,'TAXCSGD',1,NULL),(3,'GSG/CRDS NON Deductible',0,1,'TAXCSGND',1,NULL),(10,'Taxe apprenttissage',0,1,'TAXAPP',1,NULL),(11,'Taxe professionnelle',0,1,'TAXPRO',1,NULL),(20,'Impots locaux/fonciers',0,1,'TAXFON',1,NULL),(25,'Impots revenus',0,1,'TAXREV',1,NULL),(30,'Assurance Sante',0,1,'TAXSECU',1,NULL),(40,'Mutuelle',0,1,'TAXMUT',1,NULL),(50,'Assurance vieillesse',0,1,'TAXRET',1,NULL),(60,'Assurance Chomage',0,1,'TAXCHOM',1,NULL);

--
-- Table structure for table `llx_c_civilite`
--

CREATE TABLE `llx_c_civilite` (
  `rowid` int(11) NOT NULL,
  `code` varchar(6) NOT NULL,
  `civilite` varchar(50) DEFAULT NULL,
  `active` tinyint(4) NOT NULL DEFAULT '1',
  `module` varchar(32) DEFAULT NULL,
  PRIMARY KEY (`rowid`),
  UNIQUE KEY `code` (`code`)
) ENGINE=InnoDB DEFAULT CHARSET=utf8;

--
-- Dumping data for table `llx_c_civilite`
--

INSERT INTO `llx_c_civilite` VALUES (1,'MME','Madame',1,NULL),(3,'MR','Monsieur',1,NULL),(5,'MLE','Mademoiselle',1,NULL),(7,'MTRE','Maître',1,NULL);

--
-- Table structure for table `llx_c_currencies`
--

CREATE TABLE `llx_c_currencies` (
  `code` varchar(2) NOT NULL,
  `code_iso` varchar(3) NOT NULL,
  `label` varchar(64) DEFAULT NULL,
  `active` tinyint(4) NOT NULL DEFAULT '1',
  `labelsing` varchar(64) DEFAULT NULL,
  PRIMARY KEY (`code`),
  UNIQUE KEY `uk_c_currencies_code_iso` (`code_iso`)
) ENGINE=InnoDB DEFAULT CHARSET=utf8;

--
-- Dumping data for table `llx_c_currencies`
--

INSERT INTO `llx_c_currencies` VALUES ('AD','AUD','Dollars australiens',1,NULL),('AE','AED','Arabes emirats dirham',1,NULL),('BD','BBD','Barbadian or Bajan Dollar',1,NULL),('BT','THB','Bath thailandais',1,NULL),('CD','DKK','Couronnes dannoises',1,NULL),('CF','XAF','Francs cfa beac',1,NULL),('CN','NOK','Couronnes norvegiennes',1,NULL),('CS','SEK','Couronnes suedoises',1,NULL),('CZ','CZK','Couronnes tcheques',1,NULL),('DA','DZD','Dinar algérien',1,NULL),('DC','CAD','Dollars canadiens',1,NULL),('DH','MAD','Dirham',1,NULL),('DR','GRD','Drachme (grece)',1,NULL),('DS','SGD','Dollars singapour',1,NULL),('DU','USD','Dollars us',1,'Dollar'),('EC','XEU','Ecus',1,NULL),('EG','EGP','Livre egyptienne',1,NULL),('ES','PTE','Escudos',0,NULL),('EU','EUR','Euros',1,'Euro'),('FB','BEF','Francs belges',0,NULL),('FF','FRF','Francs francais',0,NULL),('FH','HUF','Forint hongrois',1,NULL),('FL','LUF','Francs luxembourgeois',0,NULL),('FO','NLG','Florins',1,NULL),('FS','CHF','Francs suisses',1,NULL),('ID','IDR','Rupiahs d\'indonesie',1,NULL),('IN','INR','Roupie indienne',1,NULL),('KR','KRW','Won coree du sud',1,NULL),('LH','HNL','Lempiras',1,NULL),('LI','IEP','Livres irlandaises',1,NULL),('LK','LKR','Roupies sri lanka',1,NULL),('LR','ITL','Lires',0,NULL),('LS','GBP','Livres sterling',1,NULL),('LT','LTL','Litas',1,NULL),('MA','DEM','Deutsch mark',0,NULL),('MF','FIM','Mark finlandais',1,NULL),('MU','MUR','Roupies mauritiennes',1,NULL),('MX','MXP','Pesos Mexicanos',1,NULL),('NZ','NZD','Dollar neo-zelandais',1,NULL),('PA','ARP','Pesos argentins',1,NULL),('PC','CLP','Pesos chilien',1,NULL),('PE','ESP','Pesete',1,NULL),('PL','PLN','Zlotys polonais',1,NULL),('RB','BRL','Real bresilien',1,NULL),('RU','SUR','Rouble',1,NULL),('SA','ATS','Shiliing autrichiens',1,NULL),('SK','SKK','Couronnes slovaques',1,NULL),('TD','TND','Dinar tunisien',1,NULL),('TR','TRL','Livre turque',1,NULL),('TW','TWD','Dollar taiwanais',1,NULL),('YC','CNY','Yuang chinois',1,NULL),('YE','JPY','Yens',1,NULL),('ZA','ZAR','Rand africa',1,NULL);

--
-- Table structure for table `llx_c_departements`
--

CREATE TABLE `llx_c_departements` (
  `rowid` int(11) NOT NULL AUTO_INCREMENT,
  `code_departement` varchar(6) NOT NULL,
  `fk_region` int(11) DEFAULT NULL,
  `cheflieu` varchar(50) DEFAULT NULL,
  `tncc` int(11) DEFAULT NULL,
  `ncc` varchar(50) DEFAULT NULL,
  `nom` varchar(50) DEFAULT NULL,
  `active` tinyint(4) NOT NULL DEFAULT '1',
  PRIMARY KEY (`rowid`),
  UNIQUE KEY `uk_departements` (`code_departement`,`fk_region`),
  KEY `idx_departements_fk_region` (`fk_region`)
) ENGINE=InnoDB AUTO_INCREMENT=424 DEFAULT CHARSET=utf8;

--
-- Dumping data for table `llx_c_departements`
--

INSERT INTO `llx_c_departements` VALUES (1,'0',0,'0',0,'-','-',1),(2,'01',82,'01053',5,'AIN','Ain',1),(3,'02',22,'02408',5,'AISNE','Aisne',1),(4,'03',83,'03190',5,'ALLIER','Allier',1),(5,'04',93,'04070',4,'ALPES-DE-HAUTE-PROVENCE','Alpes-de-Haute-Provence',1),(6,'05',93,'05061',4,'HAUTES-ALPES','Hautes-Alpes',1),(7,'06',93,'06088',4,'ALPES-MARITIMES','Alpes-Maritimes',1),(8,'07',82,'07186',5,'ARDECHE','Ardèche',1),(9,'08',21,'08105',4,'ARDENNES','Ardennes',1),(10,'09',73,'09122',5,'ARIEGE','Ariège',1),(11,'10',21,'10387',5,'AUBE','Aube',1),(12,'11',91,'11069',5,'AUDE','Aude',1),(13,'12',73,'12202',5,'AVEYRON','Aveyron',1),(14,'13',93,'13055',4,'BOUCHES-DU-RHONE','Bouches-du-Rhône',1),(15,'14',25,'14118',2,'CALVADOS','Calvados',1),(16,'15',83,'15014',2,'CANTAL','Cantal',1),(17,'16',54,'16015',3,'CHARENTE','Charente',1),(18,'17',54,'17300',3,'CHARENTE-MARITIME','Charente-Maritime',1),(19,'18',24,'18033',2,'CHER','Cher',1),(20,'19',74,'19272',3,'CORREZE','Corrèze',1),(21,'2A',94,'2A004',3,'CORSE-DU-SUD','Corse-du-Sud',1),(22,'2B',94,'2B033',3,'HAUTE-CORSE','Haute-Corse',1),(23,'21',26,'21231',3,'COTE-D\'OR','Côte-d\'Or',1),(24,'22',53,'22278',4,'COTES-D\'ARMOR','Côtes-d\'Armor',1),(25,'23',74,'23096',3,'CREUSE','Creuse',1),(26,'24',72,'24322',3,'DORDOGNE','Dordogne',1),(27,'25',43,'25056',2,'DOUBS','Doubs',1),(28,'26',82,'26362',3,'DROME','Drôme',1),(29,'27',23,'27229',5,'EURE','Eure',1),(30,'28',24,'28085',1,'EURE-ET-LOIR','Eure-et-Loir',1),(31,'29',53,'29232',2,'FINISTERE','Finistère',1),(32,'30',91,'30189',2,'GARD','Gard',1),(33,'31',73,'31555',3,'HAUTE-GARONNE','Haute-Garonne',1),(34,'32',73,'32013',2,'GERS','Gers',1),(35,'33',72,'33063',3,'GIRONDE','Gironde',1),(36,'34',91,'34172',5,'HERAULT','Hérault',1),(37,'35',53,'35238',1,'ILLE-ET-VILAINE','Ille-et-Vilaine',1),(38,'36',24,'36044',5,'INDRE','Indre',1),(39,'37',24,'37261',1,'INDRE-ET-LOIRE','Indre-et-Loire',1),(40,'38',82,'38185',5,'ISERE','Isère',1),(41,'39',43,'39300',2,'JURA','Jura',1),(42,'40',72,'40192',4,'LANDES','Landes',1),(43,'41',24,'41018',0,'LOIR-ET-CHER','Loir-et-Cher',1),(44,'42',82,'42218',3,'LOIRE','Loire',1),(45,'43',83,'43157',3,'HAUTE-LOIRE','Haute-Loire',1),(46,'44',52,'44109',3,'LOIRE-ATLANTIQUE','Loire-Atlantique',1),(47,'45',24,'45234',2,'LOIRET','Loiret',1),(48,'46',73,'46042',2,'LOT','Lot',1),(49,'47',72,'47001',0,'LOT-ET-GARONNE','Lot-et-Garonne',1),(50,'48',91,'48095',3,'LOZERE','Lozère',1),(51,'49',52,'49007',0,'MAINE-ET-LOIRE','Maine-et-Loire',1),(52,'50',25,'50502',3,'MANCHE','Manche',1),(53,'51',21,'51108',3,'MARNE','Marne',1),(54,'52',21,'52121',3,'HAUTE-MARNE','Haute-Marne',1),(55,'53',52,'53130',3,'MAYENNE','Mayenne',1),(56,'54',41,'54395',0,'MEURTHE-ET-MOSELLE','Meurthe-et-Moselle',1),(57,'55',41,'55029',3,'MEUSE','Meuse',1),(58,'56',53,'56260',2,'MORBIHAN','Morbihan',1),(59,'57',41,'57463',3,'MOSELLE','Moselle',1),(60,'58',26,'58194',3,'NIEVRE','Nièvre',1),(61,'59',31,'59350',2,'NORD','Nord',1),(62,'60',22,'60057',5,'OISE','Oise',1),(63,'61',25,'61001',5,'ORNE','Orne',1),(64,'62',31,'62041',2,'PAS-DE-CALAIS','Pas-de-Calais',1),(65,'63',83,'63113',2,'PUY-DE-DOME','Puy-de-Dôme',1),(66,'64',72,'64445',4,'PYRENEES-ATLANTIQUES','Pyrénées-Atlantiques',1),(67,'65',73,'65440',4,'HAUTES-PYRENEES','Hautes-Pyrénées',1),(68,'66',91,'66136',4,'PYRENEES-ORIENTALES','Pyrénées-Orientales',1),(69,'67',42,'67482',2,'BAS-RHIN','Bas-Rhin',1),(70,'68',42,'68066',2,'HAUT-RHIN','Haut-Rhin',1),(71,'69',82,'69123',2,'RHONE','Rhône',1),(72,'70',43,'70550',3,'HAUTE-SAONE','Haute-Saône',1),(73,'71',26,'71270',0,'SAONE-ET-LOIRE','Saône-et-Loire',1),(74,'72',52,'72181',3,'SARTHE','Sarthe',1),(75,'73',82,'73065',3,'SAVOIE','Savoie',1),(76,'74',82,'74010',3,'HAUTE-SAVOIE','Haute-Savoie',1),(77,'75',11,'75056',0,'PARIS','Paris',1),(78,'76',23,'76540',3,'SEINE-MARITIME','Seine-Maritime',1),(79,'77',11,'77288',0,'SEINE-ET-MARNE','Seine-et-Marne',1),(80,'78',11,'78646',4,'YVELINES','Yvelines',1),(81,'79',54,'79191',4,'DEUX-SEVRES','Deux-Sèvres',1),(82,'80',22,'80021',3,'SOMME','Somme',1),(83,'81',73,'81004',2,'TARN','Tarn',1),(84,'82',73,'82121',0,'TARN-ET-GARONNE','Tarn-et-Garonne',1),(85,'83',93,'83137',2,'VAR','Var',1),(86,'84',93,'84007',0,'VAUCLUSE','Vaucluse',1),(87,'85',52,'85191',3,'VENDEE','Vendée',1),(88,'86',54,'86194',3,'VIENNE','Vienne',1),(89,'87',74,'87085',3,'HAUTE-VIENNE','Haute-Vienne',1),(90,'88',41,'88160',4,'VOSGES','Vosges',1),(91,'89',26,'89024',5,'YONNE','Yonne',1),(92,'90',43,'90010',0,'TERRITOIRE DE BELFORT','Territoire de Belfort',1),(93,'91',11,'91228',5,'ESSONNE','Essonne',1),(94,'92',11,'92050',4,'HAUTS-DE-SEINE','Hauts-de-Seine',1),(95,'93',11,'93008',3,'SEINE-SAINT-DENIS','Seine-Saint-Denis',1),(96,'94',11,'94028',2,'VAL-DE-MARNE','Val-de-Marne',1),(97,'95',11,'95500',2,'VAL-D\'OISE','Val-d\'Oise',1),(98,'971',1,'97105',3,'GUADELOUPE','Guadeloupe',1),(99,'972',2,'97209',3,'MARTINIQUE','Martinique',1),(100,'973',3,'97302',3,'GUYANE','Guyane',1),(101,'974',4,'97411',3,'REUNION','Réunion',1),(102,'01',201,'',1,'ANVERS','Anvers',1),(103,'02',203,'',3,'BRUXELLES-CAPITALE','Bruxelles-Capitale',1),(104,'03',202,'',2,'BRABANT-WALLON','Brabant-Wallon',1),(105,'04',201,'',1,'BRABANT-FLAMAND','Brabant-Flamand',1),(106,'05',201,'',1,'FLANDRE-OCCIDENTALE','Flandre-Occidentale',1),(107,'06',201,'',1,'FLANDRE-ORIENTALE','Flandre-Orientale',1),(108,'07',202,'',2,'HAINAUT','Hainaut',1),(109,'08',201,'',2,'LIEGE','Liège',1),(110,'09',202,'',1,'LIMBOURG','Limbourg',1),(111,'10',202,'',2,'LUXEMBOURG','Luxembourg',1),(112,'11',201,'',2,'NAMUR','Namur',1),(113,'NSW',2801,'',1,'','New South Wales',1),(114,'VIC',2801,'',1,'','Victoria',1),(115,'QLD',2801,'',1,'','Queensland',1),(116,'SA',2801,'',1,'','South Australia',1),(117,'ACT',2801,'',1,'','Australia Capital Territory',1),(118,'TAS',2801,'',1,'','Tasmania',1),(119,'WA',2801,'',1,'','Western Australia',1),(120,'NT',2801,'',1,'','Northern Territory',1),(121,'01',419,'',19,'PAIS VASCO','País Vasco',1),(122,'02',404,'',4,'ALBACETE','Albacete',1),(123,'03',411,'',11,'ALICANTE','Alicante',1),(124,'04',401,'',1,'ALMERIA','Almería',1),(125,'05',403,'',3,'AVILA','Avila',1),(126,'06',412,'',12,'BADAJOZ','Badajoz',1),(127,'07',414,'',14,'ISLAS BALEARES','Islas Baleares',1),(128,'08',406,'',6,'BARCELONA','Barcelona',1),(129,'09',403,'',8,'BURGOS','Burgos',1),(130,'10',412,'',12,'CACERES','Cáceres',1),(131,'11',401,'',1,'CADIz','Cádiz',1),(132,'12',411,'',11,'CASTELLON','Castellón',1),(133,'13',404,'',4,'CIUDAD REAL','Ciudad Real',1),(134,'14',401,'',1,'CORDOBA','Córdoba',1),(135,'15',413,'',13,'LA CORUÑA','La Coruña',1),(136,'16',404,'',4,'CUENCA','Cuenca',1),(137,'17',406,'',6,'GERONA','Gerona',1),(138,'18',401,'',1,'GRANADA','Granada',1),(139,'19',404,'',4,'GUADALAJARA','Guadalajara',1),(140,'20',419,'',19,'GUIPUZCOA','Guipúzcoa',1),(141,'21',401,'',1,'HUELVA','Huelva',1),(142,'22',402,'',2,'HUESCA','Huesca',1),(143,'23',401,'',1,'JAEN','Jaén',1),(144,'24',403,'',3,'LEON','León',1),(145,'25',406,'',6,'LERIDA','Lérida',1),(146,'26',415,'',15,'LA RIOJA','La Rioja',1),(147,'27',413,'',13,'LUGO','Lugo',1),(148,'28',416,'',16,'MADRID','Madrid',1),(149,'29',401,'',1,'MALAGA','Málaga',1),(150,'30',417,'',17,'MURCIA','Murcia',1),(151,'31',408,'',8,'NAVARRA','Navarra',1),(152,'32',413,'',13,'ORENSE','Orense',1),(153,'33',418,'',18,'ASTURIAS','Asturias',1),(154,'34',403,'',3,'PALENCIA','Palencia',1),(155,'35',405,'',5,'LAS PALMAS','Las Palmas',1),(156,'36',413,'',13,'PONTEVEDRA','Pontevedra',1),(157,'37',403,'',3,'SALAMANCA','Salamanca',1),(158,'38',405,'',5,'STA. CRUZ DE TENERIFE','Sta. Cruz de Tenerife',1),(159,'39',410,'',10,'CANTABRIA','Cantabria',1),(160,'40',403,'',3,'SEGOVIA','Segovia',1),(161,'41',401,'',1,'SEVILLA','Sevilla',1),(162,'42',403,'',3,'SORIA','Soria',1),(163,'43',406,'',6,'TARRAGONA','Tarragona',1),(164,'44',402,'',2,'TERUEL','Teruel',1),(165,'45',404,'',5,'TOLEDO','Toledo',1),(166,'46',411,'',11,'VALENCIA','Valencia',1),(167,'47',403,'',3,'VALLADOLID','Valladolid',1),(168,'48',419,'',19,'VIZCAYA','Vizcaya',1),(169,'49',403,'',3,'ZAMORA','Zamora',1),(170,'50',402,'',1,'ZARAGOZA','Zaragoza',1),(171,'51',407,'',7,'CEUTA','Ceuta',1),(172,'52',409,'',9,'MELILLA','Melilla',1),(173,'53',420,'',20,'OTROS','Otros',1),(174,'AG',601,NULL,NULL,'ARGOVIE','Argovie',1),(175,'AI',601,NULL,NULL,'APPENZELL RHODES INTERIEURES','Appenzell Rhodes intérieures',1),(176,'AR',601,NULL,NULL,'APPENZELL RHODES EXTERIEURES','Appenzell Rhodes extérieures',1),(177,'BE',601,NULL,NULL,'BERNE','Berne',1),(178,'BL',601,NULL,NULL,'BALE CAMPAGNE','Bâle Campagne',1),(179,'BS',601,NULL,NULL,'BALE VILLE','Bâle Ville',1),(180,'FR',601,NULL,NULL,'FRIBOURG','Fribourg',1),(181,'GE',601,NULL,NULL,'GENEVE','Genève',1),(182,'GL',601,NULL,NULL,'GLARIS','Glaris',1),(183,'GR',601,NULL,NULL,'GRISONS','Grisons',1),(184,'JU',601,NULL,NULL,'JURA','Jura',1),(185,'LU',601,NULL,NULL,'LUCERNE','Lucerne',1),(186,'NE',601,NULL,NULL,'NEUCHATEL','Neuchâtel',1),(187,'NW',601,NULL,NULL,'NIDWALD','Nidwald',1),(188,'OW',601,NULL,NULL,'OBWALD','Obwald',1),(189,'SG',601,NULL,NULL,'SAINT-GALL','Saint-Gall',1),(190,'SH',601,NULL,NULL,'SCHAFFHOUSE','Schaffhouse',1),(191,'SO',601,NULL,NULL,'SOLEURE','Soleure',1),(192,'SZ',601,NULL,NULL,'SCHWYZ','Schwyz',1),(193,'TG',601,NULL,NULL,'THURGOVIE','Thurgovie',1),(194,'TI',601,NULL,NULL,'TESSIN','Tessin',1),(195,'UR',601,NULL,NULL,'URI','Uri',1),(196,'VD',601,NULL,NULL,'VAUD','Vaud',1),(197,'VS',601,NULL,NULL,'VALAIS','Valais',1),(198,'ZG',601,NULL,NULL,'ZUG','Zug',1),(199,'ZH',601,NULL,NULL,'ZURICH','Zürich',1),(200,'AL',1101,'',0,'ALABAMA','Alabama',1),(201,'AK',1101,'',0,'ALASKA','Alaska',1),(202,'AZ',1101,'',0,'ARIZONA','Arizona',1),(203,'AR',1101,'',0,'ARKANSAS','Arkansas',1),(204,'CA',1101,'',0,'CALIFORNIA','California',1),(205,'CO',1101,'',0,'COLORADO','Colorado',1),(206,'CT',1101,'',0,'CONNECTICUT','Connecticut',1),(207,'DE',1101,'',0,'DELAWARE','Delaware',1),(208,'FL',1101,'',0,'FLORIDA','Florida',1),(209,'GA',1101,'',0,'GEORGIA','Georgia',1),(210,'HI',1101,'',0,'HAWAII','Hawaii',1),(211,'ID',1101,'',0,'IDAHO','Idaho',1),(212,'IL',1101,'',0,'ILLINOIS','Illinois',1),(213,'IN',1101,'',0,'INDIANA','Indiana',1),(214,'IA',1101,'',0,'IOWA','Iowa',1),(215,'KS',1101,'',0,'KANSAS','Kansas',1),(216,'KY',1101,'',0,'KENTUCKY','Kentucky',1),(217,'LA',1101,'',0,'LOUISIANA','Louisiana',1),(218,'ME',1101,'',0,'MAINE','Maine',1),(219,'MD',1101,'',0,'MARYLAND','Maryland',1),(220,'MA',1101,'',0,'MASSACHUSSETTS','Massachusetts',1),(221,'MI',1101,'',0,'MICHIGAN','Michigan',1),(222,'MN',1101,'',0,'MINNESOTA','Minnesota',1),(223,'MS',1101,'',0,'MISSISSIPPI','Mississippi',1),(224,'MO',1101,'',0,'MISSOURI','Missouri',1),(225,'MT',1101,'',0,'MONTANA','Montana',1),(226,'NE',1101,'',0,'NEBRASKA','Nebraska',1),(227,'NV',1101,'',0,'NEVADA','Nevada',1),(228,'NH',1101,'',0,'NEW HAMPSHIRE','New Hampshire',1),(229,'NJ',1101,'',0,'NEW JERSEY','New Jersey',1),(230,'NM',1101,'',0,'NEW MEXICO','New Mexico',1),(231,'NY',1101,'',0,'NEW YORK','New York',1),(232,'NC',1101,'',0,'NORTH CAROLINA','North Carolina',1),(233,'ND',1101,'',0,'NORTH DAKOTA','North Dakota',1),(234,'OH',1101,'',0,'OHIO','Ohio',1),(235,'OK',1101,'',0,'OKLAHOMA','Oklahoma',1),(236,'OR',1101,'',0,'OREGON','Oregon',1),(237,'PA',1101,'',0,'PENNSYLVANIA','Pennsylvania',1),(238,'RI',1101,'',0,'RHODE ISLAND','Rhode Island',1),(239,'SC',1101,'',0,'SOUTH CAROLINA','South Carolina',1),(240,'SD',1101,'',0,'SOUTH DAKOTA','South Dakota',1),(241,'TN',1101,'',0,'TENNESSEE','Tennessee',1),(242,'TX',1101,'',0,'TEXAS','Texas',1),(243,'UT',1101,'',0,'UTAH','Utah',1),(244,'VT',1101,'',0,'VERMONT','Vermont',1),(245,'VA',1101,'',0,'VIRGINIA','Virginia',1),(246,'WA',1101,'',0,'WASHINGTON','Washington',1),(247,'WV',1101,'',0,'WEST VIRGINIA','West Virginia',1),(248,'WI',1101,'',0,'WISCONSIN','Wisconsin',1),(249,'WY',1101,'',0,'WYOMING','Wyoming',1),(250,'2301',2301,'',1,'CATAMARCA','Catamarca',1),(251,'2302',2301,'',2,'YUJUY','Yujuy',1),(252,'2303',2301,'',3,'TUCAMAN','Tucamán',1),(253,'2304',2301,'',4,'SANTIAGO DEL ESTERO','Santiago del Estero',1),(254,'2305',2301,'',5,'SALTA','Salta',1),(255,'2306',2302,'',6,'CHACO','Chaco',1),(256,'2307',2302,'',7,'CORRIENTES','Corrientes',1),(257,'2308',2302,'',8,'ENTRE RIOS','Entre Ríos',1),(258,'2309',2302,'',9,'FORMOSA MISIONES','Formosa Misiones',1),(259,'2310',2302,'',10,'SANTA FE','Santa Fe',1),(260,'2311',2303,'',11,'LA RIOJA','La Rioja',1),(261,'2312',2303,'',12,'MENDOZA','Mendoza',1),(262,'2313',2303,'',13,'SAN JUAN','San Juan',1),(263,'2314',2303,'',14,'SAN LUIS','San Luis',1),(264,'2315',2304,'',15,'CORDOBA','Córdoba',1),(265,'2316',2304,'',16,'BUENOS AIRES','Buenos Aires',1),(266,'2317',2304,'',17,'CABA','Caba',1),(267,'2318',2305,'',18,'LA PAMPA','La Pampa',1),(268,'2319',2305,'',19,'NEUQUEN','Neuquén',1),(269,'2320',2305,'',20,'RIO NEGRO','Río Negro',1),(270,'2321',2305,'',21,'CHUBUT','Chubut',1),(271,'2322',2305,'',22,'SANTA CRUZ','Santa Cruz',1),(272,'2323',2305,'',23,'TIERRA DEL FUEGO','Tierra del Fuego',1),(273,'2324',2305,'',24,'ISLAS MALVINAS','Islas Malvinas',1),(274,'2325',2305,'',25,'ANTARTIDA','Antártida',1),(275,'151',6715,'',0,'151','Arica',1),(276,'152',6715,'',0,'152','Parinacota',1),(277,'011',6701,'',0,'011','Iquique',1),(278,'014',6701,'',0,'014','Tamarugal',1),(279,'021',6702,'',0,'021','Antofagasa',1),(280,'022',6702,'',0,'022','El Loa',1),(281,'023',6702,'',0,'023','Tocopilla',1),(282,'031',6703,'',0,'031','Copiapó',1),(283,'032',6703,'',0,'032','Chañaral',1),(284,'033',6703,'',0,'033','Huasco',1),(285,'041',6704,'',0,'041','Elqui',1),(286,'042',6704,'',0,'042','Choapa',1),(287,'043',6704,'',0,'043','Limarí',1),(288,'051',6705,'',0,'051','Valparaíso',1),(289,'052',6705,'',0,'052','Isla de Pascua',1),(290,'053',6705,'',0,'053','Los Andes',1),(291,'054',6705,'',0,'054','Petorca',1),(292,'055',6705,'',0,'055','Quillota',1),(293,'056',6705,'',0,'056','San Antonio',1),(294,'057',6705,'',0,'057','San Felipe de Aconcagua',1),(295,'058',6705,'',0,'058','Marga Marga',1),(296,'061',6706,'',0,'061','Cachapoal',1),(297,'062',6706,'',0,'062','Cardenal Caro',1),(298,'063',6706,'',0,'063','Colchagua',1),(299,'071',6707,'',0,'071','Talca',1),(300,'072',6707,'',0,'072','Cauquenes',1),(301,'073',6707,'',0,'073','Curicó',1),(302,'074',6707,'',0,'074','Linares',1),(303,'081',6708,'',0,'081','Concepción',1),(304,'082',6708,'',0,'082','Arauco',1),(305,'083',6708,'',0,'083','Biobío',1),(306,'084',6708,'',0,'084','Ñuble',1),(307,'091',6709,'',0,'091','Cautín',1),(308,'092',6709,'',0,'092','Malleco',1),(309,'141',6714,'',0,'141','Valdivia',1),(310,'142',6714,'',0,'142','Ranco',1),(311,'101',6710,'',0,'101','Llanquihue',1),(312,'102',6710,'',0,'102','Chiloé',1),(313,'103',6710,'',0,'103','Osorno',1),(314,'104',6710,'',0,'104','Palena',1),(315,'111',6711,'',0,'111','Coihaique',1),(316,'112',6711,'',0,'112','Aisén',1),(317,'113',6711,'',0,'113','Capitán Prat',1),(318,'114',6711,'',0,'114','General Carrera',1),(319,'121',6712,'',0,'121','Magallanes',1),(320,'122',6712,'',0,'122','Antártica Chilena',1),(321,'123',6712,'',0,'123','Tierra del Fuego',1),(322,'124',6712,'',0,'124','Última Esperanza',1),(323,'131',6713,'',0,'131','Santiago',1),(324,'132',6713,'',0,'132','Cordillera',1),(325,'133',6713,'',0,'133','Chacabuco',1),(326,'134',6713,'',0,'134','Maipo',1),(327,'135',6713,'',0,'135','Melipilla',1),(328,'136',6713,'',0,'136','Talagante',1),(329,'DIF',15401,'',0,'DIF','Distrito Federal',1),(330,'AGS',15401,'',0,'AGS','Aguascalientes',1),(331,'BCN',15401,'',0,'BCN','Baja California Norte',1),(332,'BCS',15401,'',0,'BCS','Baja California Sur',1),(333,'CAM',15401,'',0,'CAM','Campeche',1),(334,'CHP',15401,'',0,'CHP','Chiapas',1),(335,'CHI',15401,'',0,'CHI','Chihuahua',1),(336,'COA',15401,'',0,'COA','Coahuila',1),(337,'COL',15401,'',0,'COL','Colima',1),(338,'DUR',15401,'',0,'DUR','Durango',1),(339,'GTO',15401,'',0,'GTO','Guanajuato',1),(340,'GRO',15401,'',0,'GRO','Guerrero',1),(341,'HGO',15401,'',0,'HGO','Hidalgo',1),(342,'JAL',15401,'',0,'JAL','Jalisco',1),(343,'MEX',15401,'',0,'MEX','México',1),(344,'MIC',15401,'',0,'MIC','Michoacán de Ocampo',1),(345,'MOR',15401,'',0,'MOR','Morelos',1),(346,'NAY',15401,'',0,'NAY','Nayarit',1),(347,'NLE',15401,'',0,'NLE','Nuevo León',1),(348,'OAX',15401,'',0,'OAX','Oaxaca',1),(349,'PUE',15401,'',0,'PUE','Puebla',1),(350,'QRO',15401,'',0,'QRO','Querétaro',1),(351,'ROO',15401,'',0,'ROO','Quintana Roo',1),(352,'SLP',15401,'',0,'SLP','San Luis Potosí',1),(353,'SIN',15401,'',0,'SIN','Sinaloa',1),(354,'SON',15401,'',0,'SON','Sonora',1),(355,'TAB',15401,'',0,'TAB','Tabasco',1),(356,'TAM',15401,'',0,'TAM','Tamaulipas',1),(357,'TLX',15401,'',0,'TLX','Tlaxcala',1),(358,'VER',15401,'',0,'VER','Veracruz',1),(359,'YUC',15401,'',0,'YUC','Yucatán',1),(360,'ZAC',15401,'',0,'ZAC','Zacatecas',1),(361,'ANT',7001,'',0,'ANT','Antioquia',1),(362,'BOL',7001,'',0,'BOL','Bolívar',1),(363,'BOY',7001,'',0,'BOY','Boyacá',1),(364,'CAL',7001,'',0,'CAL','Caldas',1),(365,'CAU',7001,'',0,'CAU','Cauca',1),(366,'CUN',7001,'',0,'CUN','Cundinamarca',1),(367,'HUI',7001,'',0,'HUI','Huila',1),(368,'LAG',7001,'',0,'LAG','La Guajira',1),(369,'MET',7001,'',0,'MET','Meta',1),(370,'NAR',7001,'',0,'NAR','Nariño',1),(371,'NDS',7001,'',0,'NDS','Norte de Santander',1),(372,'SAN',7001,'',0,'SAN','Santander',1),(373,'SUC',7001,'',0,'SUC','Sucre',1),(374,'TOL',7001,'',0,'TOL','Tolima',1),(375,'VAC',7001,'',0,'VAC','Valle del Cauca',1),(376,'RIS',7001,'',0,'RIS','Risalda',1),(377,'ATL',7001,'',0,'ATL','Atlántico',1),(378,'COR',7001,'',0,'COR','Córdoba',1),(379,'SAP',7001,'',0,'SAP','San Andrés, Providencia y Santa Catalina',1),(380,'ARA',7001,'',0,'ARA','Arauca',1),(381,'CAS',7001,'',0,'CAS','Casanare',1),(382,'AMA',7001,'',0,'AMA','Amazonas',1),(383,'CAQ',7001,'',0,'CAQ','Caquetá',1),(384,'CHO',7001,'',0,'CHO','Chocó',1),(385,'GUA',7001,'',0,'GUA','Guainía',1),(386,'GUV',7001,'',0,'GUV','Guaviare',1),(387,'PUT',7001,'',0,'PUT','Putumayo',1),(388,'QUI',7001,'',0,'QUI','Quindío',1),(389,'VAU',7001,'',0,'VAU','Vaupés',1),(390,'BOG',7001,'',0,'BOG','Bogotá',1),(391,'VID',7001,'',0,'VID','Vichada',1),(392,'CES',7001,'',0,'CES','Cesar',1),(393,'MAG',7001,'',0,'MAG','Magdalena',1),(394,'AT',11401,'',0,'AT','Atlántida',1),(395,'CH',11401,'',0,'CH','Choluteca',1),(396,'CL',11401,'',0,'CL','Colón',1),(397,'CM',11401,'',0,'CM','Comayagua',1),(398,'CO',11401,'',0,'CO','Copán',1),(399,'CR',11401,'',0,'CR','Cortés',1),(400,'EP',11401,'',0,'EP','El Paraíso',1),(401,'FM',11401,'',0,'FM','Francisco Morazán',1),(402,'GD',11401,'',0,'GD','Gracias a Dios',1),(403,'IN',11401,'',0,'IN','Intibucá',1),(404,'IB',11401,'',0,'IB','Islas de la Bahía',1),(405,'LP',11401,'',0,'LP','La Paz',1),(406,'LM',11401,'',0,'LM','Lempira',1),(407,'OC',11401,'',0,'OC','Ocotepeque',1),(408,'OL',11401,'',0,'OL','Olancho',1),(409,'SB',11401,'',0,'SB','Santa Bárbara',1),(410,'VL',11401,'',0,'VL','Valle',1),(411,'YO',11401,'',0,'YO','Yoro',1),(412,'DC',11401,'',0,'DC','Distrito Central',1),(413,'CC',4601,'Oistins',0,'CC','Christ Church',1),(414,'SA',4601,'Greenland',0,'SA','Saint Andrew',1),(415,'SG',4601,'Bulkeley',0,'SG','Saint George',1),(416,'JA',4601,'Holetown',0,'JA','Saint James',1),(417,'SJ',4601,'Four Roads',0,'SJ','Saint John',1),(418,'SB',4601,'Bathsheba',0,'SB','Saint Joseph',1),(419,'SL',4601,'Crab Hill',0,'SL','Saint Lucy',1),(420,'SM',4601,'Bridgetown',0,'SM','Saint Michael',1),(421,'SP',4601,'Speightstown',0,'SP','Saint Peter',1),(422,'SC',4601,'Crane',0,'SC','Saint Philip',1),(423,'ST',4601,'Hillaby',0,'ST','Saint Thomas',1);

--
-- Table structure for table `llx_c_ecotaxe`
--

CREATE TABLE `llx_c_ecotaxe` (
  `rowid` int(11) NOT NULL AUTO_INCREMENT,
  `code` varchar(64) NOT NULL,
  `libelle` varchar(255) DEFAULT NULL,
  `price` double(24,8) DEFAULT NULL,
  `organization` varchar(255) DEFAULT NULL,
  `fk_pays` int(11) NOT NULL,
  `active` tinyint(4) NOT NULL DEFAULT '1',
  PRIMARY KEY (`rowid`),
  UNIQUE KEY `uk_c_ecotaxe` (`code`)
) ENGINE=InnoDB AUTO_INCREMENT=39 DEFAULT CHARSET=utf8;

--
-- Dumping data for table `llx_c_ecotaxe`
--

INSERT INTO `llx_c_ecotaxe` VALUES (1,'ER-A-A','Materiels electriques < 0,2kg',0.01000000,'ERP',1,1),(2,'ER-A-B','Materiels electriques >= 0,2 kg et < 0,5 kg',0.03000000,'ERP',1,1),(3,'ER-A-C','Materiels electriques >= 0,5 kg et < 1 kg',0.04000000,'ERP',1,1),(4,'ER-A-D','Materiels electriques >= 1 kg et < 2 kg',0.13000000,'ERP',1,1),(5,'ER-A-E','Materiels electriques >= 2 kg et < 4kg',0.21000000,'ERP',1,1),(6,'ER-A-F','Materiels electriques >= 4 kg et < 8 kg',0.42000000,'ERP',1,1),(7,'ER-A-G','Materiels electriques >= 8 kg et < 15 kg',0.84000000,'ERP',1,1),(8,'ER-A-H','Materiels electriques >= 15 kg et < 20 kg',1.25000000,'ERP',1,1),(9,'ER-A-I','Materiels electriques >= 20 kg et < 30 kg',1.88000000,'ERP',1,1),(10,'ER-A-J','Materiels electriques >= 30 kg',3.34000000,'ERP',1,1),(11,'ER-M-1','TV, Moniteurs < 9kg',0.84000000,'ERP',1,1),(12,'ER-M-2','TV, Moniteurs >= 9kg et < 15kg',1.67000000,'ERP',1,1),(13,'ER-M-3','TV, Moniteurs >= 15kg et < 30kg',3.34000000,'ERP',1,1),(14,'ER-M-4','TV, Moniteurs >= 30 kg',6.69000000,'ERP',1,1),(15,'EC-A-A','Materiels electriques  0,2 kg max',0.00840000,'Ecologic',1,1),(16,'EC-A-B','Materiels electriques 0,21 kg min - 0,50 kg max',0.02500000,'Ecologic',1,1),(17,'EC-A-C','Materiels electriques  0,51 kg min - 1 kg max',0.04000000,'Ecologic',1,1),(18,'EC-A-D','Materiels electriques  1,01 kg min - 2,5 kg max',0.13000000,'Ecologic',1,1),(19,'EC-A-E','Materiels electriques  2,51 kg min - 4 kg max',0.21000000,'Ecologic',1,1),(20,'EC-A-F','Materiels electriques 4,01 kg min - 8 kg max',0.42000000,'Ecologic',1,1),(21,'EC-A-G','Materiels electriques  8,01 kg min - 12 kg max',0.63000000,'Ecologic',1,1),(22,'EC-A-H','Materiels electriques 12,01 kg min - 20 kg max',1.05000000,'Ecologic',1,1),(23,'EC-A-I','Materiels electriques  20,01 kg min',1.88000000,'Ecologic',1,1),(24,'EC-M-1','TV, Moniteurs 9 kg max',0.84000000,'Ecologic',1,1),(25,'EC-M-2','TV, Moniteurs 9,01 kg min - 18 kg max',1.67000000,'Ecologic',1,1),(26,'EC-M-3','TV, Moniteurs 18,01 kg min - 36 kg max',3.34000000,'Ecologic',1,1),(27,'EC-M-4','TV, Moniteurs 36,01 kg min',6.69000000,'Ecologic',1,1),(28,'ES-M-1','TV, Moniteurs <= 20 pouces',0.84000000,'Eco-systemes',1,1),(29,'ES-M-2','TV, Moniteurs > 20 pouces et <= 32 pouces',3.34000000,'Eco-systemes',1,1),(30,'ES-M-3','TV, Moniteurs > 32 pouces et autres grands ecrans',6.69000000,'Eco-systemes',1,1),(31,'ES-A-A','Ordinateur fixe, Audio home systems (HIFI), elements hifi separes',0.84000000,'Eco-systemes',1,1),(32,'ES-A-B','Ordinateur portable, CD-RCR, VCR, lecteurs et enregistreurs DVD, instruments de musique et caisses de resonance, haut parleurs...',0.25000000,'Eco-systemes',1,1),(33,'ES-A-C','Imprimante, photocopieur, telecopieur',0.42000000,'Eco-systemes',1,1),(34,'ES-A-D','Accessoires, clavier, souris, PDA, imprimante photo, appareil photo, gps, telephone, repondeur, telephone sans fil, modem, telecommande, casque, camescope, baladeur mp3, radio portable, radio K7 et CD portable, radio reveil',0.08400000,'Eco-systemes',1,1),(35,'ES-A-E','GSM',0.00840000,'Eco-systemes',1,1),(36,'ES-A-F','Jouets et equipements de loisirs et de sports < 0,5 kg',0.04200000,'Eco-systemes',1,1),(37,'ES-A-G','Jouets et equipements de loisirs et de sports > 0,5 kg',0.17000000,'Eco-systemes',1,1),(38,'ES-A-H','Jouets et equipements de loisirs et de sports > 10 kg',1.25000000,'Eco-systemes',1,1);

--
-- Table structure for table `llx_c_effectif`
--

CREATE TABLE `llx_c_effectif` (
  `id` int(11) NOT NULL,
  `code` varchar(12) NOT NULL,
  `libelle` varchar(30) DEFAULT NULL,
  `active` tinyint(4) NOT NULL DEFAULT '1',
  `module` varchar(32) DEFAULT NULL,
  PRIMARY KEY (`id`),
  UNIQUE KEY `code` (`code`)
) ENGINE=InnoDB DEFAULT CHARSET=utf8;

--
-- Dumping data for table `llx_c_effectif`
--

INSERT INTO `llx_c_effectif` VALUES (0,'EF0','-',1,NULL),(1,'EF1-5','1 - 5',1,NULL),(2,'EF6-10','6 - 10',1,NULL),(3,'EF11-50','11 - 50',1,NULL),(4,'EF51-100','51 - 100',1,NULL),(5,'EF100-500','100 - 500',1,NULL),(6,'EF500-','> 500',1,NULL);

--
-- Table structure for table `llx_c_field_list`
--

CREATE TABLE `llx_c_field_list` (
  `rowid` int(11) NOT NULL AUTO_INCREMENT,
  `tms` timestamp NOT NULL DEFAULT CURRENT_TIMESTAMP ON UPDATE CURRENT_TIMESTAMP,
  `element` varchar(64) NOT NULL,
  `entity` int(11) NOT NULL DEFAULT '1',
  `name` varchar(32) NOT NULL,
  `alias` varchar(32) NOT NULL,
  `title` varchar(32) NOT NULL,
  `align` varchar(6) DEFAULT 'left',
  `sort` tinyint(4) NOT NULL DEFAULT '1',
  `search` tinyint(4) NOT NULL DEFAULT '0',
  `enabled` varchar(255) DEFAULT '1',
  `rang` int(11) DEFAULT '0',
  PRIMARY KEY (`rowid`)
) ENGINE=InnoDB AUTO_INCREMENT=9 DEFAULT CHARSET=latin1;

--
-- Dumping data for table `llx_c_field_list`
--

INSERT INTO `llx_c_field_list` VALUES (1,'2011-02-11 13:22:02','product_default',1,'p.ref','ref','Ref','left',1,1,'1',1),(2,'2011-02-11 13:22:02','product_default',1,'p.label','label','Label','left',1,1,'1',2),(3,'2011-02-11 13:22:02','product_default',1,'p.barcode','barcode','BarCode','center',1,1,'$conf->barcode->enabled',3),(4,'2011-02-11 13:22:02','product_default',1,'p.tms','datem','DateModification','center',1,0,'1',4),(5,'2011-02-11 13:22:02','product_default',1,'p.price','price','SellingPriceHT','right',1,0,'1',5),(6,'2011-02-11 13:22:02','product_default',1,'p.price_ttc','price_ttc','SellingPriceTTC','right',1,0,'1',6),(7,'2011-02-11 13:22:02','product_default',1,'p.stock','stock','Stock','right',0,0,'$conf->stock->enabled',7),(8,'2011-02-11 13:22:02','product_default',1,'p.envente','status','Status','right',1,0,'1',8);

--
-- Table structure for table `llx_c_forme_juridique`
--

CREATE TABLE `llx_c_forme_juridique` (
  `rowid` int(11) NOT NULL AUTO_INCREMENT,
  `code` int(11) NOT NULL,
  `fk_pays` int(11) NOT NULL,
  `libelle` varchar(255) DEFAULT NULL,
  `isvatexempted` tinyint(4) NOT NULL DEFAULT '0',
  `active` tinyint(4) NOT NULL DEFAULT '1',
  `module` varchar(32) DEFAULT NULL,
  PRIMARY KEY (`rowid`),
  UNIQUE KEY `uk_c_forme_juridique` (`code`)
) ENGINE=InnoDB AUTO_INCREMENT=131 DEFAULT CHARSET=utf8;

--
-- Dumping data for table `llx_c_forme_juridique`
--

INSERT INTO `llx_c_forme_juridique` VALUES (1,0,0,'-',0,1,NULL),(2,11,1,'Artisan Commerçant (EI)',0,1,NULL),(3,12,1,'Commerçant (EI)',0,1,NULL),(4,13,1,'Artisan (EI)',0,1,NULL),(5,14,1,'Officier public ou ministériel',0,1,NULL),(6,15,1,'Profession libérale (EI)',0,1,NULL),(7,16,1,'Exploitant agricole',0,1,NULL),(8,17,1,'Agent commercial',0,1,NULL),(9,18,1,'Associé Gérant de société',0,1,NULL),(10,19,1,'Personne physique',0,1,NULL),(11,21,1,'Indivision',0,1,NULL),(12,22,1,'Société créée de fait',0,1,NULL),(13,23,1,'Société en participation',0,1,NULL),(14,27,1,'Paroisse hors zone concordataire',0,1,NULL),(15,29,1,'Groupement de droit privé non doté de la personnalité morale',0,1,NULL),(16,31,1,'Personne morale de droit étranger, immatriculée au RCS',0,1,NULL),(17,32,1,'Personne morale de droit étranger, non immatriculée au RCS',0,1,NULL),(18,35,1,'Régime auto-entrepreneur',0,1,NULL),(19,41,1,'Établissement public ou régie à caractère industriel ou commercial',0,1,NULL),(20,51,1,'Société coopérative commerciale particulière',0,1,NULL),(21,52,1,'Société en nom collectif',0,1,NULL),(22,53,1,'Société en commandite',0,1,NULL),(23,54,1,'Société à responsabilité limitée (SARL)',0,1,NULL),(24,55,1,'Société anonyme à conseil d administration',0,1,NULL),(25,56,1,'Société anonyme à directoire',0,1,NULL),(26,57,1,'Société par actions simplifiée',0,1,NULL),(27,58,1,'Entreprise Unipersonnelle à Responsabilité Limitée (EURL)',0,1,NULL),(28,61,1,'Caisse d\'épargne et de prévoyance',0,1,NULL),(29,62,1,'Groupement d\'intérêt économique (GIE)',0,1,NULL),(30,63,1,'Société coopérative agricole',0,1,NULL),(31,64,1,'Société non commerciale d assurances',0,1,NULL),(32,65,1,'Société civile',0,1,NULL),(33,69,1,'Personnes de droit privé inscrites au RCS',0,1,NULL),(34,71,1,'Administration de l état',0,1,NULL),(35,72,1,'Collectivité territoriale',0,1,NULL),(36,73,1,'Établissement public administratif',0,1,NULL),(37,74,1,'Personne morale de droit public administratif',0,1,NULL),(38,81,1,'Organisme gérant régime de protection social à adhésion obligatoire',0,1,NULL),(39,82,1,'Organisme mutualiste',0,1,NULL),(40,83,1,'Comité d entreprise',0,1,NULL),(41,84,1,'Organisme professionnel',0,1,NULL),(42,85,1,'Organisme de retraite à adhésion non obligatoire',0,1,NULL),(43,91,1,'Syndicat de propriétaires',0,1,NULL),(44,92,1,'Association loi 1901 ou assimilé',0,1,NULL),(45,93,1,'Fondation',0,1,NULL),(46,99,1,'Personne morale de droit privé',0,1,NULL),(47,200,2,'Indépendant',0,1,NULL),(48,201,2,'SPRL - Société à responsabilité limitée',0,1,NULL),(49,202,2,'SA   - Société Anonyme',0,1,NULL),(50,203,2,'SCRL - Société coopérative à responsabilité limitée',0,1,NULL),(51,204,2,'ASBL - Association sans but Lucratif',0,1,NULL),(52,205,2,'SCRI - Société coopérative à responsabilité illimitée',0,1,NULL),(53,206,2,'SCS  - Société en commandite simple',0,1,NULL),(54,207,2,'SCA  - Société en commandite par action',0,1,NULL),(55,208,2,'SNC  - Société en nom collectif',0,1,NULL),(56,209,2,'GIE  - Groupement d intérêt économique',0,1,NULL),(57,210,2,'GEIE - Groupement européen d intérêt économique',0,1,NULL),(58,500,5,'Limited liability corporation (GmbH)',0,1,NULL),(59,501,5,'Stock corporation (AG)',0,1,NULL),(60,502,5,'Partnerships general or limited (GmbH & CO. KG)',0,1,NULL),(61,503,5,'Sole proprietor / Private business',0,1,NULL),(62,600,6,'Raison Individuelle',0,1,NULL),(63,601,6,'Société Simple',0,1,NULL),(64,602,6,'Société en nom collectif',0,1,NULL),(65,603,6,'Société en commandite',0,1,NULL),(66,604,6,'Société anonyme (SA)',0,1,NULL),(67,605,6,'Société en commandite par actions',0,1,NULL),(68,606,6,'Société à responsabilité limitée (SARL)',0,1,NULL),(69,607,6,'Société coopérative',0,1,NULL),(70,608,6,'Association',0,1,NULL),(71,609,6,'Fondation',0,1,NULL),(72,700,7,'Sole Trader',0,1,NULL),(73,701,7,'Partnership',0,1,NULL),(74,702,7,'Private Limited Company by shares (LTD)',0,1,NULL),(75,703,7,'Public Limited Company',0,1,NULL),(76,704,7,'Workers Cooperative',0,1,NULL),(77,705,7,'Limited Liability Partnership',0,1,NULL),(78,706,7,'Franchise',0,1,NULL),(79,1000,10,'Société à responsabilité limitée (SARL)',0,1,NULL),(80,1001,10,'Société en Nom Collectif (SNC)',0,1,NULL),(81,1002,10,'Société en Commandite Simple (SCS)',0,1,NULL),(82,1003,10,'société en participation',0,1,NULL),(83,1004,10,'Société Anonyme (SA)',0,1,NULL),(84,1005,10,'Société Unipersonnelle à Responsabilité Limitée (SUARL)',0,1,NULL),(85,1006,10,'Groupement d\'intérêt économique (GEI)',0,1,NULL),(86,1007,10,'Groupe de sociétés',0,1,NULL),(87,401,4,'Empresario Individual',0,1,NULL),(88,402,4,'Comunidad de Bienes',0,1,NULL),(89,403,4,'Sociedad Civil',0,1,NULL),(90,404,4,'Sociedad Colectiva',0,1,NULL),(91,405,4,'Sociedad Limitada',0,1,NULL),(92,406,4,'Sociedad Anonima',0,1,NULL),(93,407,4,'Sociedad Comandataria por Acciones',0,1,NULL),(94,408,4,'Sociedad Comandataria Simple',0,1,NULL),(95,409,4,'Sociedad Laboral',0,1,NULL),(96,410,4,'Sociedad Cooperativa',0,1,NULL),(97,411,4,'Sociedad de Garantía Recíproca',0,1,NULL),(98,412,4,'Entidad de Capital-Riesgo',0,1,NULL),(99,413,4,'Agrupación de Interes Económico',0,1,NULL),(100,414,4,'Sociedad de Invarsión Mobiliaria',0,1,NULL),(101,415,4,'Agrupación sin Animo de Lucro',0,1,NULL),(102,15201,152,'Mauritius Private Company Limited By Shares',0,1,NULL),(103,15202,152,'Mauritius Company Limited By Guarantee',0,1,NULL),(104,15203,152,'Mauritius Public Company Limited By Shares',0,1,NULL),(105,15204,152,'Mauritius Foreign Company',0,1,NULL),(106,15205,152,'Mauritius GBC1 (Offshore Company)',0,1,NULL),(107,15206,152,'Mauritius GBC2 (International Company)',0,1,NULL),(108,15207,152,'Mauritius General Partnership',0,1,NULL),(109,15208,152,'Mauritius Limited Partnership',0,1,NULL),(110,15209,152,'Mauritius Sole Proprietorship',0,1,NULL),(111,15210,152,'Mauritius Trusts',0,1,NULL),(112,2301,23,'Monotributista',0,1,NULL),(113,2302,23,'Sociedad Civil',0,1,NULL),(114,2303,23,'Sociedades Comerciales',0,1,NULL),(115,2304,23,'Sociedades de Hecho',0,1,NULL),(116,2305,23,'Sociedades Irregulares',0,1,NULL),(117,2306,23,'Sociedad Colectiva',0,1,NULL),(118,2307,23,'Sociedad en Comandita Simple',0,1,NULL),(119,2308,23,'Sociedad de Capital e Industria',0,1,NULL),(120,2309,23,'Sociedad Accidental o en participación',0,1,NULL),(121,2310,23,'Sociedad de Responsabilidad Limitada',0,1,NULL),(122,2311,23,'Sociedad Anónima',0,1,NULL),(123,2312,23,'Sociedad Anónima con Participación Estatal Mayoritaria',0,1,NULL),(124,2313,23,'Sociedad en Comandita por Acciones (arts. 315 a 324, LSC)',0,1,NULL),(125,15401,154,'Sociedad en nombre colectivo',0,1,NULL),(126,15402,154,'Sociedad en comandita simple',0,1,NULL),(127,15403,154,'Sociedad de responsabilidad limitada',0,1,NULL),(128,15404,154,'Sociedad anónima',0,1,NULL),(129,15405,154,'Sociedad en comandita por acciones',0,1,NULL),(130,15406,154,'Sociedad cooperativa',0,1,NULL);

--
-- Table structure for table `llx_c_input_method`
--

CREATE TABLE `llx_c_input_method` (
  `rowid` int(11) NOT NULL AUTO_INCREMENT,
  `code` varchar(30) DEFAULT NULL,
  `libelle` varchar(60) DEFAULT NULL,
  `active` tinyint(4) NOT NULL DEFAULT '1',
  `module` varchar(32) DEFAULT NULL,
  PRIMARY KEY (`rowid`),
  UNIQUE KEY `uk_c_methode_commande_fournisseur` (`code`)
) ENGINE=InnoDB AUTO_INCREMENT=6 DEFAULT CHARSET=utf8;

--
-- Dumping data for table `llx_c_input_method`
--

INSERT INTO `llx_c_input_method` VALUES (1,'OrderByMail','Courrier',1,NULL),(2,'OrderByFax','Fax',1,NULL),(3,'OrderByEMail','EMail',1,NULL),(4,'OrderByPhone','Téléphone',1,NULL),(5,'OrderByWWW','En ligne',1,NULL);

--
-- Table structure for table `llx_c_input_reason`
--

CREATE TABLE `llx_c_input_reason` (
  `rowid` int(11) NOT NULL AUTO_INCREMENT,
  `code` varchar(30) NOT NULL,
  `label` varchar(60) NOT NULL,
  `active` tinyint(4) NOT NULL DEFAULT '1',
  `module` varchar(32) DEFAULT NULL,
  PRIMARY KEY (`rowid`),
  UNIQUE KEY `uk_c_input_reason` (`code`)
) ENGINE=InnoDB AUTO_INCREMENT=8 DEFAULT CHARSET=latin1;

--
-- Dumping data for table `llx_c_input_reason`
--

INSERT INTO `llx_c_input_reason` VALUES (1,'SRC_INTE','Web site',1,NULL),(2,'SRC_CAMP_MAIL','Mailing campaign',1,NULL),(3,'SRC_CAMP_PHO','Phone campaign',1,NULL),(4,'SRC_CAMP_FAX','Fax campaign',1,NULL),(5,'SRC_COMM','Commercial contact',1,NULL),(6,'SRC_SHOP','Shop contact',1,NULL),(7,'SRC_CAMP_EMAIL','EMailing campaign',1,NULL);

--
-- Table structure for table `llx_c_paiement`
--

CREATE TABLE `llx_c_paiement` (
  `id` int(11) NOT NULL,
  `code` varchar(6) NOT NULL,
  `libelle` varchar(30) DEFAULT NULL,
  `type` smallint(6) DEFAULT NULL,
  `active` tinyint(4) NOT NULL DEFAULT '1',
  `module` varchar(32) DEFAULT NULL,
  PRIMARY KEY (`id`),
  UNIQUE KEY `code` (`code`)
) ENGINE=InnoDB DEFAULT CHARSET=utf8;

--
-- Dumping data for table `llx_c_paiement`
--

INSERT INTO `llx_c_paiement` VALUES (0,'','-',3,1,NULL),(1,'TIP','TIP',2,1,NULL),(2,'VIR','Virement',2,1,NULL),(3,'PRE','Prélèvement',2,1,NULL),(4,'LIQ','Espèces',2,1,NULL),(5,'VAD','Paiement en ligne',2,0,NULL),(6,'CB','Carte Bancaire',2,1,NULL),(7,'CHQ','Chèque',2,1,NULL),(8,'TRA','Traite',2,0,NULL),(9,'LCR','LCR',2,0,NULL),(10,'FAC','Factor',2,0,NULL),(11,'PRO','Proforma',2,0,NULL);

--
-- Table structure for table `llx_c_paper_format`
--

CREATE TABLE `llx_c_paper_format` (
  `rowid` int(11) NOT NULL AUTO_INCREMENT,
  `code` varchar(16) NOT NULL,
  `label` varchar(50) NOT NULL,
  `width` float(6,2) DEFAULT '0.00',
  `height` float(6,2) DEFAULT '0.00',
  `unit` varchar(5) NOT NULL,
  `active` tinyint(4) NOT NULL DEFAULT '1',
  `module` varchar(32) DEFAULT NULL,
  PRIMARY KEY (`rowid`)
) ENGINE=InnoDB AUTO_INCREMENT=226 DEFAULT CHARSET=utf8;

--
-- Dumping data for table `llx_c_paper_format`
--

INSERT INTO `llx_c_paper_format` VALUES (1,'4A0','Format 4A0',1682.00,2378.00,'mm',1,NULL),(2,'2A0','Format 2A0',1189.00,1682.00,'mm',1,NULL),(3,'A0','Format A0',840.00,1189.00,'mm',1,NULL),(4,'A1','Format A1',594.00,840.00,'mm',1,NULL),(5,'A2','Format A2',420.00,594.00,'mm',1,NULL),(6,'A3','Format A3',297.00,420.00,'mm',1,NULL),(7,'A4','Format A4',210.00,297.00,'mm',1,NULL),(8,'A5','Format A5',148.00,210.00,'mm',1,NULL),(9,'A6','Format A6',105.00,148.00,'mm',1,NULL),(100,'USLetter','Format Letter (A)',216.00,279.00,'mm',0,NULL),(105,'USLegal','Format Legal',216.00,356.00,'mm',0,NULL),(110,'USExecutive','Format Executive',190.00,254.00,'mm',0,NULL),(115,'USLedger','Format Ledger/Tabloid (B)',279.00,432.00,'mm',0,NULL),(200,'Canadian P1','Format Canadian P1',560.00,860.00,'mm',0,NULL),(205,'Canadian P2','Format Canadian P2',430.00,560.00,'mm',0,NULL),(210,'Canadian P3','Format Canadian P3',280.00,430.00,'mm',0,NULL),(215,'Canadian P4','Format Canadian P4',215.00,280.00,'mm',0,NULL),(220,'Canadian P5','Format Canadian P5',140.00,215.00,'mm',0,NULL),(225,'Canadian P6','Format Canadian P6',107.00,140.00,'mm',0,NULL);

--
-- Table structure for table `llx_c_payment_term`
--

CREATE TABLE `llx_c_payment_term` (
  `rowid` int(11) NOT NULL,
  `code` varchar(16) DEFAULT NULL,
  `sortorder` smallint(6) DEFAULT NULL,
  `active` tinyint(4) DEFAULT '1',
  `libelle` varchar(255) DEFAULT NULL,
  `libelle_facture` text,
  `fdm` tinyint(4) DEFAULT NULL,
  `nbjour` smallint(6) DEFAULT NULL,
  `decalage` smallint(6) DEFAULT NULL,
  `module` varchar(32) DEFAULT NULL,
  PRIMARY KEY (`rowid`)
) ENGINE=InnoDB DEFAULT CHARSET=utf8;

--
-- Dumping data for table `llx_c_payment_term`
--

INSERT INTO `llx_c_payment_term` VALUES (1,'RECEP',1,1,'A réception','Réception de facture',0,0,NULL,NULL),(2,'30D',2,1,'30 jours','Réglement à 30 jours',0,30,NULL,NULL),(3,'30DENDMONTH',3,1,'30 jours fin de mois','Réglement à 30 jours fin de mois',1,30,NULL,NULL),(4,'60D',4,1,'60 jours','Réglement à 60 jours',0,60,NULL,NULL),(5,'60DENDMONTH',5,1,'60 jours fin de mois','Réglement à 60 jours fin de mois',1,60,NULL,NULL);

--
-- Table structure for table `llx_c_pays`
--

CREATE TABLE `llx_c_pays` (
  `rowid` int(11) NOT NULL,
  `code` varchar(2) NOT NULL,
  `code_iso` varchar(3) DEFAULT NULL,
  `libelle` varchar(50) NOT NULL,
  `active` tinyint(4) NOT NULL DEFAULT '1',
  PRIMARY KEY (`rowid`),
  UNIQUE KEY `idx_c_pays_code` (`code`),
  UNIQUE KEY `idx_c_pays_libelle` (`libelle`),
  UNIQUE KEY `idx_c_pays_code_iso` (`code_iso`)
) ENGINE=InnoDB DEFAULT CHARSET=utf8;

--
-- Dumping data for table `llx_c_pays`
--

INSERT INTO `llx_c_pays` VALUES (0,'',NULL,'-',1),(1,'FR',NULL,'France',1),(2,'BE',NULL,'Belgique',1),(3,'IT',NULL,'Italie',1),(4,'ES',NULL,'Espagne',1),(5,'DE',NULL,'Allemagne',1),(6,'CH',NULL,'Suisse',1),(7,'GB',NULL,'Royaume uni',1),(8,'IE',NULL,'Irlande',1),(9,'CN',NULL,'Chine',1),(10,'TN',NULL,'Tunisie',1),(11,'US',NULL,'Etats Unis',1),(12,'MA',NULL,'Maroc',1),(13,'DZ',NULL,'Algérie',1),(14,'CA',NULL,'Canada',1),(15,'TG',NULL,'Togo',1),(16,'GA',NULL,'Gabon',1),(17,'NL',NULL,'Pays Bas',1),(18,'HU',NULL,'Hongrie',1),(19,'RU',NULL,'Russie',1),(20,'SE',NULL,'Suède',1),(21,'CI',NULL,'Côte d\'Ivoire',1),(22,'SN',NULL,'Sénégal',1),(23,'AR',NULL,'Argentine',1),(24,'CM',NULL,'Cameroun',1),(25,'PT',NULL,'Portugal',1),(26,'SA',NULL,'Arabie Saoudite',1),(27,'MC',NULL,'Monaco',1),(28,'AU',NULL,'Australie',1),(29,'SG',NULL,'Singapour',1),(30,'AF',NULL,'Afghanistan',1),(31,'AX',NULL,'Iles Aland',1),(32,'AL',NULL,'Albanie',1),(33,'AS',NULL,'Samoa américaines',1),(34,'AD',NULL,'Andorre',1),(35,'AO',NULL,'Angola',1),(36,'AI',NULL,'Anguilla',1),(37,'AQ',NULL,'Antarctique',1),(38,'AG',NULL,'Antigua-et-Barbuda',1),(39,'AM',NULL,'Arménie',1),(40,'AW',NULL,'Aruba',1),(41,'AT',NULL,'Autriche',1),(42,'AZ',NULL,'Azerbaïdjan',1),(43,'BS',NULL,'Bahamas',1),(44,'BH',NULL,'Bahreïn',1),(45,'BD',NULL,'Bangladesh',1),(46,'BB',NULL,'Barbade',1),(47,'BY',NULL,'Biélorussie',1),(48,'BZ',NULL,'Belize',1),(49,'BJ',NULL,'Bénin',1),(50,'BM',NULL,'Bermudes',1),(51,'BT',NULL,'Bhoutan',1),(52,'BO',NULL,'Bolivie',1),(53,'BA',NULL,'Bosnie-Herzégovine',1),(54,'BW',NULL,'Botswana',1),(55,'BV',NULL,'Ile Bouvet',1),(56,'BR',NULL,'Brésil',1),(57,'IO',NULL,'Territoire britannique de l\'Océan Indien',1),(58,'BN',NULL,'Brunei',1),(59,'BG',NULL,'Bulgarie',1),(60,'BF',NULL,'Burkina Faso',1),(61,'BI',NULL,'Burundi',1),(62,'KH',NULL,'Cambodge',1),(63,'CV',NULL,'Cap-Vert',1),(64,'KY',NULL,'Iles Cayman',1),(65,'CF',NULL,'République centrafricaine',1),(66,'TD',NULL,'Tchad',1),(67,'CL',NULL,'Chili',1),(68,'CX',NULL,'Ile Christmas',1),(69,'CC',NULL,'Iles des Cocos (Keeling)',1),(70,'CO',NULL,'Colombie',1),(71,'KM',NULL,'Comores',1),(72,'CG',NULL,'Congo',1),(73,'CD',NULL,'République démocratique du Congo',1),(74,'CK',NULL,'Iles Cook',1),(75,'CR',NULL,'Costa Rica',1),(76,'HR',NULL,'Croatie',1),(77,'CU',NULL,'Cuba',1),(78,'CY',NULL,'Chypre',1),(79,'CZ',NULL,'République Tchèque',1),(80,'DK',NULL,'Danemark',1),(81,'DJ',NULL,'Djibouti',1),(82,'DM',NULL,'Dominique',1),(83,'DO',NULL,'République Dominicaine',1),(84,'EC',NULL,'Equateur',1),(85,'EG',NULL,'Egypte',1),(86,'SV',NULL,'Salvador',1),(87,'GQ',NULL,'Guinée Equatoriale',1),(88,'ER',NULL,'Erythrée',1),(89,'EE',NULL,'Estonie',1),(90,'ET',NULL,'Ethiopie',1),(91,'FK',NULL,'Iles Falkland',1),(92,'FO',NULL,'Iles Féroé',1),(93,'FJ',NULL,'Iles Fidji',1),(94,'FI',NULL,'Finlande',1),(95,'GF',NULL,'Guyane française',1),(96,'PF',NULL,'Polynésie française',1),(97,'TF',NULL,'Terres australes françaises',1),(98,'GM',NULL,'Gambie',1),(99,'GE',NULL,'Géorgie',1),(100,'GH',NULL,'Ghana',1),(101,'GI',NULL,'Gibraltar',1),(102,'GR',NULL,'Grèce',1),(103,'GL',NULL,'Groenland',1),(104,'GD',NULL,'Grenade',1),(105,'GP',NULL,'Guadeloupe',1),(106,'GU',NULL,'Guam',1),(107,'GT',NULL,'Guatemala',1),(108,'GN',NULL,'Guinée',1),(109,'GW',NULL,'Guinée-Bissao',1),(110,'GY',NULL,'Guyana',1),(111,'HT',NULL,'Haïti',1),(112,'HM',NULL,'Iles Heard et McDonald',1),(113,'VA',NULL,'Saint-Siège (Vatican)',1),(114,'HN',NULL,'Honduras',1),(115,'HK',NULL,'Hong Kong',1),(116,'IS',NULL,'Islande',1),(117,'IN',NULL,'Inde',1),(118,'ID',NULL,'Indonésie',1),(119,'IR',NULL,'Iran',1),(120,'IQ',NULL,'Iraq',1),(121,'IL',NULL,'Israël',1),(122,'JM',NULL,'Jamaïque',1),(123,'JP',NULL,'Japon',1),(124,'JO',NULL,'Jordanie',1),(125,'KZ',NULL,'Kazakhstan',1),(126,'KE',NULL,'Kenya',1),(127,'KI',NULL,'Kiribati',1),(128,'KP',NULL,'Corée du Nord',1),(129,'KR',NULL,'Corée du Sud',1),(130,'KW',NULL,'Koweït',1),(131,'KG',NULL,'Kirghizistan',1),(132,'LA',NULL,'Laos',1),(133,'LV',NULL,'Lettonie',1),(134,'LB',NULL,'Liban',1),(135,'LS',NULL,'Lesotho',1),(136,'LR',NULL,'Liberia',1),(137,'LY',NULL,'Libye',1),(138,'LI',NULL,'Liechtenstein',1),(139,'LT',NULL,'Lituanie',1),(140,'LU',NULL,'Luxembourg',1),(141,'MO',NULL,'Macao',1),(142,'MK',NULL,'ex-République yougoslave de Macédoine',1),(143,'MG',NULL,'Madagascar',1),(144,'MW',NULL,'Malawi',1),(145,'MY',NULL,'Malaisie',1),(146,'MV',NULL,'Maldives',1),(147,'ML',NULL,'Mali',1),(148,'MT',NULL,'Malte',1),(149,'MH',NULL,'Iles Marshall',1),(150,'MQ',NULL,'Martinique',1),(151,'MR',NULL,'Mauritanie',1),(152,'MU',NULL,'Maurice',1),(153,'YT',NULL,'Mayotte',1),(154,'MX',NULL,'Mexique',1),(155,'FM',NULL,'Micronésie',1),(156,'MD',NULL,'Moldavie',1),(157,'MN',NULL,'Mongolie',1),(158,'MS',NULL,'Monserrat',1),(159,'MZ',NULL,'Mozambique',1),(160,'MM',NULL,'Birmanie (Myanmar)',1),(161,'NA',NULL,'Namibie',1),(162,'NR',NULL,'Nauru',1),(163,'NP',NULL,'Népal',1),(164,'AN',NULL,'Antilles néerlandaises',1),(165,'NC',NULL,'Nouvelle-Calédonie',1),(166,'NZ',NULL,'Nouvelle-Zélande',1),(167,'NI',NULL,'Nicaragua',1),(168,'NE',NULL,'Niger',1),(169,'NG',NULL,'Nigeria',1),(170,'NU',NULL,'Nioué',1),(171,'NF',NULL,'Ile Norfolk',1),(172,'MP',NULL,'Mariannes du Nord',1),(173,'NO',NULL,'Norvège',1),(174,'OM',NULL,'Oman',1),(175,'PK',NULL,'Pakistan',1),(176,'PW',NULL,'Palaos',1),(177,'PS',NULL,'territoire Palestinien Occupé',1),(178,'PA',NULL,'Panama',1),(179,'PG',NULL,'Papouasie-Nouvelle-Guinée',1),(180,'PY',NULL,'Paraguay',1),(181,'PE',NULL,'Pérou',1),(182,'PH',NULL,'Philippines',1),(183,'PN',NULL,'Iles Pitcairn',1),(184,'PL',NULL,'Pologne',1),(185,'PR',NULL,'Porto Rico',1),(186,'QA',NULL,'Qatar',1),(187,'RE',NULL,'Réunion',1),(188,'RO',NULL,'Roumanie',1),(189,'RW',NULL,'Rwanda',1),(190,'SH',NULL,'Sainte-Hélène',1),(191,'KN',NULL,'Saint-Christophe-et-Niévès',1),(192,'LC',NULL,'Sainte-Lucie',1),(193,'PM',NULL,'Saint-Pierre-et-Miquelon',1),(194,'VC',NULL,'Saint-Vincent-et-les-Grenadines',1),(195,'WS',NULL,'Samoa',1),(196,'SM',NULL,'Saint-Marin',1),(197,'ST',NULL,'Sao Tomé-et-Principe',1),(198,'RS',NULL,'Serbie',1),(199,'SC',NULL,'Seychelles',1),(200,'SL',NULL,'Sierra Leone',1),(201,'SK',NULL,'Slovaquie',1),(202,'SI',NULL,'Slovénie',1),(203,'SB',NULL,'Iles Salomon',1),(204,'SO',NULL,'Somalie',1),(205,'ZA',NULL,'Afrique du Sud',1),(206,'GS',NULL,'Iles Géorgie du Sud et Sandwich du Sud',1),(207,'LK',NULL,'Sri Lanka',1),(208,'SD',NULL,'Soudan',1),(209,'SR',NULL,'Suriname',1),(210,'SJ',NULL,'Iles Svalbard et Jan Mayen',1),(211,'SZ',NULL,'Swaziland',1),(212,'SY',NULL,'Syrie',1),(213,'TW',NULL,'Taïwan',1),(214,'TJ',NULL,'Tadjikistan',1),(215,'TZ',NULL,'Tanzanie',1),(216,'TH',NULL,'Thaïlande',1),(217,'TL',NULL,'Timor Oriental',1),(218,'TK',NULL,'Tokélaou',1),(219,'TO',NULL,'Tonga',1),(220,'TT',NULL,'Trinité-et-Tobago',1),(221,'TR',NULL,'Turquie',1),(222,'TM',NULL,'Turkménistan',1),(223,'TC',NULL,'Iles Turks-et-Caicos',1),(224,'TV',NULL,'Tuvalu',1),(225,'UG',NULL,'Ouganda',1),(226,'UA',NULL,'Ukraine',1),(227,'AE',NULL,'Émirats arabes unis',1),(228,'UM',NULL,'Iles mineures éloignées des États-Unis',1),(229,'UY',NULL,'Uruguay',1),(230,'UZ',NULL,'Ouzbékistan',1),(231,'VU',NULL,'Vanuatu',1),(232,'VE',NULL,'Vénézuela',1),(233,'VN',NULL,'Viêt Nam',1),(234,'VG',NULL,'Iles Vierges britanniques',1),(235,'VI',NULL,'Iles Vierges américaines',1),(236,'WF',NULL,'Wallis-et-Futuna',1),(237,'EH',NULL,'Sahara occidental',1),(238,'YE',NULL,'Yémen',1),(239,'ZM',NULL,'Zambie',1),(240,'ZW',NULL,'Zimbabwe',1),(241,'GG',NULL,'Guernesey',1),(242,'IM',NULL,'Ile de Man',1),(243,'JE',NULL,'Jersey',1),(244,'ME',NULL,'Monténégro',1),(245,'BL',NULL,'Saint-Barthélemy',1),(246,'MF',NULL,'Saint-Martin',1);

--
-- Table structure for table `llx_c_propalst`
--

CREATE TABLE `llx_c_propalst` (
  `id` smallint(6) NOT NULL,
  `code` varchar(12) NOT NULL,
  `label` varchar(30) DEFAULT NULL,
  `active` tinyint(4) NOT NULL DEFAULT '1',
  PRIMARY KEY (`id`),
  UNIQUE KEY `code` (`code`)
) ENGINE=InnoDB DEFAULT CHARSET=utf8;

--
-- Dumping data for table `llx_c_propalst`
--

INSERT INTO `llx_c_propalst` VALUES (0,'PR_DRAFT','Brouillon',1),(1,'PR_OPEN','Ouverte',1),(2,'PR_SIGNED','Signée',1),(3,'PR_NOTSIGNED','Non Signée',1),(4,'PR_FAC','Facturée',1);

--
-- Table structure for table `llx_c_prospectlevel`
--

CREATE TABLE `llx_c_prospectlevel` (
  `code` varchar(12) NOT NULL,
  `label` varchar(30) DEFAULT NULL,
  `sortorder` smallint(6) DEFAULT NULL,
  `active` smallint(6) NOT NULL DEFAULT '1',
  `module` varchar(32) DEFAULT NULL,
  PRIMARY KEY (`code`)
) ENGINE=InnoDB DEFAULT CHARSET=utf8;

--
-- Dumping data for table `llx_c_prospectlevel`
--

INSERT INTO `llx_c_prospectlevel` VALUES ('PL_HIGH','High',4,1,NULL),('PL_LOW','Low',2,1,NULL),('PL_MEDIUM','Medium',3,1,NULL),('PL_NONE','None',1,1,NULL);

--
-- Table structure for table `llx_c_regions`
--

CREATE TABLE `llx_c_regions` (
  `rowid` int(11) NOT NULL AUTO_INCREMENT,
  `code_region` int(11) NOT NULL,
  `fk_pays` int(11) NOT NULL,
  `cheflieu` varchar(50) DEFAULT NULL,
  `tncc` int(11) DEFAULT NULL,
  `nom` varchar(50) DEFAULT NULL,
  `active` tinyint(4) NOT NULL DEFAULT '1',
  PRIMARY KEY (`rowid`),
  UNIQUE KEY `code_region` (`code_region`),
  KEY `idx_c_regions_fk_pays` (`fk_pays`),
  CONSTRAINT `fk_c_regions_fk_pays` FOREIGN KEY (`fk_pays`) REFERENCES `llx_c_pays` (`rowid`)
) ENGINE=InnoDB AUTO_INCREMENT=15402 DEFAULT CHARSET=utf8;

--
-- Dumping data for table `llx_c_regions`
--

INSERT INTO `llx_c_regions` VALUES (1,0,0,'0',0,'-',1),(101,1,1,'97105',3,'Guadeloupe',1),(102,2,1,'97209',3,'Martinique',1),(103,3,1,'97302',3,'Guyane',1),(104,4,1,'97411',3,'Réunion',1),(105,11,1,'75056',1,'Île-de-France',1),(106,21,1,'51108',0,'Champagne-Ardenne',1),(107,22,1,'80021',0,'Picardie',1),(108,23,1,'76540',0,'Haute-Normandie',1),(109,24,1,'45234',2,'Centre',1),(110,25,1,'14118',0,'Basse-Normandie',1),(111,26,1,'21231',0,'Bourgogne',1),(112,31,1,'59350',2,'Nord-Pas-de-Calais',1),(113,41,1,'57463',0,'Lorraine',1),(114,42,1,'67482',1,'Alsace',1),(115,43,1,'25056',0,'Franche-Comté',1),(116,52,1,'44109',4,'Pays de la Loire',1),(117,53,1,'35238',0,'Bretagne',1),(118,54,1,'86194',2,'Poitou-Charentes',1),(119,72,1,'33063',1,'Aquitaine',1),(120,73,1,'31555',0,'Midi-Pyrénées',1),(121,74,1,'87085',2,'Limousin',1),(122,82,1,'69123',2,'Rhône-Alpes',1),(123,83,1,'63113',1,'Auvergne',1),(124,91,1,'34172',2,'Languedoc-Roussillon',1),(125,93,1,'13055',0,'Provence-Alpes-Côte d\'Azur',1),(126,94,1,'2A004',0,'Corse',1),(201,201,2,'',1,'Flandre',1),(202,202,2,'',2,'Wallonie',1),(203,203,2,'',3,'Bruxelles-Capitale',1),(401,401,4,'',0,'Andalucia',1),(402,402,4,'',0,'Aragón',1),(403,403,4,'',0,'Castilla y León',1),(404,404,4,'',0,'Castilla la Mancha',1),(405,405,4,'',0,'Canarias',1),(406,406,4,'',0,'Cataluña',1),(407,407,4,'',0,'Comunidad de Ceuta',1),(408,408,4,'',0,'Comunidad Foral de Navarra',1),(409,409,4,'',0,'Comunidad de Melilla',1),(410,410,4,'',0,'Cantabria',1),(411,411,4,'',0,'Comunidad Valenciana',1),(412,412,4,'',0,'Extemadura',1),(413,413,4,'',0,'Galicia',1),(414,414,4,'',0,'Islas Baleares',1),(415,415,4,'',0,'La Rioja',1),(416,416,4,'',0,'Comunidad de Madrid',1),(417,417,4,'',0,'Región de Murcia',1),(418,418,4,'',0,'Principado de Asturias',1),(419,419,4,'',0,'Pais Vasco',1),(420,420,4,'',0,'Otros',1),(601,601,6,'',1,'Cantons',1),(1001,1001,10,'',0,'Ariana',1),(1002,1002,10,'',0,'Béja',1),(1003,1003,10,'',0,'Ben Arous',1),(1004,1004,10,'',0,'Bizerte',1),(1005,1005,10,'',0,'Gabès',1),(1006,1006,10,'',0,'Gafsa',1),(1007,1007,10,'',0,'Jendouba',1),(1008,1008,10,'',0,'Kairouan',1),(1009,1009,10,'',0,'Kasserine',1),(1010,1010,10,'',0,'Kébili',1),(1011,1011,10,'',0,'La Manouba',1),(1012,1012,10,'',0,'Le Kef',1),(1013,1013,10,'',0,'Mahdia',1),(1014,1014,10,'',0,'Médenine',1),(1015,1015,10,'',0,'Monastir',1),(1016,1016,10,'',0,'Nabeul',1),(1017,1017,10,'',0,'Sfax',1),(1018,1018,10,'',0,'Sidi Bouzid',1),(1019,1019,10,'',0,'Siliana',1),(1020,1020,10,'',0,'Sousse',1),(1021,1021,10,'',0,'Tataouine',1),(1022,1022,10,'',0,'Tozeur',1),(1023,1023,10,'',0,'Tunis',1),(1024,1024,10,'',0,'Zaghouan',1),(1101,1101,11,'',0,'United-States',1),(2301,2301,23,'',0,'Norte',1),(2302,2302,23,'',0,'Litoral',1),(2303,2303,23,'',0,'Cuyana',1),(2304,2304,23,'',0,'Central',1),(2305,2305,23,'',0,'Patagonia',1),(2801,2801,28,'',0,'Australia',1),(4601,4601,46,'Bridgetown',0,'Barbados',1),(6701,6701,67,NULL,NULL,'Tarapacá',1),(6702,6702,67,NULL,NULL,'Antofagasta',1),(6703,6703,67,NULL,NULL,'Atacama',1),(6704,6704,67,NULL,NULL,'Coquimbo',1),(6705,6705,67,NULL,NULL,'Valparaíso',1),(6706,6706,67,NULL,NULL,'General Bernardo O Higgins',1),(6707,6707,67,NULL,NULL,'Maule',1),(6708,6708,67,NULL,NULL,'Biobío',1),(6709,6709,67,NULL,NULL,'Raucanía',1),(6710,6710,67,NULL,NULL,'Los Lagos',1),(6711,6711,67,NULL,NULL,'Aysén General Carlos Ibáñez del Campo',1),(6712,6712,67,NULL,NULL,'Magallanes y Antártica Chilena',1),(6713,6713,67,NULL,NULL,'Santiago',1),(6714,6714,67,NULL,NULL,'Los Ríos',1),(6715,6715,67,NULL,NULL,'Arica y Parinacota',1),(7001,7001,70,'',0,'Colombie',1),(11401,11401,114,'',0,'Honduras',1),(15201,15201,152,'',0,'Rivière Noire',1),(15202,15202,152,'',0,'Flacq',1),(15203,15203,152,'',0,'Grand Port',1),(15204,15204,152,'',0,'Moka',1),(15205,15205,152,'',0,'Pamplemousses',1),(15206,15206,152,'',0,'Plaines Wilhems',1),(15207,15207,152,'',0,'Port-Louis',1),(15208,15208,152,'',0,'Rivière du Rempart',1),(15209,15209,152,'',0,'Savanne',1),(15210,15210,152,'',0,'Rodrigues',1),(15211,15211,152,'',0,'Les îles Agaléga',1),(15212,15212,152,'',0,'Les écueils des Cargados Carajos',1),(15401,15401,154,'',0,'Mexique',1);

--
-- Table structure for table `llx_c_shipment_mode`
--

CREATE TABLE `llx_c_shipment_mode` (
  `rowid` int(11) NOT NULL,
  `tms` timestamp NOT NULL DEFAULT CURRENT_TIMESTAMP ON UPDATE CURRENT_TIMESTAMP,
  `code` varchar(30) NOT NULL,
  `libelle` varchar(50) NOT NULL,
  `description` text,
  `active` tinyint(4) DEFAULT '0',
  `module` varchar(32) DEFAULT NULL,
  PRIMARY KEY (`rowid`)
) ENGINE=InnoDB DEFAULT CHARSET=utf8;

--
-- Dumping data for table `llx_c_shipment_mode`
--

INSERT INTO `llx_c_shipment_mode` VALUES (1,'2010-03-04 09:58:01','CATCH','Catch','Catch by client',1,NULL),(2,'2010-03-04 09:58:01','TRANS','Transporter','Generic transporter',1,NULL),(3,'2010-03-04 09:58:01','COLSUI','Colissimo Suivi','Colissimo Suivi',0,NULL),(4,'2011-10-30 21:56:23','LETTREMAX','Lettre Max','Courrier Suivi et Lettre Max',0,NULL);

--
-- Table structure for table `llx_c_stcomm`
--

CREATE TABLE `llx_c_stcomm` (
  `id` int(11) NOT NULL,
  `code` varchar(12) NOT NULL,
  `libelle` varchar(30) DEFAULT NULL,
  `active` tinyint(4) NOT NULL DEFAULT '1',
  PRIMARY KEY (`id`),
  UNIQUE KEY `code` (`code`)
) ENGINE=InnoDB DEFAULT CHARSET=utf8;

--
-- Dumping data for table `llx_c_stcomm`
--

INSERT INTO `llx_c_stcomm` VALUES (-1,'ST_NO','Ne pas contacter',1),(0,'ST_NEVER','Jamais contacté',1),(1,'ST_TODO','A contacter',1),(2,'ST_PEND','Contact en cours',1),(3,'ST_DONE','Contactée',1);

--
-- Table structure for table `llx_c_tva`
--

CREATE TABLE `llx_c_tva` (
  `rowid` int(11) NOT NULL AUTO_INCREMENT,
  `fk_pays` int(11) NOT NULL,
  `taux` double NOT NULL,
  `localtax1` double NOT NULL DEFAULT '0',
  `localtax2` double NOT NULL DEFAULT '0',
  `recuperableonly` int(11) NOT NULL DEFAULT '0',
  `note` varchar(128) DEFAULT NULL,
  `active` tinyint(4) NOT NULL DEFAULT '1',
  `accountancy_code` varchar(15) DEFAULT NULL,
  PRIMARY KEY (`rowid`)
) ENGINE=InnoDB AUTO_INCREMENT=2463 DEFAULT CHARSET=utf8;

--
-- Dumping data for table `llx_c_tva`
--

INSERT INTO `llx_c_tva` VALUES (11,1,19.6,0,0,0,'VAT standard rate (France hors DOM-TOM)',1,NULL),(12,1,8.5,0,0,0,'VAT standard rate (DOM sauf Guyane et Saint-Martin)',0,NULL),(13,1,8.5,0,0,1,'VAT standard rate (DOM sauf Guyane et Saint-Martin), non perçu par le vendeur mais récupérable par acheteur',0,NULL),(14,1,5.5,0,0,0,'VAT reduced rate (France hors DOM-TOM)',1,NULL),(15,1,0,0,0,0,'VAT Rate 0 ou non applicable',1,NULL),(16,1,2.1,0,0,0,'VAT super-reduced rate',1,NULL),(21,2,21,0,0,0,'VAT standard rate',1,NULL),(22,2,6,0,0,0,'VAT reduced rate',1,NULL),(23,2,0,0,0,0,'VAT Rate 0 ou non applicable',1,NULL),(24,2,12,0,0,0,'VAT reduced rate',1,NULL),(31,3,20,0,0,0,'VAT standard rate',1,NULL),(32,3,10,0,0,0,'VAT reduced rate',1,NULL),(33,3,4,0,0,0,'VAT super-reduced rate',1,NULL),(34,3,0,0,0,0,'VAT Rate 0',1,NULL),(41,4,18,0,0,0,'VAT standard rate',1,NULL),(42,4,8,0,0,0,'VAT reduced rate',1,NULL),(43,4,4,0,0,0,'VAT super-reduced rate',1,NULL),(44,4,0,0,0,0,'VAT Rate 0',1,NULL),(51,5,19,0,0,0,'VAT standard rate',1,NULL),(52,5,7,0,0,0,'VAT reduced rate',1,NULL),(53,5,0,0,0,0,'VAT Rate 0',1,NULL),(61,6,8,0,0,0,'VAT standard rate',1,NULL),(62,6,3.6,0,0,0,'VAT reduced rate',1,NULL),(63,6,2.5,0,0,0,'VAT super-reduced rate',1,NULL),(64,6,0,0,0,0,'VAT Rate 0',1,NULL),(71,7,15,0,0,0,'VAT standard rate',1,NULL),(72,7,5,0,0,0,'VAT reduced rate',1,NULL),(73,7,0,0,0,0,'VAT Rate 0',1,NULL),(101,10,6,0,0,0,'TVA 6%',1,NULL),(102,10,12,0,0,0,'TVA 12%',1,NULL),(103,10,18,0,0,0,'VAT 18%',1,NULL),(104,10,7.5,0,0,0,'TVA 6% Majoré à 25% (7.5%)',1,NULL),(105,10,15,0,0,0,'TVA 12% Majoré à 25% (15%)',1,NULL),(106,10,22.5,0,0,0,'VAT 18% Majoré à 25% (22.5%)',1,NULL),(107,10,0,0,0,0,'VAT Rate 0',1,NULL),(121,12,20,0,0,0,'VAT standard rate',1,NULL),(122,12,14,0,0,0,'VAT reduced rate',1,NULL),(123,12,10,0,0,0,'VAT reduced rate',1,NULL),(124,12,7,0,0,0,'VAT super-reduced rate',1,NULL),(141,14,7,0,0,0,'VAT standard rate',1,NULL),(142,14,0,0,0,0,'VAT Rate 0',1,NULL),(143,140,6,0,0,0,'VAT reduced rate',1,NULL),(144,140,3,0,0,0,'VAT super-reduced rate',1,NULL),(145,140,0,0,0,0,'VAT Rate 0',1,NULL),(171,17,19,0,0,0,'VAT standard rate',1,NULL),(172,17,6,0,0,0,'VAT reduced rate',1,NULL),(173,17,0,0,0,0,'VAT Rate 0',1,NULL),(201,20,25,0,0,0,'VAT standard rate',1,NULL),(202,20,12,0,0,0,'VAT reduced rate',1,NULL),(203,20,6,0,0,0,'VAT super-reduced rate',1,NULL),(204,20,0,0,0,0,'VAT Rate 0',1,NULL),(251,25,20,0,0,0,'VAT standard rate',1,NULL),(252,25,12,0,0,0,'VAT reduced rate',1,NULL),(253,25,0,0,0,0,'VAT Rate 0',1,NULL),(254,25,5,0,0,0,'VAT reduced rate',1,NULL),(281,28,10,0,0,0,'VAT standard rate',1,NULL),(282,28,0,0,0,0,'VAT Rate 0',1,NULL),(411,41,20,0,0,0,'VAT standard rate',1,NULL),(412,41,10,0,0,0,'VAT reduced rate',1,NULL),(413,41,0,0,0,0,'VAT Rate 0',1,NULL),(461,46,0,0,0,0,'No VAT',1,NULL),(462,46,15,0,0,0,'VAT 15%',1,NULL),(463,46,7.5,0,0,0,'VAT 7.5%',1,NULL),(1141,114,0,0,0,0,'No ISV',1,NULL),(1142,114,12,0,0,0,'ISV 12%',1,NULL),(1231,123,0,0,0,0,'VAT Rate 0',1,NULL),(1232,123,5,0,0,0,'VAT Rate 5',1,NULL),(1521,152,0,0,0,0,'VAT Rate 0',1,NULL),(1522,152,15,0,0,0,'VAT Rate 15',1,NULL),(1541,154,0,0,0,0,'No VAT',1,NULL),(1542,154,16,0,0,0,'VAT 16%',1,NULL),(1543,154,10,0,0,0,'VAT Frontero',1,NULL),(1931,193,0,0,0,0,'No VAT in SPM',1,NULL),(2461,246,0,0,0,0,'VAT Rate 0',1,NULL),(2462,6,7.6,0,0,0,'VAT standard rate',1,NULL);

--
-- Table structure for table `llx_c_type_contact`
--

CREATE TABLE `llx_c_type_contact` (
  `rowid` int(11) NOT NULL,
  `element` varchar(30) NOT NULL,
  `source` varchar(8) NOT NULL DEFAULT 'external',
  `code` varchar(16) NOT NULL,
  `libelle` varchar(64) NOT NULL,
  `active` tinyint(4) NOT NULL DEFAULT '1',
  `module` varchar(32) DEFAULT NULL,
  PRIMARY KEY (`rowid`),
  UNIQUE KEY `idx_c_type_contact_uk` (`element`,`source`,`code`)
) ENGINE=InnoDB DEFAULT CHARSET=utf8;

--
-- Dumping data for table `llx_c_type_contact`
--

INSERT INTO `llx_c_type_contact` VALUES (10,'contrat','internal','SALESREPSIGN','Commercial signataire du contrat',1,NULL),(11,'contrat','internal','SALESREPFOLL','Commercial suivi du contrat',1,NULL),(20,'contrat','external','BILLING','Contact client facturation contrat',1,NULL),(21,'contrat','external','CUSTOMER','Contact client suivi contrat',1,NULL),(22,'contrat','external','SALESREPSIGN','Contact client signataire contrat',1,NULL),(31,'propal','internal','SALESREPFOLL','Commercial à l\'origine de la propale',1,NULL),(40,'propal','external','BILLING','Contact client facturation propale',1,NULL),(41,'propal','external','CUSTOMER','Contact client suivi propale',1,NULL),(50,'facture','internal','SALESREPFOLL','Responsable suivi du paiement',1,NULL),(60,'facture','external','BILLING','Contact client facturation',1,NULL),(61,'facture','external','SHIPPING','Contact client livraison',1,NULL),(62,'facture','external','SERVICE','Contact client prestation',1,NULL),(70,'invoice_supplier','internal','SALESREPFOLL','Responsable suivi du paiement',1,NULL),(71,'invoice_supplier','external','BILLING','Contact fournisseur facturation',1,NULL),(72,'invoice_supplier','external','SHIPPING','Contact fournisseur livraison',1,NULL),(73,'invoice_supplier','external','SERVICE','Contact fournisseur prestation',1,NULL),(91,'commande','internal','SALESREPFOLL','Responsable suivi de la commande',1,NULL),(100,'commande','external','BILLING','Contact client facturation commande',1,NULL),(101,'commande','external','CUSTOMER','Contact client suivi commande',1,NULL),(102,'commande','external','SHIPPING','Contact client livraison commande',1,NULL),(120,'fichinter','internal','INTERREPFOLL','Responsable suivi de l\'intervention',1,NULL),(121,'fichinter','internal','INTERVENING','Intervenant',1,NULL),(130,'fichinter','external','BILLING','Contact client facturation intervention',1,NULL),(131,'fichinter','external','CUSTOMER','Contact client suivi de l\'intervention',1,NULL),(140,'order_supplier','internal','SALESREPFOLL','Responsable suivi de la commande',1,NULL),(141,'order_supplier','internal','SHIPPING','Responsable réception de la commande',1,NULL),(142,'order_supplier','external','BILLING','Contact fournisseur facturation commande',1,NULL),(143,'order_supplier','external','CUSTOMER','Contact fournisseur suivi commande',1,NULL),(145,'order_supplier','external','SHIPPING','Contact fournisseur livraison commande',1,NULL),(160,'project','internal','PROJECTLEADER','Chef de Projet',1,NULL),(161,'project','internal','CONTRIBUTOR','Intervenant',1,NULL),(170,'project','external','PROJECTLEADER','Chef de Projet',1,NULL),(171,'project','external','CONTRIBUTOR','Intervenant',1,NULL),(180,'project_task','internal','TASKEXECUTIVE','Responsable',1,NULL),(181,'project_task','internal','CONTRIBUTOR','Intervenant',1,NULL),(190,'project_task','external','TASKEXECUTIVE','Responsable',1,NULL),(191,'project_task','external','CONTRIBUTOR','Intervenant',1,NULL);

--
-- Table structure for table `llx_c_type_fees`
--

CREATE TABLE `llx_c_type_fees` (
  `id` int(11) NOT NULL AUTO_INCREMENT,
  `code` varchar(12) NOT NULL,
  `libelle` varchar(30) DEFAULT NULL,
  `active` tinyint(4) NOT NULL DEFAULT '1',
  `module` varchar(32) DEFAULT NULL,
  PRIMARY KEY (`id`),
  UNIQUE KEY `code` (`code`)
) ENGINE=InnoDB AUTO_INCREMENT=4 DEFAULT CHARSET=utf8;

--
-- Dumping data for table `llx_c_type_fees`
--

INSERT INTO `llx_c_type_fees` VALUES (1,'TF_OTHER','Other',1,NULL),(2,'TF_TRIP','Trip',1,NULL),(3,'TF_LUNCH','Lunch',1,NULL);

--
-- Table structure for table `llx_c_typent`
--

CREATE TABLE `llx_c_typent` (
  `id` int(11) NOT NULL,
  `code` varchar(12) NOT NULL,
  `libelle` varchar(30) DEFAULT NULL,
  `active` tinyint(4) NOT NULL DEFAULT '1',
  `module` varchar(32) DEFAULT NULL,
  PRIMARY KEY (`id`),
  UNIQUE KEY `code` (`code`)
) ENGINE=InnoDB DEFAULT CHARSET=utf8;

--
-- Dumping data for table `llx_c_typent`
--

INSERT INTO `llx_c_typent` VALUES (0,'TE_UNKNOWN','-',1,NULL),(1,'TE_STARTUP','Start-up',0,NULL),(2,'TE_GROUP','Grand groupe',1,NULL),(3,'TE_MEDIUM','PME/PMI',1,NULL),(4,'TE_SMALL','TPE',1,NULL),(5,'TE_ADMIN','Administration',1,NULL),(6,'TE_WHOLE','Grossiste',0,NULL),(7,'TE_RETAIL','Revendeur',0,NULL),(8,'TE_PRIVATE','Particulier',1,NULL),(100,'TE_OTHER','Autres',1,NULL);

--
-- Table structure for table `llx_c_ziptown`
--

CREATE TABLE `llx_c_ziptown` (
  `rowid` int(11) NOT NULL AUTO_INCREMENT,
  `code` varchar(5) DEFAULT NULL,
  `fk_county` int(11) DEFAULT NULL,
  `fk_pays` int(11) NOT NULL DEFAULT '0',
  `zip` varchar(10) NOT NULL,
  `town` varchar(255) NOT NULL,
  `active` tinyint(4) NOT NULL DEFAULT '1',
  PRIMARY KEY (`rowid`),
  KEY `idx_c_ziptown_fk_county` (`fk_county`),
  CONSTRAINT `fk_c_ziptown_fk_county` FOREIGN KEY (`fk_county`) REFERENCES `llx_c_departements` (`rowid`)
) ENGINE=InnoDB DEFAULT CHARSET=latin1;

--
-- Dumping data for table `llx_c_ziptown`
--


--
-- Table structure for table `llx_categorie`
--

CREATE TABLE `llx_categorie` (
  `rowid` int(11) NOT NULL AUTO_INCREMENT,
  `label` varchar(255) DEFAULT NULL,
  `type` tinyint(4) NOT NULL DEFAULT '1',
  `entity` int(11) NOT NULL DEFAULT '1',
  `description` text,
  `fk_soc` int(11) DEFAULT NULL,
  `visible` tinyint(4) NOT NULL DEFAULT '1',
  `import_key` varchar(14) DEFAULT NULL,
  PRIMARY KEY (`rowid`),
  UNIQUE KEY `uk_categorie_ref` (`label`,`type`,`entity`),
  KEY `idx_categorie_type` (`type`)
) ENGINE=InnoDB DEFAULT CHARSET=utf8;

--
-- Dumping data for table `llx_categorie`
--


--
-- Table structure for table `llx_categorie_association`
--

CREATE TABLE `llx_categorie_association` (
  `fk_categorie_mere` int(11) NOT NULL,
  `fk_categorie_fille` int(11) NOT NULL,
  UNIQUE KEY `uk_categorie_association` (`fk_categorie_mere`,`fk_categorie_fille`),
  UNIQUE KEY `uk_categorie_association_fk_categorie_fille` (`fk_categorie_fille`),
  CONSTRAINT `fk_categorie_asso_fk_categorie_fille` FOREIGN KEY (`fk_categorie_fille`) REFERENCES `llx_categorie` (`rowid`),
  CONSTRAINT `fk_categorie_asso_fk_categorie_mere` FOREIGN KEY (`fk_categorie_mere`) REFERENCES `llx_categorie` (`rowid`)
) ENGINE=InnoDB DEFAULT CHARSET=utf8;

--
-- Dumping data for table `llx_categorie_association`
--


--
-- Table structure for table `llx_categorie_fournisseur`
--

CREATE TABLE `llx_categorie_fournisseur` (
  `fk_categorie` int(11) NOT NULL,
  `fk_societe` int(11) NOT NULL,
  UNIQUE KEY `fk_categorie` (`fk_categorie`,`fk_societe`)
) ENGINE=InnoDB DEFAULT CHARSET=utf8;

--
-- Dumping data for table `llx_categorie_fournisseur`
--


--
-- Table structure for table `llx_categorie_member`
--

CREATE TABLE `llx_categorie_member` (
  `fk_categorie` int(11) NOT NULL,
  `fk_member` int(11) NOT NULL,
  PRIMARY KEY (`fk_categorie`,`fk_member`),
  KEY `idx_categorie_member_fk_categorie` (`fk_categorie`),
  KEY `idx_categorie_member_fk_member` (`fk_member`),
  CONSTRAINT `fk_categorie_member_categorie_rowid` FOREIGN KEY (`fk_categorie`) REFERENCES `llx_categorie` (`rowid`),
  CONSTRAINT `fk_categorie_member_member_rowid` FOREIGN KEY (`fk_member`) REFERENCES `llx_adherent` (`rowid`)
) ENGINE=InnoDB DEFAULT CHARSET=latin1;

--
-- Dumping data for table `llx_categorie_member`
--


--
-- Table structure for table `llx_categorie_product`
--

CREATE TABLE `llx_categorie_product` (
  `fk_categorie` int(11) NOT NULL,
  `fk_product` int(11) NOT NULL,
  PRIMARY KEY (`fk_categorie`,`fk_product`),
  KEY `idx_categorie_product_fk_categorie` (`fk_categorie`),
  KEY `idx_categorie_product_fk_product` (`fk_product`),
  CONSTRAINT `fk_categorie_product_categorie_rowid` FOREIGN KEY (`fk_categorie`) REFERENCES `llx_categorie` (`rowid`),
  CONSTRAINT `fk_categorie_product_product_rowid` FOREIGN KEY (`fk_product`) REFERENCES `llx_product` (`rowid`)
) ENGINE=InnoDB DEFAULT CHARSET=utf8;

--
-- Dumping data for table `llx_categorie_product`
--


--
-- Table structure for table `llx_categorie_societe`
--

CREATE TABLE `llx_categorie_societe` (
  `fk_categorie` int(11) NOT NULL,
  `fk_societe` int(11) NOT NULL,
  PRIMARY KEY (`fk_categorie`,`fk_societe`),
  KEY `idx_categorie_societe_fk_categorie` (`fk_categorie`),
  KEY `idx_categorie_societe_fk_societe` (`fk_societe`),
  CONSTRAINT `fk_categorie_societe_categorie_rowid` FOREIGN KEY (`fk_categorie`) REFERENCES `llx_categorie` (`rowid`),
  CONSTRAINT `fk_categorie_societe_fk_soc` FOREIGN KEY (`fk_societe`) REFERENCES `llx_societe` (`rowid`)
) ENGINE=InnoDB DEFAULT CHARSET=utf8;

--
-- Dumping data for table `llx_categorie_societe`
--


--
-- Table structure for table `llx_chargesociales`
--

CREATE TABLE `llx_chargesociales` (
  `rowid` int(11) NOT NULL AUTO_INCREMENT,
  `date_ech` datetime NOT NULL,
  `libelle` varchar(80) NOT NULL,
  `entity` int(11) NOT NULL DEFAULT '1',
  `fk_type` int(11) NOT NULL,
  `amount` double NOT NULL DEFAULT '0',
  `paye` smallint(6) NOT NULL DEFAULT '0',
  `periode` date DEFAULT NULL,
  PRIMARY KEY (`rowid`)
) ENGINE=InnoDB DEFAULT CHARSET=utf8;

--
-- Dumping data for table `llx_chargesociales`
--


--
-- Table structure for table `llx_commande`
--

CREATE TABLE `llx_commande` (
  `rowid` int(11) NOT NULL AUTO_INCREMENT,
  `tms` timestamp NOT NULL DEFAULT CURRENT_TIMESTAMP ON UPDATE CURRENT_TIMESTAMP,
  `fk_soc` int(11) NOT NULL,
  `fk_projet` int(11) DEFAULT '0',
  `ref` varchar(30) NOT NULL,
  `entity` int(11) NOT NULL DEFAULT '1',
  `ref_ext` varchar(50) DEFAULT NULL,
  `ref_int` varchar(50) DEFAULT NULL,
  `ref_client` varchar(50) DEFAULT NULL,
  `date_creation` datetime DEFAULT NULL,
  `date_valid` datetime DEFAULT NULL,
  `date_cloture` datetime DEFAULT NULL,
  `date_commande` date DEFAULT NULL,
  `fk_user_author` int(11) DEFAULT NULL,
  `fk_user_valid` int(11) DEFAULT NULL,
  `fk_user_cloture` int(11) DEFAULT NULL,
  `source` smallint(6) DEFAULT NULL,
  `fk_statut` smallint(6) DEFAULT '0',
  `amount_ht` double DEFAULT '0',
  `remise_percent` double DEFAULT '0',
  `remise_absolue` double DEFAULT '0',
  `remise` double DEFAULT '0',
  `tva` double(24,8) DEFAULT '0.00000000',
  `localtax1` double(24,8) DEFAULT '0.00000000',
  `localtax2` double(24,8) DEFAULT '0.00000000',
  `total_ht` double(24,8) DEFAULT '0.00000000',
  `total_ttc` double(24,8) DEFAULT '0.00000000',
  `note` text,
  `note_public` text,
  `model_pdf` varchar(255) DEFAULT NULL,
  `facture` tinyint(4) DEFAULT '0',
  `fk_cond_reglement` int(11) DEFAULT NULL,
  `fk_mode_reglement` int(11) DEFAULT NULL,
  `date_livraison` date DEFAULT NULL,
  `fk_availability` int(11) DEFAULT NULL,
  `fk_demand_reason` int(11) DEFAULT NULL,
  `fk_adresse_livraison` int(11) DEFAULT NULL,
  `import_key` varchar(14) DEFAULT NULL,
  PRIMARY KEY (`rowid`),
  UNIQUE KEY `uk_commande_ref` (`ref`,`entity`),
  KEY `idx_commande_fk_soc` (`fk_soc`),
  CONSTRAINT `fk_commande_fk_soc` FOREIGN KEY (`fk_soc`) REFERENCES `llx_societe` (`rowid`)
) ENGINE=InnoDB AUTO_INCREMENT=27 DEFAULT CHARSET=utf8;

--
-- Dumping data for table `llx_commande`
--

INSERT INTO `llx_commande` VALUES (10,'2011-12-01 18:07:54',1,0,'CO1108-0005',1,NULL,NULL,'Charmey / Gruyère','2011-08-30 15:02:09','2011-12-01 19:07:19','2011-12-01 19:07:45','2011-08-30',3,3,3,NULL,3,0,0,NULL,0,52.80000000,0.00000000,0.00000000,660.00000000,712.80000000,'','','',1,1,2,NULL,NULL,NULL,NULL,NULL),(11,'2011-10-31 15:40:08',7,0,'CO1109-0003',1,NULL,NULL,'','2011-09-15 16:19:27','2011-09-15 16:21:04','2011-09-15 16:21:22','2011-09-15',3,3,3,NULL,3,0,0,NULL,0,320.00000000,0.00000000,0.00000000,4000.00000000,4320.00000000,'','','',1,1,2,'2011-09-09',NULL,NULL,NULL,NULL),(13,'2012-06-04 07:40:42',8,0,'CO1110-0004',1,NULL,NULL,'Cleanea V3','2011-10-21 14:04:22','2011-12-06 17:40:42','2012-06-04 09:40:36','2011-10-21',3,3,3,NULL,3,0,0,NULL,0,392.79000000,0.00000000,0.00000000,4909.83000000,5302.62000000,'','La présente proposition commerciale est uniquement valable dans le cadre d\'un futur partenariat avec l\'AIG. Cleanea ne consent nullement a effectuer des locations de ses machines.\r\n\r\nDans le cas ou, à la suite de la fin de période d\'essai de 6 mois, incluant le sel, la maintenance, et la garantie, l\'AIG décide de conserver la machine, les frais engagés seront déduits de la facture finale. Dans le cas contraire, l\'enlèvement de la machine sera facturé (mains d\'oeuvre et expédition ), en adjonction des sprays manquants.\r\n\r\nCette proposition est valable 15 jours.','einstein',1,1,2,NULL,NULL,NULL,NULL,NULL),(15,'2013-07-16 14:11:19',57,0,'CO1202-0006',1,NULL,NULL,'','2012-02-14 08:09:03','2012-02-14 08:09:55','2013-04-10 11:53:07','2012-02-14',3,3,2,NULL,3,0,0,NULL,0,8.74000000,0.00000000,0.00000000,109.20000000,117.94000000,'','','einstein',1,1,2,'2012-02-14',1,5,NULL,NULL),(16,'2012-06-04 07:41:12',8,0,'CO1202-0007',1,NULL,NULL,'','2012-02-28 16:01:19','2012-02-28 16:01:50','2012-06-04 09:41:09','2012-02-28',3,3,3,NULL,3,0,0,NULL,0,1766.29000000,0.00000000,0.00000000,22078.64000000,23844.93000000,'','','einstein',1,1,2,'2012-02-28',1,5,NULL,NULL),(17,'2012-08-31 08:12:32',103,0,'CO1207-0008',1,NULL,NULL,'','2012-07-05 16:31:16','2012-07-05 16:31:57','2012-08-31 10:12:24','2012-07-05',3,3,3,NULL,3,0,0,NULL,0,2156.89000000,0.00000000,0.00000000,26961.11000000,29118.00000000,'','','einstein',1,1,2,'2012-08-13',4,5,NULL,NULL),(18,'2013-04-10 09:51:51',1,0,'CO1210-0009',1,NULL,NULL,'','2012-10-18 16:51:52','2012-11-05 10:47:07','2013-04-10 11:51:45','2012-10-18',3,3,2,NULL,3,0,0,NULL,0,1643.66000000,0.00000000,0.00000000,20545.80000000,22189.46000000,'','EMS Grand Vennes\r\nLogistique directe / EMS\r\nPaiement 30% à la commande / 70% à réception par le client ou le tiers.\r\n','einstein',1,1,2,'2012-11-08',2,5,NULL,NULL),(21,'2013-07-04 09:02:12',113,0,'CO1304-0010',1,NULL,NULL,'','2013-05-02 17:26:06','2013-05-02 17:26:24','2013-07-04 11:02:06','2013-04-09',2,2,27,NULL,3,0,0,NULL,0,1502.00000000,0.00000000,0.00000000,19702.00000000,21204.00000000,'','','einstein',1,3,NULL,NULL,NULL,NULL,NULL,NULL),(22,'2013-07-04 09:01:21',113,0,'CO1305-0011',1,NULL,NULL,'','2013-05-27 12:22:45','2013-05-27 12:24:58','2013-07-04 11:01:16','2013-05-28',27,27,27,NULL,3,0,0,NULL,0,17.48000000,0.00000000,0.00000000,218.52000000,236.00000000,'Proposition commerciale PR1305-033 signée le 23/05/2013','Livré en main propre par Stéphane SCHMALTZ\r\nDemande de dispatchage dans les différents centres acceptée\r\nDepuis Siège ONet SUisse - Genève','einstein',1,1,2,'2013-05-28',1,5,NULL,NULL),(23,'2013-07-04 09:00:12',20,0,'CO1306-0012',1,NULL,NULL,'','2013-06-25 16:48:41','2013-06-25 16:49:49','2013-07-04 11:00:04','2013-06-25',27,27,27,NULL,3,0,0,NULL,0,43.70000000,0.00000000,0.00000000,546.30000000,590.00000000,'','','einstein',1,NULL,NULL,NULL,NULL,NULL,NULL,NULL),(24,'2013-08-27 15:35:44',124,0,'CO1307-0013',1,NULL,NULL,'','2013-07-22 09:46:46','2013-07-22 09:48:21','2013-08-13 12:56:46','2013-07-22',27,27,27,NULL,3,0,0,NULL,0,111.24000000,0.00000000,0.00000000,1390.50000000,1501.74000000,'','selon commande e-mail J Ponsot du 18 juillet 2013','einstein',1,NULL,NULL,'2013-08-09',NULL,NULL,NULL,NULL),(26,'2013-09-02 08:45:27',9,0,'CO1308-0014',1,NULL,NULL,'','2013-08-07 12:38:33','2013-08-07 12:40:05','2013-09-02 10:45:22','2013-08-07',27,27,27,NULL,3,0,0,NULL,0,0.00000000,0.00000000,0.00000000,0.00000000,0.00000000,'','Gestion commercial','einstein',1,1,NULL,'2013-09-10',NULL,NULL,NULL,NULL);

--
-- Table structure for table `llx_commande_fournisseur`
--

CREATE TABLE `llx_commande_fournisseur` (
  `rowid` int(11) NOT NULL AUTO_INCREMENT,
  `tms` timestamp NOT NULL DEFAULT CURRENT_TIMESTAMP ON UPDATE CURRENT_TIMESTAMP,
  `fk_soc` int(11) NOT NULL,
  `ref` varchar(30) NOT NULL,
  `entity` int(11) NOT NULL DEFAULT '1',
  `ref_ext` varchar(30) DEFAULT NULL,
  `ref_supplier` varchar(30) DEFAULT NULL,
  `fk_projet` int(11) DEFAULT '0',
  `date_creation` datetime DEFAULT NULL,
  `date_valid` datetime DEFAULT NULL,
  `date_cloture` datetime DEFAULT NULL,
  `date_commande` date DEFAULT NULL,
  `fk_user_author` int(11) DEFAULT NULL,
  `fk_user_valid` int(11) DEFAULT NULL,
  `fk_user_cloture` int(11) DEFAULT NULL,
  `source` smallint(6) NOT NULL,
  `fk_statut` smallint(6) DEFAULT '0',
  `amount_ht` double DEFAULT '0',
  `remise_percent` double DEFAULT '0',
  `remise` double DEFAULT '0',
  `tva` double(24,8) DEFAULT '0.00000000',
  `localtax1` double(24,8) DEFAULT '0.00000000',
  `localtax2` double(24,8) DEFAULT '0.00000000',
  `total_ht` double(24,8) DEFAULT '0.00000000',
  `total_ttc` double(24,8) DEFAULT '0.00000000',
  `note` text,
  `note_public` text,
  `model_pdf` varchar(255) DEFAULT NULL,
  `fk_cond_reglement` int(11) DEFAULT '0',
  `fk_mode_reglement` int(11) DEFAULT '0',
  `fk_methode_commande` int(11) DEFAULT '0',
  `import_key` varchar(14) DEFAULT NULL,
  PRIMARY KEY (`rowid`),
  UNIQUE KEY `uk_commande_fournisseur_ref` (`ref`,`fk_soc`,`entity`),
  KEY `idx_commande_fournisseur_fk_soc` (`fk_soc`),
  CONSTRAINT `fk_commande_fournisseur_fk_soc` FOREIGN KEY (`fk_soc`) REFERENCES `llx_societe` (`rowid`)
) ENGINE=InnoDB AUTO_INCREMENT=24 DEFAULT CHARSET=utf8;

--
-- Dumping data for table `llx_commande_fournisseur`
--

INSERT INTO `llx_commande_fournisseur` VALUES (3,'2011-04-18 08:28:34',46,'CF1104-0002',1,NULL,NULL,0,'2011-04-18 10:24:36','2011-04-18 10:25:06',NULL,'2011-04-18',3,3,NULL,0,4,0,0,0,0.00000000,0.00000000,0.00000000,310.00000000,310.00000000,NULL,NULL,'muscadet',0,0,3,NULL),(5,'2012-06-11 17:56:54',6,'CF1206-0008',1,NULL,NULL,0,'2011-12-06 17:53:34','2012-06-11 19:54:34',NULL,'2012-06-11',3,3,NULL,0,3,0,0,0,0.00000000,0.00000000,0.00000000,13256.00000000,13256.00000000,'','Adresse de livraison :\r\n\r\nCNordic AB\r\nC/O Pontus Reutersward\r\nStallvägen 31\r\n24563 Hjärup\r\nSweden\r\n\r\nLivraison souhaité semaine du 24.06.2012\r\nAttention adresse soumise à changement en cas de validation client.','muscadet',0,0,3,NULL),(6,'2011-12-06 17:12:50',6,'CF1112-0003',1,NULL,NULL,0,'2011-12-06 18:10:23','2011-12-06 18:12:30',NULL,'2011-12-06',3,3,NULL,0,3,0,0,0,0.00000000,0.00000000,0.00000000,25.00000000,25.00000000,'','Merci de l\'envoyer avant commande Aeroport Genève','muscadet',0,0,3,NULL),(7,'2012-02-02 17:24:43',6,'CF1202-0004',1,NULL,NULL,0,'2012-02-02 18:22:06','2012-02-02 18:22:56',NULL,NULL,3,3,NULL,0,2,0,0,0,0.00000000,0.00000000,0.00000000,12800.00000000,12800.00000000,NULL,NULL,'muscadet',0,0,0,NULL),(8,'2012-02-02 17:26:47',6,'CF1202-0005',1,NULL,NULL,0,'2012-02-02 18:25:43','2012-02-02 18:26:23',NULL,'2012-02-02',3,3,NULL,0,3,0,0,0,0.00000000,0.00000000,0.00000000,12800.00000000,12800.00000000,NULL,NULL,'muscadet',0,0,4,NULL),(9,'2012-03-06 10:25:02',6,'CF1203-0006',1,NULL,NULL,0,'2012-03-06 11:21:49','2012-03-06 11:24:46',NULL,'2012-03-06',3,3,NULL,0,3,0,0,0,0.00000000,0.00000000,0.00000000,12060.00000000,12060.00000000,'','Ecole Hotelière de Lausanne\r\nLe Chalet-à-Gobet Case Postale 37\r\n1000 Lausanne\r\nSuisse\r\n\r\nPersonne de contact surplace : Mme Fernandez \r\nDélai de livraison : 3 à 5 sem','muscadet',0,0,3,NULL),(10,'2012-05-30 16:23:18',70,'CF1205-0007',1,NULL,NULL,0,'2012-05-30 18:22:17','2012-05-30 18:23:16',NULL,NULL,3,3,NULL,0,2,0,0,0,0.00000000,0.00000000,0.00000000,951.00000000,951.00000000,NULL,NULL,'muscadet',0,0,0,NULL),(12,'2012-06-20 06:34:30',6,'CF1206-0009',1,NULL,NULL,0,'2012-06-19 17:21:54','2012-06-19 19:29:28',NULL,'2012-06-19',3,3,NULL,0,3,0,0,0,0.00000000,0.00000000,0.00000000,300.00000000,300.00000000,'','En poste restante à Divonne / Mettre Frederic Reuge Cleanea en contact','muscadet',0,0,3,NULL),(13,'2012-07-06 16:38:34',6,'CF1207-0010',1,NULL,NULL,0,'2012-07-06 18:31:45','2012-07-06 18:38:32',NULL,NULL,3,3,NULL,0,2,0,0,0,0.00000000,0.00000000,0.00000000,13256.00000000,13256.00000000,'','Machine EPFL / ISS Facility Services SA\r\nAdresse de livraison EPFL (adresse à valider avec le client suite installation)\r\nDate de livraison : Semaine 33','muscadet',0,0,0,NULL),(15,'2012-07-13 09:49:40',6,'CF1207-0011',1,NULL,NULL,0,'2012-07-13 11:44:41','2012-07-13 11:49:24',NULL,'2012-07-13',3,3,NULL,0,3,0,0,0,0.00000000,0.00000000,0.00000000,3991.00000000,3991.00000000,NULL,NULL,'muscadet',0,0,3,NULL),(16,'2012-08-30 12:09:28',6,'CF1208-0012',1,NULL,NULL,0,'2012-08-30 12:12:34','2012-08-30 14:02:47',NULL,'2012-08-30',3,3,NULL,0,3,0,0,0,0.00000000,0.00000000,0.00000000,15756.00000000,15756.00000000,'','Please have the delivery arrived on the 17.09.2012 at the following adress: \r\nHensons Tvätt och Sjöverkstad AB\r\nC/O Robert Feldt\r\nOffice: Koppargatan 9\r\nDelivery adress: Järngatan 2 234 35 Lomma\r\nSweden.\r\ntel: +46 70 590 15 90\r\nExp. Delivery : Sept 17th / 2012','muscadet',0,0,3,NULL),(18,'2012-08-31 08:16:50',49,'CF1208-0013',1,NULL,NULL,0,'2012-08-31 10:15:41','2012-08-31 10:16:35',NULL,NULL,3,3,NULL,0,2,0,0,0,0.00000000,0.00000000,0.00000000,1290.00000000,1290.00000000,'','Spray Sweden','muscadet',0,0,0,NULL),(19,'2012-10-17 13:39:08',6,'CF1210-0014',1,NULL,NULL,0,'2012-10-17 15:31:47','2012-10-17 15:33:22',NULL,'2012-10-17',3,3,NULL,0,3,0,0,0,0.00000000,0.00000000,0.00000000,13256.00000000,13256.00000000,'','Livraison impérative avant le 1er Novembre :\r\nRésidence Grand-Vennes\r\nCh. de Grand-Vennes 17\r\n1010 Lausanne\r\n\r\n+41 21 653.73.05','muscadet',0,0,3,NULL),(20,'2013-05-30 15:01:52',117,'CF1305-0015',1,NULL,NULL,0,'2013-05-30 16:55:25','2013-05-30 17:01:47',NULL,NULL,21,21,NULL,0,2,0,0,0,288.89000000,0.00000000,0.00000000,3611.11000000,3900.00000000,NULL,NULL,'muscadet',0,0,0,NULL),(21,'2013-07-05 12:53:04',6,'CF1307-0016',1,NULL,NULL,0,'2013-07-05 09:06:27','2013-07-05 11:02:39',NULL,NULL,27,27,NULL,0,6,0,0,0,0.00000000,0.00000000,0.00000000,1520.70000000,1520.70000000,NULL,NULL,'muscadet',0,0,0,NULL),(22,'2013-07-05 13:08:35',6,'CF1307-0017',1,NULL,NULL,0,'2013-07-05 14:53:08','2013-07-05 15:08:30',NULL,NULL,27,27,NULL,0,2,0,0,0,0.00000000,0.00000000,0.00000000,1546.60000000,1546.60000000,NULL,NULL,'muscadet',0,0,0,NULL),(23,'2013-07-22 07:52:10',6,'CF1307-0018',1,NULL,NULL,0,'2013-07-22 09:49:25','2013-07-22 09:50:51',NULL,NULL,27,27,NULL,0,2,0,0,0,0.00000000,0.00000000,0.00000000,1.00000000,1.00000000,NULL,NULL,'muscadet',0,0,0,NULL);

--
-- Table structure for table `llx_commande_fournisseur_dispatch`
--

CREATE TABLE `llx_commande_fournisseur_dispatch` (
  `rowid` int(11) NOT NULL AUTO_INCREMENT,
  `fk_commande` int(11) DEFAULT NULL,
  `fk_product` int(11) DEFAULT NULL,
  `qty` float DEFAULT NULL,
  `fk_entrepot` int(11) DEFAULT NULL,
  `fk_user` int(11) DEFAULT NULL,
  `datec` datetime DEFAULT NULL,
  PRIMARY KEY (`rowid`),
  KEY `idx_commande_fournisseur_dispatch_fk_commande` (`fk_commande`)
) ENGINE=InnoDB DEFAULT CHARSET=utf8;

--
-- Dumping data for table `llx_commande_fournisseur_dispatch`
--


--
-- Table structure for table `llx_commande_fournisseur_log`
--

CREATE TABLE `llx_commande_fournisseur_log` (
  `rowid` int(11) NOT NULL AUTO_INCREMENT,
  `tms` timestamp NOT NULL DEFAULT CURRENT_TIMESTAMP ON UPDATE CURRENT_TIMESTAMP,
  `datelog` datetime NOT NULL,
  `fk_commande` int(11) NOT NULL,
  `fk_statut` smallint(6) NOT NULL,
  `fk_user` int(11) NOT NULL,
  `comment` varchar(255) DEFAULT NULL,
  PRIMARY KEY (`rowid`)
) ENGINE=InnoDB AUTO_INCREMENT=80 DEFAULT CHARSET=utf8;

--
-- Dumping data for table `llx_commande_fournisseur_log`
--

INSERT INTO `llx_commande_fournisseur_log` VALUES (1,'2011-02-14 21:02:19','2011-02-14 22:02:16',1,0,3,NULL),(2,'2011-02-14 21:14:06','2011-02-14 22:14:03',2,0,3,NULL),(3,'2011-03-14 11:05:32','2005-01-07 03:02:45',2,1,3,NULL),(4,'2011-03-14 11:05:47','2005-01-07 03:03:00',2,2,3,NULL),(5,'2011-04-18 08:24:39','2011-04-18 10:24:36',3,0,3,NULL),(6,'2011-04-18 08:25:10','2011-04-18 10:25:06',3,1,3,NULL),(7,'2011-04-18 08:25:18','2011-04-18 10:25:14',3,2,3,NULL),(8,'2011-04-18 08:27:58','2011-04-18 00:00:00',3,3,3,NULL),(9,'2011-04-18 08:28:10','2011-04-18 00:00:00',3,5,3,NULL),(10,'2011-05-23 09:22:38','2011-05-23 11:22:34',4,0,3,NULL),(11,'2011-12-06 16:50:59','2011-12-06 17:50:58',4,0,3,NULL),(12,'2011-12-06 16:53:34','2011-12-06 17:53:34',5,0,3,NULL),(13,'2011-12-06 17:10:24','2011-12-06 18:10:23',6,0,3,NULL),(14,'2011-12-06 17:12:31','2011-12-06 18:12:30',6,1,3,NULL),(15,'2011-12-06 17:12:31','2011-12-06 18:12:31',6,2,3,NULL),(16,'2011-12-06 17:12:50','2011-12-06 00:00:00',6,3,3,NULL),(17,'2011-12-07 18:54:55','2011-12-07 19:54:54',7,0,3,NULL),(18,'2012-02-02 17:22:06','2012-02-02 18:22:06',7,0,3,NULL),(19,'2012-02-02 17:22:57','2012-02-02 18:22:56',7,1,3,NULL),(20,'2012-02-02 17:22:57','2012-02-02 18:22:56',7,2,3,NULL),(21,'2012-02-02 17:24:39','2012-02-02 18:24:38',7,6,3,NULL),(22,'2012-02-02 17:25:44','2012-02-02 18:25:43',8,0,3,NULL),(23,'2012-02-02 17:26:24','2012-02-02 18:26:23',8,1,3,NULL),(24,'2012-02-02 17:26:24','2012-02-02 18:26:23',8,2,3,NULL),(25,'2012-02-02 17:26:47','2012-02-02 00:00:00',8,3,3,NULL),(26,'2012-03-06 10:21:49','2012-03-06 11:21:49',9,0,3,NULL),(27,'2012-03-06 10:24:46','2012-03-06 11:24:46',9,1,3,NULL),(28,'2012-03-06 10:24:46','2012-03-06 11:24:46',9,2,3,NULL),(29,'2012-03-06 10:25:03','2012-03-06 00:00:00',9,3,3,NULL),(30,'2012-05-30 16:22:17','2012-05-30 18:22:17',10,0,3,NULL),(31,'2012-05-30 16:23:17','2012-05-30 18:23:17',10,1,3,NULL),(32,'2012-05-30 16:23:18','2012-05-30 18:23:17',10,2,3,NULL),(33,'2012-06-11 17:50:58','2012-06-11 19:50:57',11,0,3,NULL),(34,'2012-06-11 17:54:35','2012-06-11 19:54:34',5,1,3,NULL),(35,'2012-06-11 17:54:35','2012-06-11 19:54:34',5,2,3,NULL),(36,'2012-06-11 17:56:54','2012-06-11 00:00:00',5,3,3,NULL),(37,'2012-06-19 15:21:55','2012-06-19 17:21:54',12,0,3,NULL),(38,'2012-06-19 17:29:29','2012-06-19 19:29:28',12,1,3,NULL),(39,'2012-06-19 17:29:29','2012-06-19 19:29:28',12,2,3,NULL),(40,'2012-06-20 06:34:30','2012-06-19 00:00:00',12,3,3,NULL),(41,'2012-07-06 16:31:46','2012-07-06 18:31:45',13,0,3,NULL),(42,'2012-07-06 16:38:33','2012-07-06 18:38:32',13,1,3,NULL),(43,'2012-07-06 16:38:34','2012-07-06 18:38:33',13,2,3,NULL),(44,'2012-07-13 09:35:01','2012-07-13 11:35:01',14,0,3,NULL),(45,'2012-07-13 09:44:41','2012-07-13 11:44:41',15,0,3,NULL),(46,'2012-07-13 09:49:24','2012-07-13 11:49:24',15,1,3,NULL),(47,'2012-07-13 09:49:24','2012-07-13 11:49:24',15,2,3,NULL),(48,'2012-07-13 09:49:40','2012-07-13 00:00:00',15,3,3,'Urgent'),(49,'2012-08-30 10:12:35','2012-08-30 12:12:34',16,0,3,NULL),(50,'2012-08-30 10:15:05','2012-08-30 12:15:05',17,0,3,NULL),(51,'2012-08-30 12:02:48','2012-08-30 14:02:47',16,1,3,NULL),(52,'2012-08-30 12:02:48','2012-08-30 14:02:48',16,2,3,NULL),(53,'2012-08-30 12:09:28','2012-08-30 00:00:00',16,3,3,NULL),(54,'2012-08-31 08:15:42','2012-08-31 10:15:41',18,0,3,NULL),(55,'2012-08-31 08:16:36','2012-08-31 10:16:35',18,1,3,NULL),(56,'2012-08-31 08:16:36','2012-08-31 10:16:36',18,2,3,NULL),(57,'2012-10-17 13:31:48','2012-10-17 15:31:47',19,0,3,NULL),(58,'2012-10-17 13:33:23','2012-10-17 15:33:22',19,1,3,NULL),(59,'2012-10-17 13:33:23','2012-10-17 15:33:22',19,2,3,NULL),(60,'2012-10-17 13:39:08','2012-10-17 00:00:00',19,3,3,'En cours'),(61,'2013-05-30 14:55:29','2013-05-30 16:55:25',20,0,21,NULL),(62,'2013-05-30 15:01:52','2013-05-30 17:01:47',20,1,21,NULL),(63,'2013-05-30 15:01:52','2013-05-30 17:01:48',20,2,21,NULL),(64,'2013-07-05 07:06:29','2013-07-05 09:06:27',21,0,27,NULL),(65,'2013-07-05 09:02:41','2013-07-05 11:02:39',21,1,27,NULL),(66,'2013-07-05 09:02:42','2013-07-05 11:02:39',21,2,27,NULL),(67,'2013-07-05 12:52:50','2013-07-05 14:52:46',21,6,27,NULL),(68,'2013-07-05 12:53:04','2013-07-05 14:53:00',21,6,27,NULL),(69,'2013-07-05 12:53:11','2013-07-05 14:53:08',22,0,27,NULL),(70,'2013-07-05 13:08:34','2013-07-05 15:08:30',22,1,27,NULL),(71,'2013-07-05 13:08:35','2013-07-05 15:08:31',22,2,27,NULL),(72,'2013-07-22 07:49:27','2013-07-22 09:49:25',23,0,27,NULL),(73,'2013-07-22 07:50:53','2013-07-22 09:50:51',23,1,27,NULL),(74,'2013-07-22 07:50:53','2013-07-22 09:50:51',23,2,27,NULL),(75,'2013-07-22 07:51:46','2013-07-22 09:51:43',23,6,27,NULL),(76,'2013-07-22 07:52:01','2013-07-22 09:51:59',23,6,27,NULL),(77,'2013-08-05 10:01:07','2013-08-05 12:01:07',24,0,29,NULL),(78,'2013-08-05 10:11:42','2013-08-05 12:11:42',25,0,29,NULL),(79,'2013-08-05 12:33:48','2013-08-05 14:33:48',26,0,29,NULL);

--
-- Table structure for table `llx_commande_fournisseurdet`
--

CREATE TABLE `llx_commande_fournisseurdet` (
  `rowid` int(11) NOT NULL AUTO_INCREMENT,
  `fk_commande` int(11) NOT NULL,
  `fk_product` int(11) DEFAULT NULL,
  `ref` varchar(50) DEFAULT NULL,
  `label` varchar(255) DEFAULT NULL,
  `description` text,
  `tva_tx` double(6,3) DEFAULT '0.000',
  `localtax1_tx` double(6,3) DEFAULT '0.000',
  `localtax2_tx` double(6,3) DEFAULT '0.000',
  `qty` double DEFAULT NULL,
  `remise_percent` double DEFAULT '0',
  `remise` double DEFAULT '0',
  `subprice` double(24,8) DEFAULT '0.00000000',
  `total_ht` double(24,8) DEFAULT '0.00000000',
  `total_tva` double(24,8) DEFAULT '0.00000000',
  `total_localtax1` double(24,8) DEFAULT '0.00000000',
  `total_localtax2` double(24,8) DEFAULT '0.00000000',
  `total_ttc` double(24,8) DEFAULT '0.00000000',
  `product_type` int(11) DEFAULT '0',
  `date_start` datetime DEFAULT NULL,
  `date_end` datetime DEFAULT NULL,
  `info_bits` int(11) DEFAULT '0',
  PRIMARY KEY (`rowid`)
) ENGINE=InnoDB AUTO_INCREMENT=27 DEFAULT CHARSET=utf8;

--
-- Dumping data for table `llx_commande_fournisseurdet`
--

INSERT INTO `llx_commande_fournisseurdet` VALUES (3,3,NULL,'','','Pompe Johnson / 5 Bars',0.000,0.000,0.000,1,0,0,310.00000000,310.00000000,0.00000000,0.00000000,0.00000000,310.00000000,0,NULL,NULL,0),(4,6,16,'2021','Adjuvant pour solution bleue 2L','',0.000,0.000,0.000,1,0,0,25.00000000,25.00000000,0.00000000,0.00000000,0.00000000,25.00000000,0,NULL,NULL,0),(5,7,29,'V3 + pompes + reservoir','V3 Europa / Tank','Machine Cleanea V3 int&eacute;gr&eacute;e&nbsp;',0.000,0.000,0.000,1,0,0,12800.00000000,12800.00000000,0.00000000,0.00000000,0.00000000,12800.00000000,0,NULL,NULL,0),(6,8,29,'V3 + pompes + reservoir','V3 Europa / Tank','Machine Cleanea V3 int&eacute;gr&eacute;e&nbsp;',0.000,0.000,0.000,1,0,0,12800.00000000,12800.00000000,0.00000000,0.00000000,0.00000000,12800.00000000,0,NULL,NULL,0),(7,9,28,'V3 + pompes','V3 Machine Cleanea','Machine Cleanea V3 int&eacute;gr&eacute;e&nbsp;\nV3 Comprenant / Pompe / Pistolet / cuves supplémentaires / adjuvant',0.000,0.000,0.000,1,0,0,12060.00000000,12060.00000000,0.00000000,0.00000000,0.00000000,12060.00000000,0,NULL,NULL,0),(8,10,NULL,'','','Livraison Singapore Spray',0.000,0.000,0.000,1,0,0,951.00000000,951.00000000,0.00000000,0.00000000,0.00000000,951.00000000,1,NULL,NULL,0),(9,5,126,'V4+pump+tanks','V4 Europa / Tank','Machine Cleanea V4 pump + Tanks',0.000,0.000,0.000,1,0,0,13256.00000000,13256.00000000,0.00000000,0.00000000,0.00000000,13256.00000000,0,NULL,NULL,0),(10,12,NULL,'','','Adoucisseur 30l avec Resine',0.000,0.000,0.000,1,0,0,300.00000000,300.00000000,0.00000000,0.00000000,0.00000000,300.00000000,0,NULL,NULL,0),(11,13,126,'V4+pump+tanks','V4 Europa / Tank','Machine Cleanea V4 pump + Tanks',0.000,0.000,0.000,1,0,0,13256.00000000,13256.00000000,0.00000000,0.00000000,0.00000000,13256.00000000,0,NULL,NULL,0),(12,15,125,'2005','Cellule','Cellule generation avril 2012',0.000,0.000,0.000,6,35,336,960.00000000,3744.00000000,0.00000000,0.00000000,0.00000000,3744.00000000,0,NULL,NULL,0),(13,15,NULL,'','','Pompe Bimor',0.000,0.000,0.000,4,35,33.25,95.00000000,247.00000000,0.00000000,0.00000000,0.00000000,247.00000000,0,NULL,NULL,0),(14,16,126,'V4+pump+tanks','V4 Europa / Tank','Machine Cleanea V4 pump + Tanks',0.000,0.000,0.000,1,0,0,13256.00000000,13256.00000000,0.00000000,0.00000000,0.00000000,13256.00000000,0,NULL,NULL,0),(15,16,NULL,'','','Cellule brevetée Cleanea	 € 724.75 	 CHF2.00 \r\nCartouche filtre	 € 4.06 	 CHF2.00 \r\nElectrovanne 2/2	 € 161.64 	 CHF2.00 \r\nElectrovanne 1/4	 € 27.57 	 CHF2.00 \r\nBobine pr électrovanne 1/4	 € 11.06 	 CHF2.00 \r\nTuyau néoprène 5x8	 € 17.41 	 CHF2.00 \r\nBimor pump	 € 317.66 	 CHF2.00 \r\nContacteur de niveau	 € 25.08 	 CHF2.00 \r\nSel Adoucisseur (25kg)	 € 19.50 	 CHF2.00 \r\nSel électrolyse (1kg)	 € 3.28 	 CHF10.00 \r\nVanne	 € 12.73 	 CHF2.00 \r\nPompe adjuvant	 € 53.72 	 CHF2.00 \r\nBobine de relais	 € 9.75 	 CHF2.00 \r\nFusible	 € 0.98 	 CHF10.00 \r\nAlimentation Sitop	 € 312.00 	 CHF1.00 \r\nAlimentation 24V	 € 156.00 	 CHF1.00 \r\nRaccord Y (lot de 5)	 € 9.75 	 CHF2.00 \r\nRaccord coudé (lot de 5)	 € 9.75 	 CHF2.00 \r\nRaccord droit (lot de 5)	 € 9.75 	 CHF2.00 \r\nCapteur de débit	 € 61.82 	 CHF2.00 \r\nFiltre pour pompe shurflo	 € 12.38 	 CHF2.00 \r\nVaporisateur (bleu ou rouge)	 € 1.83 	 CHF750.00 \r\nBidon d\'adjuvant (2L)	 € 19.50 	 CHF5.00',0.000,0.000,0.000,1,0,0,2378.00000000,2378.00000000,0.00000000,0.00000000,0.00000000,2378.00000000,0,NULL,NULL,0),(16,16,NULL,'','','Trousse à outils Cleanea',0.000,0.000,0.000,1,0,0,122.00000000,122.00000000,0.00000000,0.00000000,0.00000000,122.00000000,0,NULL,NULL,0),(17,18,NULL,'','','Spray Sweden',0.000,0.000,0.000,1,0,0,1290.00000000,1290.00000000,0.00000000,0.00000000,0.00000000,1290.00000000,0,NULL,NULL,0),(18,19,126,'V4+pump+tanks','V4 Europa / Tank','Machine Cleanea V4 pump + Tanks',0.000,0.000,0.000,1,0,0,13256.00000000,13256.00000000,0.00000000,0.00000000,0.00000000,13256.00000000,0,NULL,NULL,0),(19,20,NULL,'','','Selon Facture 21440021\r\nChantier n° 211.025',8.000,0.000,0.000,1,0,0,3611.11000000,3611.11000000,288.89000000,0.00000000,0.00000000,3900.00000000,0,NULL,NULL,0),(20,21,NULL,'','','Sprays rouges complets',0.000,0.000,0.000,420,0,0,1.85000000,777.00000000,0.00000000,0.00000000,0.00000000,777.00000000,0,NULL,NULL,0),(21,21,NULL,'','','Sprays bleus complets',0.000,0.000,0.000,360,0,0,1.85000000,666.00000000,0.00000000,0.00000000,0.00000000,666.00000000,0,NULL,NULL,0),(22,21,NULL,'','','Gâchette rouge',0.000,0.000,0.000,70,0,0,1.11000000,77.70000000,0.00000000,0.00000000,0.00000000,77.70000000,0,NULL,NULL,0),(23,22,NULL,'','','Spray Rouge complet',0.000,0.000,0.000,434,0,0,1.85000000,802.90000000,0.00000000,0.00000000,0.00000000,802.90000000,0,NULL,NULL,0),(24,22,NULL,'','','Spray Bleu complet',0.000,0.000,0.000,360,0,0,1.85000000,666.00000000,0.00000000,0.00000000,0.00000000,666.00000000,0,NULL,NULL,0),(25,22,NULL,'','','Gâchette Rouge',0.000,0.000,0.000,70,0,0,1.11000000,77.70000000,0.00000000,0.00000000,0.00000000,77.70000000,0,NULL,NULL,0),(26,23,NULL,'','','Cuve selon prix indiqué par e-mail\r\nDemande du 18/07/2013',0.000,0.000,0.000,1,0,0,1.00000000,1.00000000,0.00000000,0.00000000,0.00000000,1.00000000,0,NULL,NULL,0);

--
-- Table structure for table `llx_commandedet`
--

CREATE TABLE `llx_commandedet` (
  `rowid` int(11) NOT NULL AUTO_INCREMENT,
  `fk_commande` int(11) DEFAULT NULL,
  `fk_parent_line` int(11) DEFAULT NULL,
  `fk_product` int(11) DEFAULT NULL,
  `description` text,
  `tva_tx` double(6,3) DEFAULT NULL,
  `localtax1_tx` double(6,3) DEFAULT '0.000',
  `localtax2_tx` double(6,3) DEFAULT '0.000',
  `qty` double DEFAULT NULL,
  `remise_percent` double DEFAULT '0',
  `remise` double DEFAULT '0',
  `fk_remise_except` int(11) DEFAULT NULL,
  `price` double DEFAULT NULL,
  `subprice` double(24,8) DEFAULT '0.00000000',
  `total_ht` double(24,8) DEFAULT '0.00000000',
  `total_tva` double(24,8) DEFAULT '0.00000000',
  `total_localtax1` double(24,8) DEFAULT '0.00000000',
  `total_localtax2` double(24,8) DEFAULT '0.00000000',
  `total_ttc` double(24,8) DEFAULT '0.00000000',
  `product_type` int(11) DEFAULT '0',
  `date_start` datetime DEFAULT NULL,
  `date_end` datetime DEFAULT NULL,
  `info_bits` int(11) DEFAULT '0',
  `marge_tx` double(6,3) DEFAULT '0.000',
  `marque_tx` double(6,3) DEFAULT '0.000',
  `special_code` int(10) unsigned DEFAULT '0',
  `rang` int(11) DEFAULT '0',
  `import_key` varchar(14) DEFAULT NULL,
  PRIMARY KEY (`rowid`),
  KEY `idx_commandedet_fk_commande` (`fk_commande`),
  KEY `idx_commandedet_fk_product` (`fk_product`),
  CONSTRAINT `fk_commandedet_fk_commande` FOREIGN KEY (`fk_commande`) REFERENCES `llx_commande` (`rowid`)
) ENGINE=InnoDB AUTO_INCREMENT=59 DEFAULT CHARSET=utf8;

--
-- Dumping data for table `llx_commandedet`
--

INSERT INTO `llx_commandedet` VALUES (18,10,NULL,NULL,'Cuve en colonne murale 300 Litres\r\n- largeur : 580mm\r\n- profondeur : 370 mm\r\n- hauteur : 1820 mm\r\n- poids : 16 kg\r\n- Couleur Sable\r\n- Volume d\'eau : 300L',8.000,0.000,0.000,2,0,0,NULL,165,165.00000000,330.00000000,26.40000000,0.00000000,0.00000000,356.40000000,0,NULL,NULL,0,NULL,NULL,0,1,NULL),(19,10,NULL,7,'',8.000,0.000,0.000,3,0,0,NULL,83.33333,83.33333000,250.00000000,20.00000000,0.00000000,0.00000000,270.00000000,1,NULL,NULL,0,NULL,NULL,0,2,NULL),(20,10,NULL,NULL,'Kit de couplage de cuves\r\nDimensions :\r\n- Longueur : 25 cm\r\n- Diamètre : 1\" (32 mm)',8.000,0.000,0.000,2,0,0,NULL,40,40.00000000,80.00000000,6.40000000,0.00000000,0.00000000,86.40000000,0,NULL,NULL,0,NULL,NULL,0,3,NULL),(21,11,NULL,5,'Spray Bleu d&eacute;graissant&nbsp;',8.000,0.000,0.000,70,0,0,NULL,2.73,2.73000000,191.10000000,15.29000000,0.00000000,0.00000000,206.39000000,0,NULL,NULL,0,NULL,NULL,0,1,NULL),(22,11,NULL,4,'&nbsp;Spray Rouge d&eacute;sinfectant',8.000,0.000,0.000,70,0,0,NULL,2.73,2.73000000,191.10000000,15.29000000,0.00000000,0.00000000,206.39000000,0,NULL,NULL,0,NULL,NULL,0,2,NULL),(23,11,NULL,NULL,'Pose / Installation / suivit / Sel / Barette test / Formation sur Machine Cleanea V1.1 /',8.000,0.000,0.000,1,0,0,NULL,3617.8,3617.80000000,3617.80000000,289.42000000,0.00000000,0.00000000,3907.22000000,0,NULL,NULL,0,NULL,NULL,0,3,NULL),(27,13,NULL,20,'Modèle complet / pompes / cuves / adjuvant',8.000,0.000,0.000,6,0,0,NULL,690,690.00000000,4140.00000000,331.20000000,0.00000000,0.00000000,4471.20000000,0,NULL,NULL,0,NULL,NULL,0,1,NULL),(28,13,NULL,17,'',8.000,0.000,0.000,25,0,0,NULL,2.73,2.73000000,68.25000000,5.46000000,0.00000000,0.00000000,73.71000000,0,NULL,NULL,0,NULL,NULL,0,2,NULL),(29,13,NULL,18,'',8.000,0.000,0.000,25,0,0,NULL,2.73,2.73000000,68.25000000,5.46000000,0.00000000,0.00000000,73.71000000,0,NULL,NULL,0,NULL,NULL,0,3,NULL),(30,13,NULL,7,'Installation Machine / 4h Technicien Cleanea',8.000,0.000,0.000,4,0,0,NULL,83.33333,83.33333000,333.33000000,26.67000000,0.00000000,0.00000000,360.00000000,1,NULL,NULL,0,NULL,NULL,0,4,NULL),(31,13,NULL,NULL,'Livraison Deutsche Bahn',8.000,0.000,0.000,1,0,0,NULL,300,300.00000000,300.00000000,24.00000000,0.00000000,0.00000000,324.00000000,1,NULL,NULL,0,NULL,NULL,0,5,NULL),(32,15,NULL,4,'&nbsp;Spray Rouge d&eacute;sinfectant',8.000,0.000,0.000,20,0,0,NULL,2.73,2.73000000,54.60000000,4.37000000,0.00000000,0.00000000,58.97000000,0,NULL,NULL,0,NULL,NULL,0,1,NULL),(33,15,NULL,5,'Spray Bleu d&eacute;graissant&nbsp;',8.000,0.000,0.000,20,0,0,NULL,2.73,2.73000000,54.60000000,4.37000000,0.00000000,0.00000000,58.97000000,0,NULL,NULL,0,NULL,NULL,0,2,NULL),(34,16,NULL,14,' Machine Cleanea© / V3 Swiss Pack<br />Garantie, maintenance, consommable (sel), pièces et mains-d\'oeuvre inclus / 3 Ans',8.000,0.000,0.000,1,0,0,NULL,26852,26852.00000000,26852.00000000,2148.16000000,0.00000000,0.00000000,29000.16000000,0,NULL,NULL,0,NULL,NULL,0,1,NULL),(35,16,NULL,7,'Débours',8.000,0.000,0.000,-4,0,0,NULL,83.34,83.34000000,-333.36000000,-26.67000000,0.00000000,0.00000000,-360.03000000,1,NULL,NULL,0,NULL,NULL,0,2,NULL),(36,16,NULL,NULL,'1012 - Location Système Electrolyse V3 Modèle Europa / Débours',8.000,0.000,0.000,-6,0,0,NULL,690,690.00000000,-4140.00000000,-331.20000000,0.00000000,0.00000000,-4471.20000000,1,NULL,NULL,0,NULL,NULL,0,3,NULL),(37,16,NULL,NULL,'Livraison Deutsche Bahn / Débours',8.000,0.000,0.000,-1,0,0,NULL,300,300.00000000,-300.00000000,-24.00000000,0.00000000,0.00000000,-324.00000000,1,NULL,NULL,0,NULL,NULL,0,4,NULL),(38,17,NULL,127,'&nbsp;Machine Cleanea&copy; / V4 Swiss Pack<br />\r\nGarantie, maintenance, consommable (sel), pi&egrave;ces et mains-d&#39;oeuvre inclus / 3 Ans',8.000,0.000,0.000,1,0,0,NULL,29000,26851.85185000,26851.85000000,2148.15000000,0.00000000,0.00000000,29000.00000000,0,NULL,NULL,0,NULL,NULL,0,1,NULL),(39,17,NULL,4,'&nbsp;Spray Rouge d&eacute;sinfectant',8.000,0.000,0.000,20,0,0,NULL,2.95,2.73148000,54.63000000,4.37000000,0.00000000,0.00000000,59.00000000,0,NULL,NULL,0,NULL,NULL,0,2,NULL),(40,17,NULL,5,'Spray Bleu d&eacute;graissant&nbsp;',8.000,0.000,0.000,20,0,0,NULL,2.95,2.73148000,54.63000000,4.37000000,0.00000000,0.00000000,59.00000000,0,NULL,NULL,0,NULL,NULL,0,3,NULL),(45,18,NULL,NULL,'V4_pompe_reservoir - V4 Europa / Tank\r\nMachine Cleanea V4 pump + Tanks (Garantie 1 an pièces)',8.000,0.000,0.000,1,15.1,3654.2,NULL,20545.8,24200.00000000,20545.80000000,1643.66000000,0.00000000,0.00000000,22189.46000000,0,NULL,NULL,0,NULL,NULL,0,3,NULL),(46,21,NULL,128,'Machine Cleanea V4, Garantie 1 an;',8.000,0.000,0.000,1,10,2055,NULL,18495,20550.00000000,18495.00000000,1479.60000000,0.00000000,0.00000000,19974.60000000,0,NULL,NULL,0,NULL,NULL,0,1,NULL),(47,21,NULL,5,'Spray Bleu dégraissant ',8.000,0.000,0.000,20,100,2.73,NULL,NULL,2.73000000,0.00000000,0.00000000,0.00000000,0.00000000,0.00000000,0,NULL,NULL,0,NULL,NULL,0,2,NULL),(48,21,NULL,4,' Spray Rouge désinfectant',8.000,0.000,0.000,20,100,2.73,NULL,NULL,2.73000000,0.00000000,0.00000000,0.00000000,0.00000000,0.00000000,0,NULL,NULL,0,NULL,NULL,0,3,NULL),(49,21,NULL,130,'Frais de Transport',8.000,0.000,0.000,1,0,0,NULL,280,280.00000000,280.00000000,22.40000000,0.00000000,0.00000000,302.40000000,1,NULL,NULL,0,NULL,NULL,0,4,NULL),(50,21,NULL,131,'Kit Complet 1 reservoir 250l Adjacent + 1 Pompe +1 Pistolet',0.000,0.000,0.000,1,50,927,NULL,927,1854.00000000,927.00000000,0.00000000,0.00000000,0.00000000,927.00000000,0,NULL,NULL,0,NULL,NULL,0,5,NULL),(51,21,NULL,NULL,'Forfait installation Cuve et pompe',8.000,0.000,0.000,1,100,250,NULL,NULL,250.00000000,0.00000000,0.00000000,0.00000000,0.00000000,0.00000000,1,NULL,NULL,0,NULL,NULL,0,6,NULL),(52,22,NULL,5,'Spray Bleu d&eacute;graissant&nbsp;',8.000,0.000,0.000,50,20,0.59,NULL,2.36,2.73148000,109.26000000,8.74000000,0.00000000,0.00000000,118.00000000,0,NULL,NULL,0,NULL,NULL,0,1,NULL),(53,22,NULL,4,'&nbsp;Spray Rouge d&eacute;sinfectant',8.000,0.000,0.000,50,20,0.59,NULL,2.36,2.73148000,109.26000000,8.74000000,0.00000000,0.00000000,118.00000000,0,NULL,NULL,0,NULL,NULL,0,2,NULL),(54,23,NULL,4,' Spray Rouge désinfectant',8.000,0.000,0.000,100,0,0,NULL,2.73148,2.73148000,273.15000000,21.85000000,0.00000000,0.00000000,295.00000000,0,NULL,NULL,0,NULL,NULL,0,1,NULL),(55,23,NULL,5,'Spray Bleu dégraissant ',8.000,0.000,0.000,100,0,0,NULL,2.73148,2.73148000,273.15000000,21.85000000,0.00000000,0.00000000,295.00000000,0,NULL,NULL,0,NULL,NULL,0,2,NULL),(56,24,NULL,131,'Kit Complet 1 reservoir 250l Adjacent + 1 Pompe +1 Pistolet',8.000,0.000,0.000,1,25,463.5,NULL,1390.5,1854.00000000,1390.50000000,111.24000000,0.00000000,0.00000000,1501.74000000,0,NULL,NULL,0,NULL,NULL,0,1,NULL),(57,26,NULL,17,'',8.000,0.000,0.000,5,100,3.8,NULL,0,3.80000000,0.00000000,0.00000000,0.00000000,0.00000000,0.00000000,0,NULL,NULL,0,NULL,NULL,0,1,NULL),(58,26,NULL,18,'',8.000,0.000,0.000,5,100,3.8,NULL,0,3.80000000,0.00000000,0.00000000,0.00000000,0.00000000,0.00000000,0,NULL,NULL,0,NULL,NULL,0,2,NULL);

--
-- Table structure for table `llx_compta`
--

CREATE TABLE `llx_compta` (
  `rowid` int(11) NOT NULL AUTO_INCREMENT,
  `datec` datetime DEFAULT NULL,
  `datev` date DEFAULT NULL,
  `amount` double NOT NULL DEFAULT '0',
  `label` varchar(255) DEFAULT NULL,
  `fk_compta_account` int(11) DEFAULT NULL,
  `fk_user_author` int(11) DEFAULT NULL,
  `fk_user_valid` int(11) DEFAULT NULL,
  `valid` tinyint(4) DEFAULT '0',
  `note` text,
  PRIMARY KEY (`rowid`)
) ENGINE=InnoDB DEFAULT CHARSET=utf8;

--
-- Dumping data for table `llx_compta`
--


--
-- Table structure for table `llx_compta_account`
--

CREATE TABLE `llx_compta_account` (
  `rowid` int(11) NOT NULL AUTO_INCREMENT,
  `datec` datetime DEFAULT NULL,
  `number` varchar(12) DEFAULT NULL,
  `label` varchar(255) DEFAULT NULL,
  `fk_user_author` int(11) DEFAULT NULL,
  `note` text,
  PRIMARY KEY (`rowid`)
) ENGINE=InnoDB DEFAULT CHARSET=utf8;

--
-- Dumping data for table `llx_compta_account`
--


--
-- Table structure for table `llx_compta_compte_generaux`
--

CREATE TABLE `llx_compta_compte_generaux` (
  `rowid` int(11) NOT NULL AUTO_INCREMENT,
  `date_creation` datetime DEFAULT NULL,
  `numero` varchar(50) DEFAULT NULL,
  `intitule` varchar(255) DEFAULT NULL,
  `fk_user_author` int(11) DEFAULT NULL,
  `note` text,
  PRIMARY KEY (`rowid`),
  UNIQUE KEY `numero` (`numero`)
) ENGINE=InnoDB DEFAULT CHARSET=utf8;

--
-- Dumping data for table `llx_compta_compte_generaux`
--


--
-- Table structure for table `llx_const`
--

CREATE TABLE `llx_const` (
  `rowid` int(11) NOT NULL AUTO_INCREMENT,
  `name` varchar(255) NOT NULL,
  `entity` int(11) NOT NULL DEFAULT '1',
  `value` text NOT NULL,
  `type` varchar(6) DEFAULT NULL,
  `visible` tinyint(4) NOT NULL DEFAULT '1',
  `note` text,
  `tms` timestamp NOT NULL DEFAULT CURRENT_TIMESTAMP ON UPDATE CURRENT_TIMESTAMP,
  PRIMARY KEY (`rowid`),
  UNIQUE KEY `uk_const` (`name`,`entity`)
) ENGINE=InnoDB AUTO_INCREMENT=800 DEFAULT CHARSET=utf8;

--
-- Dumping data for table `llx_const`
--

INSERT INTO `llx_const` VALUES (2,'MAIN_FEATURES_LEVEL',0,'0','chaine',1,'Level of features to show (0=stable only, 1=stable+experimental, 2=stable+experimental+development','2010-03-04 09:58:01'),(4,'SYSLOG_FILE',0,'DOL_DATA_ROOT/dolibarr.log','chaine',0,'Directory where to write log file','2010-03-04 09:58:01'),(5,'SYSLOG_LEVEL',0,'7','chaine',0,'Level of debug info to show','2010-03-04 09:58:01'),(8,'MAIN_UPLOAD_DOC',0,'2048','chaine',0,'Max size for file upload (0 means no upload allowed)','2010-03-04 09:58:01'),(9,'MAIN_SEARCHFORM_SOCIETE',0,'1','yesno',0,'Show form for quick company search','2010-03-04 09:58:01'),(10,'MAIN_SEARCHFORM_CONTACT',0,'1','yesno',0,'Show form for quick contact search','2010-03-04 09:58:01'),(11,'MAIN_SEARCHFORM_PRODUITSERVICE',0,'1','yesno',0,'Show form for quick product search','2010-03-04 09:58:01'),(12,'MAIN_SEARCHFORM_ADHERENT',0,'1','yesno',0,'Show form for quick member search','2010-03-04 09:58:01'),(16,'MAIN_SIZE_LISTE_LIMIT',0,'25','chaine',0,'Longueur maximum des listes','2010-03-04 09:58:01'),(17,'MAIN_SHOW_WORKBOARD',0,'1','yesno',0,'Affichage tableau de bord de travail Dolibarr','2010-03-04 09:58:01'),(23,'MAIN_DELAY_ACTIONS_TODO',1,'7','chaine',0,'Tolérance de retard avant alerte (en jours) sur actions planifiées non réalisées','2010-03-04 09:58:01'),(24,'MAIN_DELAY_ORDERS_TO_PROCESS',1,'2','chaine',0,'Tolérance de retard avant alerte (en jours) sur commandes non traitées','2010-03-04 09:58:01'),(25,'MAIN_DELAY_PROPALS_TO_CLOSE',1,'31','chaine',0,'Tolérance de retard avant alerte (en jours) sur propales à cloturer','2010-03-04 09:58:01'),(26,'MAIN_DELAY_PROPALS_TO_BILL',1,'7','chaine',0,'Tolérance de retard avant alerte (en jours) sur propales non facturées','2010-03-04 09:58:01'),(27,'MAIN_DELAY_SUPPLIER_BILLS_TO_PAY',1,'2','chaine',0,'Tolérance de retard avant alerte (en jours) sur factures fournisseur impayées','2010-03-04 09:58:01'),(28,'MAIN_DELAY_CUSTOMER_BILLS_UNPAYED',1,'31','chaine',0,'Tolérance de retard avant alerte (en jours) sur factures client impayées','2010-03-04 09:58:01'),(29,'MAIN_DELAY_NOT_ACTIVATED_SERVICES',1,'0','chaine',0,'Tolérance de retard avant alerte (en jours) sur services à activer','2010-03-04 09:58:01'),(30,'MAIN_DELAY_RUNNING_SERVICES',1,'0','chaine',0,'Tolérance de retard avant alerte (en jours) sur services expirés','2010-03-04 09:58:01'),(31,'MAIN_DELAY_MEMBERS',1,'31','chaine',0,'Tolérance de retard avant alerte (en jours) sur cotisations adhérent en retard','2010-03-04 09:58:01'),(32,'MAIN_DELAY_TRANSACTIONS_TO_CONCILIATE',1,'62','chaine',0,'Tolérance de retard avant alerte (en jours) sur rapprochements bancaires à faire','2010-03-04 09:58:01'),(33,'SOCIETE_NOLIST_COURRIER',0,'1','yesno',0,'Liste les fichiers du repertoire courrier','2010-03-04 09:58:01'),(35,'SOCIETE_CODECOMPTA_ADDON',1,'mod_codecompta_panicum','yesno',0,'Module to control third parties codes','2010-03-04 09:58:01'),(36,'ADHERENT_MAIL_REQUIRED',1,'1','yesno',0,'Le mail est obligatoire pour créer un adhérent','2010-03-04 09:58:01'),(37,'ADHERENT_MAIL_FROM',1,'adherents@domain.com','chaine',0,'From des mails adherents','2010-03-04 09:58:01'),(38,'ADHERENT_MAIL_RESIL',1,'Votre adhesion vient d\'etre resiliee.\r\nNous esperons vous revoir tres bientot','texte',0,'Mail de Resiliation','2010-03-04 09:58:01'),(39,'ADHERENT_MAIL_VALID',1,'Votre adhesion vient d\'etre validee. \r\nVoici le rappel de vos coordonnees (toute information erronee entrainera la non validation de votre inscription) :\r\n\r\n%INFOS%\r\n\r\n','texte',0,'Mail de validation','2010-03-04 09:58:01'),(40,'ADHERENT_MAIL_COTIS',1,'Bonjour %PRENOM%,\r\nMerci de votre inscription.\r\nCet email confirme que votre cotisation a ete recue et enregistree.\r\n\r\n','texte',0,'Mail de validation de cotisation','2010-03-04 09:58:01'),(41,'ADHERENT_MAIL_VALID_SUBJECT',1,'Votre adhésion a ete validée','chaine',0,'Sujet du mail de validation','2010-03-04 09:58:01'),(42,'ADHERENT_MAIL_RESIL_SUBJECT',1,'Resiliation de votre adhesion','chaine',0,'Sujet du mail de resiliation','2010-03-04 09:58:01'),(43,'ADHERENT_MAIL_COTIS_SUBJECT',1,'Recu de votre cotisation','chaine',0,'Sujet du mail de validation de cotisation','2010-03-04 09:58:01'),(45,'ADHERENT_USE_MAILMAN',1,'0','yesno',0,'Utilisation de Mailman','2010-03-04 09:58:01'),(46,'ADHERENT_MAILMAN_UNSUB_URL',1,'http://lists.domain.com/cgi-bin/mailman/admin/%LISTE%/members?adminpw=%MAILMAN_ADMINPW%&user=%EMAIL%','chaine',0,'Url de desinscription aux listes mailman','2010-03-04 09:58:01'),(47,'ADHERENT_MAILMAN_URL',1,'http://lists.domain.com/cgi-bin/mailman/admin/%LISTE%/members?adminpw=%MAILMAN_ADMINPW%&send_welcome_msg_to_this_batch=1&subscribees=%EMAIL%','chaine',0,'Url pour les inscriptions mailman','2010-03-04 09:58:01'),(48,'ADHERENT_MAILMAN_LISTS',1,'test-test,test-test2','chaine',0,'Listes auxquelles inscrire les nouveaux adherents','2010-03-04 09:58:01'),(49,'ADHERENT_MAILMAN_ADMINPW',1,'','chaine',0,'Mot de passe Admin des liste mailman','2010-03-04 09:58:01'),(50,'ADHERENT_MAILMAN_SERVER',1,'lists.domain.com','chaine',0,'Serveur hebergeant les interfaces d Admin des listes mailman','2010-03-04 09:58:01'),(51,'ADHERENT_MAILMAN_LISTS_COTISANT',1,'','chaine',0,'Liste(s) auxquelles les nouveaux cotisants sont inscris automatiquement','2010-03-04 09:58:01'),(52,'ADHERENT_USE_SPIP',1,'0','yesno',0,'Utilisation de SPIP ?','2010-03-04 09:58:01'),(53,'ADHERENT_USE_SPIP_AUTO',1,'0','yesno',0,'Utilisation de SPIP automatiquement','2010-03-04 09:58:01'),(54,'ADHERENT_SPIP_USER',1,'user','chaine',0,'user spip','2010-03-04 09:58:01'),(55,'ADHERENT_SPIP_PASS',1,'pass','chaine',0,'Pass de connection','2010-03-04 09:58:01'),(56,'ADHERENT_SPIP_SERVEUR',1,'localhost','chaine',0,'serveur spip','2010-03-04 09:58:01'),(57,'ADHERENT_SPIP_DB',1,'spip','chaine',0,'db spip','2010-03-04 09:58:01'),(58,'ADHERENT_CARD_HEADER_TEXT',1,'%ANNEE%','chaine',0,'Texte imprime sur le haut de la carte adherent','2010-03-04 09:58:01'),(59,'ADHERENT_CARD_FOOTER_TEXT',1,'Association AZERTY','chaine',0,'Texte imprime sur le bas de la carte adherent','2010-03-04 09:58:01'),(60,'ADHERENT_CARD_TEXT',1,'%TYPE% n° %ID%\r\n%PRENOM% %NOM%\r\n<%EMAIL%>\r\n%ADRESSE%\r\n%CP% %VILLE%\r\n%PAYS%','texte',0,'Texte imprime sur la carte adherent','2010-03-04 09:58:01'),(61,'FCKEDITOR_ENABLE_USER',1,'1','yesno',0,'Activation fckeditor sur notes utilisateurs','2010-03-04 09:58:01'),(62,'FCKEDITOR_ENABLE_SOCIETE',1,'1','yesno',0,'Activation fckeditor sur notes societe','2010-03-04 09:58:01'),(63,'FCKEDITOR_ENABLE_PRODUCTDESC',1,'1','yesno',0,'Activation fckeditor sur notes produits','2010-03-04 09:58:01'),(64,'FCKEDITOR_ENABLE_MEMBER',1,'1','yesno',0,'Activation fckeditor sur notes adherent','2010-03-04 09:58:01'),(65,'FCKEDITOR_ENABLE_MAILING',1,'1','yesno',0,'Activation fckeditor sur emailing','2010-03-04 09:58:01'),(66,'OSC_DB_HOST',1,'localhost','chaine',0,'Host for OSC database for OSCommerce module 1','2010-03-04 09:58:01'),(67,'DON_ADDON_MODEL',1,'html_cerfafr','chaine',0,'','2010-03-04 09:58:01'),(68,'PROPALE_ADDON',1,'mod_propale_marbre','chaine',0,'','2010-03-04 09:58:01'),(69,'PROPALE_ADDON_PDF',1,'azur','chaine',0,'','2010-03-04 09:58:01'),(70,'COMMANDE_ADDON',1,'mod_commande_marbre','chaine',0,'','2010-03-04 09:58:01'),(71,'COMMANDE_ADDON_PDF',1,'einstein','chaine',0,'','2010-03-04 09:58:01'),(72,'COMMANDE_SUPPLIER_ADDON',1,'mod_commande_fournisseur_muguet','chaine',0,'','2010-03-04 09:58:01'),(73,'COMMANDE_SUPPLIER_ADDON_PDF',1,'muscadet','chaine',0,'','2010-03-04 09:58:01'),(74,'EXPEDITION_ADDON',1,'enlevement','chaine',0,'','2010-03-04 09:58:01'),(76,'FICHEINTER_ADDON',1,'pacific','chaine',0,'','2010-03-04 09:58:01'),(77,'FICHEINTER_ADDON_PDF',1,'soleil','chaine',0,'','2010-03-04 09:58:01'),(78,'FACTURE_ADDON',1,'terre','chaine',0,'','2010-03-04 09:58:01'),(79,'FACTURE_ADDON_PDF',1,'crabe','chaine',0,'','2010-03-04 09:58:01'),(80,'PROPALE_VALIDITY_DURATION',1,'15','chaine',0,'Durée de validitée des propales','2010-03-04 09:58:01'),(81,'GENBARCODE_LOCATION',0,'/usr/local/bin/genbarcode','chaine',0,'location of genbarcode','2010-03-04 09:58:01'),(95,'MAIN_VERSION_LAST_INSTALL',0,'2.7.1','chaine',0,'Dolibarr version when install','2010-03-04 09:58:41'),(126,'SOCIETE_FISCAL_MONTH_START',0,'0','chaine',1,'Mettre le numero du mois du debut d\\\'annee fiscale, ex: 9 pour septembre','2011-02-09 15:06:20'),(127,'MAIN_MODULE_PROPALE',1,'1',NULL,0,NULL,'2011-02-09 15:06:25'),(128,'PROPALE_ADDON_PDF',0,'azur','chaine',0,'Nom du gestionnaire de generation des propales en PDF','2011-02-09 15:06:25'),(129,'PROPALE_ADDON',0,'mod_propale_marbre','chaine',0,'Nom du gestionnaire de numerotation des propales','2011-02-09 15:06:25'),(132,'COMMANDE_ADDON_PDF',0,'einstein','chaine',0,'Nom du gestionnaire de generation des commandes en PDF','2011-02-09 15:06:28'),(133,'COMMANDE_ADDON',0,'mod_commande_marbre','chaine',0,'Nom du gestionnaire de numerotation des commandes','2011-02-09 15:06:28'),(135,'MAIN_MODULE_FICHEINTER',1,'1',NULL,0,NULL,'2011-02-09 15:06:33'),(136,'FICHEINTER_ADDON_PDF',0,'soleil','chaine',0,NULL,'2011-02-09 15:06:33'),(137,'FICHEINTER_ADDON',0,'pacific','chaine',0,NULL,'2011-02-09 15:06:33'),(139,'MAIN_MODULE_CONTRAT',1,'1',NULL,0,NULL,'2011-02-09 15:06:36'),(141,'MAIN_MODULE_EXPEDITION',1,'1',NULL,0,NULL,'2011-02-09 15:06:38'),(142,'LIVRAISON_ADDON_PDF',0,'typhon','chaine',0,'Nom du gestionnaire de generation des commandes en PDF','2011-02-09 15:06:38'),(143,'LIVRAISON_ADDON',0,'mod_livraison_jade','chaine',0,'Nom du gestionnaire de numerotation des bons de livraison','2011-02-09 15:06:38'),(147,'MAIN_MODULE_COMPTABILITE',1,'1',NULL,0,NULL,'2011-02-09 15:06:50'),(149,'FACTURE_ADDON_PDF',0,'crabe','chaine',0,NULL,'2011-02-09 15:06:50'),(150,'FACTURE_ADDON',0,'terre','chaine',0,NULL,'2011-02-09 15:06:50'),(151,'FAC_FORCE_DATE_VALIDATION',0,'0','yesno',0,NULL,'2011-02-09 15:06:50'),(154,'MAIN_MODULE_TAX',1,'1',NULL,0,NULL,'2011-02-09 15:07:01'),(157,'COMMANDE_SUPPLIER_ADDON_PDF',0,'muscadet','chaine',0,NULL,'2011-02-09 15:07:26'),(158,'COMMANDE_SUPPLIER_ADDON',0,'mod_commande_fournisseur_muguet','chaine',0,NULL,'2011-02-09 15:07:26'),(161,'MAIN_MODULE_CASHDESK',1,'1',NULL,0,NULL,'2011-02-09 15:07:41'),(166,'MAIN_MODULE_STOCK',1,'1',NULL,0,NULL,'2011-02-09 15:07:45'),(167,'MAIN_MODULE_PRODUIT',1,'1',NULL,0,NULL,'2011-02-09 15:07:45'),(169,'MAIN_MODULE_PROJET',1,'1',NULL,0,NULL,'2011-02-09 15:07:55'),(170,'MAIN_MODULE_MAILING',1,'1',NULL,0,NULL,'2011-02-09 15:07:59'),(171,'MAIN_MODULE_EXPORT',1,'1',NULL,0,NULL,'2011-02-09 15:08:05'),(172,'MAIN_MODULE_IMPORT',1,'1',NULL,0,NULL,'2011-02-09 15:08:09'),(173,'MAIN_MODULE_SYSLOG',0,'1',NULL,0,NULL,'2011-02-09 15:08:31'),(174,'MAIN_MODULE_CATEGORIE',1,'1',NULL,0,NULL,'2011-02-09 15:08:36'),(175,'MAIN_MODULE_FCKEDITOR',1,'1',NULL,0,NULL,'2011-02-09 15:09:26'),(176,'MAIN_MODULE_BOOKMARK',1,'1',NULL,0,NULL,'2011-02-09 15:09:43'),(178,'MAIN_MODULE_CLICKTODIAL',1,'1',NULL,0,NULL,'2011-02-09 15:11:10'),(185,'MAIN_AGENDA_ACTIONAUTO_COMPANY_CREATE',1,'1','chaine',0,'','2011-02-09 20:34:06'),(186,'MAIN_AGENDA_ACTIONAUTO_CONTRACT_VALIDATE',1,'1','chaine',0,'','2011-02-09 20:34:06'),(187,'MAIN_AGENDA_ACTIONAUTO_PROPAL_VALIDATE',1,'1','chaine',0,'','2011-02-09 20:34:06'),(188,'MAIN_AGENDA_ACTIONAUTO_PROPAL_SENTBYMAIL',1,'1','chaine',0,'','2011-02-09 20:34:06'),(189,'MAIN_AGENDA_ACTIONAUTO_ORDER_VALIDATE',1,'1','chaine',0,'','2011-02-09 20:34:06'),(190,'MAIN_AGENDA_ACTIONAUTO_ORDER_SENTBYMAIL',1,'1','chaine',0,'','2011-02-09 20:34:06'),(191,'MAIN_AGENDA_ACTIONAUTO_BILL_VALIDATE',1,'1','chaine',0,'','2011-02-09 20:34:06'),(192,'MAIN_AGENDA_ACTIONAUTO_BILL_PAYED',1,'1','chaine',0,'','2011-02-09 20:34:06'),(193,'MAIN_AGENDA_ACTIONAUTO_BILL_CANCELED',1,'1','chaine',0,'','2011-02-09 20:34:06'),(194,'MAIN_AGENDA_ACTIONAUTO_BILL_SENTBYMAIL',1,'1','chaine',0,'','2011-02-09 20:34:06'),(195,'MAIN_AGENDA_ACTIONAUTO_ORDER_SUPPLIER_VALIDATE',1,'1','chaine',0,'','2011-02-09 20:34:06'),(196,'MAIN_AGENDA_ACTIONAUTO_BILL_SUPPLIER_VALIDATE',1,'1','chaine',0,'','2011-02-09 20:34:06'),(202,'COMPANY_ADDON_PDF_ODT_PATH',1,'DOL_DATA_ROOT/doctemplates/thirdparties','chaine',0,NULL,'2011-02-11 13:19:44'),(207,'FACTURE_ADDON_PDF_ODT_PATH',1,'DOL_DATA_ROOT/doctemplates/invoices','chaine',0,NULL,'2011-02-11 13:19:44'),(311,'MAIN_MODULE_BARCODE',1,'1',NULL,0,NULL,'2011-02-14 21:46:40'),(312,'GENBARCODE_LOCATION',1,'/homez.149/cleanea/www/erp/includes/barcode/php-barcode/genbarcode/genbarcode','chaine',0,'Path to genbarcode command line tool','2011-02-14 21:46:40'),(420,'MAIN_MODULE_EXTERNALSITE',1,'1',NULL,0,NULL,'2011-03-14 10:49:14'),(457,'MAILING_EMAIL_FROM',1,'administratif@cleanea.com','chaine',0,'','2011-03-21 13:27:57'),(458,'MAILING_EMAIL_ERRORSTO',1,'administratif@cleanea.com','chaine',0,'','2011-03-21 13:27:57'),(459,'PRODUIT_MULTIPRICES',1,'1','chaine',0,'','2011-03-21 13:29:26'),(461,'MAIN_MODULE_NOTIFICATION',1,'1',NULL,0,NULL,'2011-03-21 13:32:53'),(463,'MAIN_MODULE_EXTERNALRSS',1,'1',NULL,0,NULL,'2011-03-21 13:33:22'),(466,'EXTERNAL_RSS_TITLE_1',1,'Cleanea Website','chaine',0,'','2011-03-21 13:34:47'),(467,'EXTERNAL_RSS_URLRSS_1',1,'feed://www.cleanea.com/cleaneaflux1.xml','chaine',0,'','2011-03-21 13:34:47'),(469,'MAIN_MODULE_LDAP',1,'1',NULL,0,NULL,'2011-03-21 13:36:23'),(470,'LDAP_SERVER_TYPE',1,'openldap','chaine',0,NULL,'2011-03-21 13:36:23'),(471,'LDAP_SERVER_PROTOCOLVERSION',1,'3','chaine',0,NULL,'2011-03-21 13:36:23'),(472,'LDAP_SERVER_HOST',1,'localhost','chaine',0,NULL,'2011-03-21 13:36:23'),(473,'LDAP_USER_DN',1,'ou=users,dc=my-domain,dc=com','chaine',0,NULL,'2011-03-21 13:36:23'),(474,'LDAP_GROUP_DN',1,'ou=groups,dc=my-domain,dc=com','chaine',0,NULL,'2011-03-21 13:36:23'),(475,'LDAP_FILTER_CONNECTION',1,'&(objectClass=user)(objectCategory=person)','chaine',0,NULL,'2011-03-21 13:36:23'),(476,'LDAP_FIELD_LOGIN',1,'uid','chaine',0,NULL,'2011-03-21 13:36:23'),(477,'LDAP_FIELD_FULLNAME',1,'cn','chaine',0,NULL,'2011-03-21 13:36:23'),(478,'LDAP_FIELD_NAME',1,'sn','chaine',0,NULL,'2011-03-21 13:36:23'),(479,'LDAP_FIELD_FIRSTNAME',1,'givenname','chaine',0,NULL,'2011-03-21 13:36:23'),(480,'LDAP_FIELD_MAIL',1,'mail','chaine',0,NULL,'2011-03-21 13:36:23'),(481,'LDAP_FIELD_PHONE',1,'telephonenumber','chaine',0,NULL,'2011-03-21 13:36:23'),(482,'LDAP_FIELD_FAX',1,'facsimiletelephonenumber','chaine',0,NULL,'2011-03-21 13:36:23'),(483,'LDAP_FIELD_MOBILE',1,'mobile','chaine',0,NULL,'2011-03-21 13:36:23'),(484,'MAIN_LANG_DEFAULT',1,'fr_CH','chaine',0,'','2011-05-23 08:04:30'),(485,'MAIN_MULTILANGS',1,'1','chaine',0,'','2011-05-23 08:04:30'),(486,'MAIN_SIZE_LISTE_LIMIT',1,'25','chaine',0,'','2011-05-23 08:04:30'),(487,'MAIN_DISABLE_JAVASCRIPT',1,'0','chaine',0,'','2011-05-23 08:04:30'),(490,'MAIN_START_WEEK',1,'1','chaine',0,'','2011-05-23 08:04:30'),(491,'MAIN_SHOW_LOGO',1,'0','chaine',0,'','2011-05-23 08:04:30'),(492,'MAIN_FIRSTNAME_NAME_POSITION',1,'0','chaine',0,'','2011-05-23 08:04:30'),(493,'MAIN_THEME',1,'auguria','chaine',0,'','2011-05-23 08:04:30'),(494,'MAIN_SEARCHFORM_CONTACT',1,'1','chaine',0,'','2011-05-23 08:04:30'),(495,'MAIN_SEARCHFORM_SOCIETE',1,'1','chaine',0,'','2011-05-23 08:04:30'),(496,'MAIN_SEARCHFORM_PRODUITSERVICE',1,'1','chaine',0,'','2011-05-23 08:04:30'),(497,'MAIN_SEARCHFORM_ADHERENT',1,'1','chaine',0,'','2011-05-23 08:04:30'),(498,'MAIN_HELPCENTER_DISABLELINK',0,'0','chaine',0,'','2011-05-23 08:04:30'),(499,'MAIN_MOTD',1,'<span style=\"color: rgb(128, 128, 128); \"><strong>Retrouver les documents dans l\'onglet &quot;documents&quot; en haut &agrave; droite.<br />Vous y trouverez, les bons de commande, les doc techniques, les normes, le bilan carbone.</strong></span>','chaine',0,'','2011-05-23 08:04:30'),(500,'MAIN_HOME',1,'<span style=\"color: rgb(51, 204, 102); \"><strong>&nbsp;Cleanea Suisse</strong></span><span style=\"color: rgb(102, 204, 102); \"><strong> /<span style=\"color: rgb(128, 128, 128); \"> Cleanea Schweiz</span> </strong><span style=\"color: rgb(51, 204, 102); \"><strong>/ Cleanea Svizzera</strong></span></span>','chaine',0,'','2011-05-23 08:04:30'),(501,'MAIN_HELP_DISABLELINK',0,'0','chaine',0,'','2011-05-23 08:04:30'),(564,'MAIN_SUBMODULE_EXPEDITION',1,'1','chaine',0,'','2011-10-28 07:20:21'),(565,'EXPEDITION_ADDON_PDF',1,'merou','chaine',0,'','2011-10-28 07:21:06'),(566,'MAIN_SUBMODULE_LIVRAISON',1,'1','chaine',0,'','2011-10-28 07:21:17'),(569,'INVOICE_SUPPLIER_ADDON_PDF',1,'canelle','chaine',0,'','2011-10-30 21:49:55'),(570,'MAIN_DELAY_SUPPLIER_ORDERS_TO_PROCESS',1,'7','chaine',0,'Tolérance de retard avant alerte (en jours) sur commandes fournisseurs non traitées','2011-10-30 21:49:56'),(587,'MAIN_AGENDA_ACTIONAUTO_BILL_CANCEL',1,'1','chaine',0,NULL,'2011-10-30 21:57:28'),(588,'MAIN_AGENDA_ACTIONAUTO_SHIPPING_VALIDATE',1,'1','chaine',0,NULL,'2011-10-30 21:57:28'),(589,'MAIN_AGENDA_ACTIONAUTO_SHIPPING_SENTBYMAIL',1,'1','chaine',0,NULL,'2011-10-30 21:57:28'),(604,'MAIN_MODULE_MULTICOMPANY',0,'1',NULL,0,NULL,'2011-10-30 22:42:05'),(677,'MAIN_INFO_SOCIETE_LOGO',1,'Logo HD Cleanea.JPG','chaine',0,'','2011-11-04 15:04:49'),(678,'MAIN_INFO_SOCIETE_LOGO_SMALL',1,'Logo HD Cleanea_small.jpg','chaine',0,'','2011-11-04 15:04:49'),(679,'MAIN_INFO_SOCIETE_LOGO_MINI',1,'Logo HD Cleanea_mini.jpg','chaine',0,'','2011-11-04 15:04:49'),(686,'PRODUIT_LIMIT_SIZE',1,'0','chaine',0,'','2011-12-06 16:50:12'),(687,'PRODUIT_MULTIPRICES_LIMIT',1,'3','chaine',0,'','2011-12-06 16:50:32'),(690,'PRODUIT_DESC_IN_FORM',1,'1','chaine',0,'','2011-12-06 16:53:09'),(691,'PRODUIT_USE_SEARCH_TO_SELECT',1,'1','chaine',0,'','2012-02-02 16:03:50'),(692,'SUBSCRIPTION_BOX_DAYS_AFTER',1,'30','chaine',0,'','2012-02-02 16:47:49'),(694,'BANK_SHOW_ORDER_OPTION',1,'0','chaine',0,'','2012-02-21 10:09:06'),(696,'NOTIFICATION_EMAIL_FROM',1,'swiss@cleanea.com','chaine',0,'','2012-03-28 12:42:55'),(697,'MAIN_DISABLE_ALL_MAILS',1,'0','chaine',0,'','2012-04-03 12:26:36'),(698,'MAIN_MAIL_SENDMODE',0,'mail','chaine',0,'','2012-04-03 12:26:42'),(699,'MAIN_MAIL_EMAIL_TLS',0,'0','chaine',0,'','2012-04-03 12:27:17'),(700,'MAIN_MAIL_EMAIL_FROM',1,'swiss@cleanea.com','chaine',0,'','2012-04-03 12:27:17'),(701,'MAIN_MAIL_ERRORS_TO',1,'swiss@cleanea.com','chaine',0,'','2012-04-03 12:27:18'),(719,'MAIN_MODULE_AGENDA',1,'1',NULL,0,NULL,'2012-04-20 14:36:27'),(720,'MAIN_MODULE_WEBCALENDAR',1,'1',NULL,0,NULL,'2012-04-20 14:36:28'),(721,'MAIN_MODULE_WEBCALENDAR_TRIGGERS',1,'1','chaine',0,NULL,'2012-04-20 14:36:28'),(723,'MAIN_MODULE_PRODUCT',1,'1',NULL,0,NULL,'2012-04-20 14:36:28'),(724,'MAIN_MODULE_SERVICE',1,'1',NULL,0,NULL,'2012-04-20 14:36:28'),(725,'MAIN_MODULE_COMMANDE',1,'1',NULL,0,NULL,'2012-04-20 14:36:29'),(727,'MAIN_MODULE_FOURNISSEUR',1,'1',NULL,0,NULL,'2012-04-20 14:36:29'),(728,'MAIN_MODULE_USER',0,'1',NULL,0,NULL,'2012-04-20 14:36:29'),(729,'MAIN_MODULE_DEPLACEMENT',1,'1',NULL,0,NULL,'2012-04-20 14:36:30'),(731,'MAIN_MODULE_ECM',1,'1',NULL,0,NULL,'2012-04-20 14:36:30'),(732,'MAIN_MODULE_PAYBOX',1,'1',NULL,0,NULL,'2012-04-20 14:36:30'),(733,'MAIN_VERSION_LAST_UPGRADE',0,'3.1.1','chaine',0,'Dolibarr version for last upgrade','2012-04-20 14:37:14'),(735,'MAIN_MODULE_PRELEVEMENT',1,'1',NULL,0,NULL,'2012-06-14 21:52:04'),(736,'MAIN_MODULE_FACTURE',1,'1',NULL,0,NULL,'2012-06-14 21:52:05'),(737,'MAIN_MODULE_SOCIETE',1,'1',NULL,0,NULL,'2012-06-14 21:52:06'),(738,'MAIN_MODULE_BANQUE',1,'1',NULL,0,NULL,'2012-06-14 21:52:07'),(741,'MAIN_SECURITY_ENABLECAPTCHA',1,'1','chaine',0,'','2012-12-03 19:01:48'),(769,'FACTURE_FREE_TEXT',1,'Compte à créditer\r\nCrédit Suisse SWIFT : CRESCHZZ80A\r\nIBAN: CH72 0483 5154 8615 5100 0 \r\n','chaine',0,'','2013-06-28 07:42:33'),(770,'MAIN_INFO_SOCIETE_PAYS',1,'6:CH:Suisse','chaine',0,'','2013-06-28 07:45:35'),(771,'MAIN_INFO_SOCIETE_NOM',1,'Cleanea Sàrl','chaine',0,'','2013-06-28 07:45:35'),(772,'MAIN_INFO_SOCIETE_ADRESSE',1,'Parc Scientifique EPFL \r\nPSE-D','chaine',0,'','2013-06-28 07:45:35'),(773,'MAIN_INFO_SOCIETE_VILLE',1,'Lausanne','chaine',0,'','2013-06-28 07:45:35'),(774,'MAIN_INFO_SOCIETE_CP',1,'1015','chaine',0,'','2013-06-28 07:45:36'),(775,'MAIN_INFO_SOCIETE_DEPARTEMENT',1,'196','chaine',0,'','2013-06-28 07:45:36'),(776,'MAIN_MONNAIE',1,'CHF','chaine',0,'','2013-06-28 07:45:36'),(777,'MAIN_INFO_SOCIETE_TEL',1,'+41789655101','chaine',0,'','2013-06-28 07:45:36'),(778,'MAIN_INFO_SOCIETE_MAIL',1,'swiss@cleanea.com','chaine',0,'','2013-06-28 07:45:36'),(779,'MAIN_INFO_SOCIETE_WEB',1,'www.cleanea.com','chaine',0,'','2013-06-28 07:45:36'),(780,'MAIN_INFO_SOCIETE_NOTE',1,'Cleanea Suisse','chaine',0,'','2013-06-28 07:45:36'),(781,'MAIN_INFO_CAPITAL',1,'20000','chaine',0,'','2013-06-28 07:45:36'),(782,'MAIN_INFO_SOCIETE_FORME_JURIDIQUE',1,'606','chaine',0,'','2013-06-28 07:45:36'),(783,'MAIN_INFO_APE',1,'CH660.5196008-3','chaine',0,'','2013-06-28 07:45:36'),(784,'MAIN_INFO_TVAINTRA',1,'CH-114.079.586 TVA','chaine',0,'','2013-06-28 07:45:36'),(785,'SOCIETE_FISCAL_MONTH_START',1,'1','chaine',0,'','2013-06-28 07:45:36'),(786,'FACTURE_TVAOPTION',1,'reel','chaine',0,'','2013-06-28 07:45:36'),(791,'MAIN_MODULE_CONTRATABONNEMENT',1,'1',NULL,0,NULL,'2013-07-23 12:06:36'),(792,'MAIN_MODULE_CONTRATABONNEMENT_TABS_0',1,'contract:Subscriptions:@contratabonnement:/contratabonnement/fiche.php?id=__ID__','chaine',0,NULL,'2013-07-23 12:06:36'),(794,'FACTURE_RIB_NUMBER',1,'1','chaine',0,'','2013-09-18 10:01:54'),(795,'FACTURE_CHQ_NUMBER',1,'0','chaine',0,'','2013-09-18 10:01:54'),(796,'SYSTEMTOOLS_MYSQLDUMP',1,'/usr/bin/mysqldump','chaine',0,'','2013-10-02 12:08:29'),(797,'SOCIETE_CODECLIENT_ADDON',1,'mod_codeclient_elephant','chaine',0,'','2013-10-16 13:30:39'),(798,'FACTURE_DRAFT_WATERMARK',1,'RELANCE FACTURE IMPAYÉE','chaine',0,'','2013-10-17 07:48:15'),(799,'FACTURE_SHOW_SEND_REMINDER',1,'oui','',1,'','2013-10-17 07:51:50');

--
-- Table structure for table `llx_contrat`
--

CREATE TABLE `llx_contrat` (
  `rowid` int(11) NOT NULL AUTO_INCREMENT,
  `ref` varchar(30) DEFAULT NULL,
  `entity` int(11) NOT NULL DEFAULT '1',
  `tms` timestamp NOT NULL DEFAULT CURRENT_TIMESTAMP ON UPDATE CURRENT_TIMESTAMP,
  `datec` datetime DEFAULT NULL,
  `date_contrat` datetime DEFAULT NULL,
  `statut` smallint(6) DEFAULT '0',
  `mise_en_service` datetime DEFAULT NULL,
  `fin_validite` datetime DEFAULT NULL,
  `date_cloture` datetime DEFAULT NULL,
  `fk_soc` int(11) NOT NULL,
  `fk_projet` int(11) DEFAULT NULL,
  `fk_commercial_signature` int(11) NOT NULL,
  `fk_commercial_suivi` int(11) NOT NULL,
  `fk_user_author` int(11) NOT NULL DEFAULT '0',
  `fk_user_mise_en_service` int(11) DEFAULT NULL,
  `fk_user_cloture` int(11) DEFAULT NULL,
  `note` text,
  `note_public` text,
  PRIMARY KEY (`rowid`),
  UNIQUE KEY `uk_contrat_ref` (`ref`,`entity`),
  KEY `idx_contrat_fk_soc` (`fk_soc`),
  KEY `idx_contrat_fk_user_author` (`fk_user_author`),
  CONSTRAINT `fk_contrat_fk_soc` FOREIGN KEY (`fk_soc`) REFERENCES `llx_societe` (`rowid`),
  CONSTRAINT `fk_contrat_user_author` FOREIGN KEY (`fk_user_author`) REFERENCES `llx_user` (`rowid`)
) ENGINE=InnoDB AUTO_INCREMENT=2 DEFAULT CHARSET=utf8;

--
-- Dumping data for table `llx_contrat`
--

INSERT INTO `llx_contrat` VALUES (1,NULL,1,'2011-02-13 21:23:17','2011-02-13 22:23:13','2011-02-13 00:00:00',0,NULL,NULL,NULL,1,NULL,3,3,3,NULL,NULL,NULL,NULL);

--
-- Table structure for table `llx_contratabonnement`
--

CREATE TABLE `llx_contratabonnement` (
  `rowid` int(11) NOT NULL AUTO_INCREMENT,
  `fk_contratdet` int(11) NOT NULL,
  `fk_frequencerepetition` int(11) NOT NULL,
  `periodepaiement` smallint(1) NOT NULL DEFAULT '0',
  PRIMARY KEY (`rowid`),
  KEY `fk_contratdet` (`fk_contratdet`),
  KEY `fk_frequencerepetition` (`fk_frequencerepetition`),
  CONSTRAINT `llx_contratabonnement_ibfk_1` FOREIGN KEY (`fk_contratdet`) REFERENCES `llx_contratdet` (`rowid`) ON DELETE CASCADE,
  CONSTRAINT `llx_contratabonnement_ibfk_10` FOREIGN KEY (`fk_frequencerepetition`) REFERENCES `llx_frequence_repetition` (`rowid`) ON DELETE CASCADE,
  CONSTRAINT `llx_contratabonnement_ibfk_11` FOREIGN KEY (`fk_contratdet`) REFERENCES `llx_contratdet` (`rowid`) ON DELETE CASCADE,
  CONSTRAINT `llx_contratabonnement_ibfk_12` FOREIGN KEY (`fk_frequencerepetition`) REFERENCES `llx_frequence_repetition` (`rowid`) ON DELETE CASCADE,
  CONSTRAINT `llx_contratabonnement_ibfk_2` FOREIGN KEY (`fk_frequencerepetition`) REFERENCES `llx_frequence_repetition` (`rowid`) ON DELETE CASCADE,
  CONSTRAINT `llx_contratabonnement_ibfk_3` FOREIGN KEY (`fk_contratdet`) REFERENCES `llx_contratdet` (`rowid`) ON DELETE CASCADE,
  CONSTRAINT `llx_contratabonnement_ibfk_4` FOREIGN KEY (`fk_frequencerepetition`) REFERENCES `llx_frequence_repetition` (`rowid`) ON DELETE CASCADE,
  CONSTRAINT `llx_contratabonnement_ibfk_5` FOREIGN KEY (`fk_contratdet`) REFERENCES `llx_contratdet` (`rowid`) ON DELETE CASCADE,
  CONSTRAINT `llx_contratabonnement_ibfk_6` FOREIGN KEY (`fk_frequencerepetition`) REFERENCES `llx_frequence_repetition` (`rowid`) ON DELETE CASCADE,
  CONSTRAINT `llx_contratabonnement_ibfk_7` FOREIGN KEY (`fk_contratdet`) REFERENCES `llx_contratdet` (`rowid`) ON DELETE CASCADE,
  CONSTRAINT `llx_contratabonnement_ibfk_8` FOREIGN KEY (`fk_frequencerepetition`) REFERENCES `llx_frequence_repetition` (`rowid`) ON DELETE CASCADE,
  CONSTRAINT `llx_contratabonnement_ibfk_9` FOREIGN KEY (`fk_contratdet`) REFERENCES `llx_contratdet` (`rowid`) ON DELETE CASCADE
) ENGINE=InnoDB DEFAULT CHARSET=latin1;

--
