-- Table structure for table `llx_notify`
--

CREATE TABLE `llx_notify` (
  `rowid` int(11) NOT NULL AUTO_INCREMENT,
  `tms` timestamp NOT NULL DEFAULT CURRENT_TIMESTAMP ON UPDATE CURRENT_TIMESTAMP,
  `daten` datetime DEFAULT NULL,
  `fk_action` int(11) NOT NULL,
  `fk_contact` int(11) DEFAULT NULL,
  `fk_user` int(11) DEFAULT NULL,
  `objet_type` varchar(24) NOT NULL,
  `objet_id` int(11) NOT NULL,
  `email` varchar(255) DEFAULT NULL,
  `type` varchar(16) DEFAULT 'email',
  PRIMARY KEY (`rowid`)
) ENGINE=InnoDB DEFAULT CHARSET=utf8;

--
-- Dumping data for table `llx_notify`
--


--
-- Table structure for table `llx_notify_def`
--

CREATE TABLE `llx_notify_def` (
  `rowid` int(11) NOT NULL AUTO_INCREMENT,
  `tms` timestamp NOT NULL DEFAULT CURRENT_TIMESTAMP ON UPDATE CURRENT_TIMESTAMP,
  `datec` date DEFAULT NULL,
  `fk_action` int(11) NOT NULL,
  `fk_soc` int(11) NOT NULL,
  `fk_contact` int(11) DEFAULT NULL,
  `fk_user` int(11) DEFAULT NULL,
  `type` varchar(16) DEFAULT 'email',
  PRIMARY KEY (`rowid`)
) ENGINE=InnoDB DEFAULT CHARSET=utf8;

--
-- Dumping data for table `llx_notify_def`
--


--
-- Table structure for table `llx_paiement`
--

CREATE TABLE `llx_paiement` (
  `rowid` int(11) NOT NULL AUTO_INCREMENT,
  `fk_facture` int(11) DEFAULT NULL,
  `datec` datetime DEFAULT NULL,
  `tms` timestamp NOT NULL DEFAULT CURRENT_TIMESTAMP ON UPDATE CURRENT_TIMESTAMP,
  `datep` datetime DEFAULT NULL,
  `amount` double(24,8) DEFAULT NULL,
  `fk_paiement` int(11) NOT NULL,
  `num_paiement` varchar(50) DEFAULT NULL,
  `note` text,
  `fk_bank` int(11) NOT NULL DEFAULT '0',
  `fk_user_creat` int(11) DEFAULT NULL,
  `fk_user_modif` int(11) DEFAULT NULL,
  `statut` smallint(6) NOT NULL DEFAULT '0',
  `fk_export_compta` int(11) NOT NULL DEFAULT '0',
  PRIMARY KEY (`rowid`)
) ENGINE=InnoDB AUTO_INCREMENT=76 DEFAULT CHARSET=utf8;

--
-- Dumping data for table `llx_paiement`
--

INSERT INTO `llx_paiement` VALUES (1,NULL,'2011-03-08 10:12:40','2011-03-08 09:13:49','2011-03-04 12:00:00',20190.53000000,2,'','Paiement Fitness Malley',3,3,NULL,0,0),(2,NULL,'2005-01-07 02:37:12','2011-03-14 10:39:59','2011-03-14 12:00:00',42650.48000000,2,'','',7,3,NULL,0,0),(3,NULL,'2011-06-09 16:29:56','2011-06-09 14:30:03','2011-06-09 12:00:00',9667.00000000,2,'','',24,3,NULL,0,0),(4,NULL,'2011-09-05 08:45:36','2011-09-05 06:45:40','2011-09-01 12:00:00',1425.60000000,2,'','',31,3,NULL,0,0),(5,NULL,'2011-09-14 09:09:05','2011-09-14 07:09:08','2011-08-02 12:00:00',9667.00000000,2,'','',37,3,NULL,0,0),(6,NULL,'2011-10-07 09:29:08','2011-10-07 07:29:09','2011-10-03 12:00:00',712.80000000,2,'','',38,3,NULL,0,0),(7,NULL,'2011-10-26 08:42:19','2011-10-26 06:42:19','2011-10-26 12:00:00',4320.00000000,2,'','',39,3,NULL,0,0),(8,NULL,'2011-10-28 15:14:20','2011-10-28 13:14:21','2011-10-24 12:00:00',2268.00000000,2,'','',42,3,NULL,0,0),(9,NULL,'2011-10-28 15:19:06','2011-10-28 13:19:08','2011-09-30 12:00:00',1425.60000000,2,'','',43,3,NULL,0,0),(10,NULL,'2011-11-01 08:34:09','2011-11-01 07:34:09','2011-11-01 12:00:00',1425.60000000,2,'','',46,3,NULL,0,0),(11,NULL,'2011-11-11 11:03:16','2011-11-11 10:03:17','2011-11-11 12:00:00',1100.00000000,2,'','',60,3,NULL,0,0),(12,NULL,'2011-11-11 12:05:36','2011-11-11 11:05:36','2011-11-11 12:00:00',24443.00000000,2,'','',61,3,NULL,0,0),(13,NULL,'2011-12-01 19:03:06','2011-12-01 18:03:06','2011-12-01 12:00:00',21646.10000000,2,'','',62,3,NULL,0,0),(14,NULL,'2011-12-15 20:29:27','2011-12-15 19:29:28','2011-12-06 12:00:00',1425.60000000,2,'','',66,3,NULL,0,0),(15,NULL,'2011-12-15 20:33:16','2011-12-15 19:33:17','2011-12-09 12:00:00',5302.60000000,2,'','',67,3,NULL,0,0),(16,NULL,'2012-01-30 15:48:45','2012-01-30 14:48:46','2012-12-28 12:00:00',1480.00000000,2,'','',88,3,NULL,0,0),(17,NULL,'2012-01-30 15:50:22','2012-01-30 14:50:23','2011-12-30 12:00:00',1425.60000000,2,'','',89,3,NULL,0,0),(18,NULL,'2012-02-16 16:59:55','2012-02-16 15:59:56','2012-02-16 12:00:00',8876.90000000,2,'','',90,3,NULL,0,0),(19,NULL,'2012-03-01 16:11:07','2012-03-01 15:11:07','2012-03-01 12:00:00',117.94000000,2,'','',91,3,NULL,0,0),(20,NULL,'2012-03-09 08:53:35','2012-03-09 07:53:35','2012-03-09 12:00:00',20712.78000000,2,'','',92,3,NULL,0,0),(21,NULL,'2012-03-26 21:59:06','2012-03-26 19:59:07','2012-03-15 12:00:00',607.50000000,2,'','',94,3,NULL,0,0),(23,NULL,'2012-03-29 15:54:42','2012-03-29 13:54:43','2012-03-23 12:00:00',9666.00000000,2,'','',96,3,NULL,0,0),(24,NULL,'2012-03-29 17:59:17','2012-03-29 15:59:18','2012-03-23 12:00:00',5667.00000000,2,'','',97,3,NULL,0,0),(25,NULL,'2012-04-10 19:19:58','2012-04-10 17:19:59','2012-04-10 12:00:00',23845.32000000,2,'','',98,3,NULL,0,0),(26,NULL,'2012-04-10 19:41:03','2012-04-10 17:41:04','2012-02-01 12:00:00',1425.60000000,2,'','',100,3,NULL,0,0),(27,NULL,'2012-04-10 20:56:38','2012-04-10 18:56:39','2012-03-01 12:00:00',712.80000000,2,'','',111,3,NULL,0,0),(28,NULL,'2012-04-10 23:06:34','2012-04-10 21:06:35','2012-04-03 12:00:00',4950.00000000,2,'','',115,3,NULL,0,0),(29,NULL,'2012-04-12 16:05:56','2012-04-12 14:05:57','2012-03-30 12:00:00',712.80000000,2,'','',123,3,NULL,0,0),(30,NULL,'2012-05-30 19:58:54','2012-05-30 17:58:55','2012-05-30 12:00:00',26422.00000000,2,'','',139,3,NULL,0,0),(31,NULL,'2012-05-30 20:04:05','2012-05-30 18:04:06','2012-05-30 12:00:00',118.00000000,2,'','',144,3,NULL,0,0),(32,NULL,'2012-06-20 07:58:02','2012-06-20 05:58:02','2012-06-20 12:00:00',19334.01000000,2,'','',152,3,NULL,0,0),(33,NULL,'2012-07-27 11:53:19','2012-07-27 09:53:20','2012-07-27 12:00:00',26422.00000000,2,'','',163,3,NULL,0,0),(34,NULL,'2012-08-13 16:51:41','2012-08-13 14:51:42','2012-05-02 12:00:00',712.80000000,2,'','',179,3,NULL,0,0),(35,NULL,'2012-08-13 16:52:11','2012-08-13 14:52:12','2012-06-01 12:00:00',712.80000000,2,'','',180,3,NULL,0,0),(36,NULL,'2012-08-13 16:52:42','2012-08-13 14:52:43','2012-06-29 12:00:00',712.80000000,2,'','',181,3,NULL,0,0),(37,NULL,'2012-08-13 16:53:12','2012-08-13 14:53:13','2012-07-31 12:00:00',712.80000000,2,'','',182,3,NULL,0,0),(38,NULL,'2012-08-30 09:36:31','2012-08-30 07:36:32','2012-08-30 12:00:00',1960.00000000,2,'','',183,3,NULL,0,0),(39,NULL,'2012-08-31 10:08:56','2012-08-31 08:08:57','2012-08-31 12:00:00',29118.00000000,2,'','',184,3,NULL,0,0),(40,NULL,'2012-10-05 11:57:44','2012-10-05 09:57:45','2012-08-31 12:00:00',712.80000000,2,'','',203,3,NULL,0,0),(42,NULL,'2012-10-05 11:58:32','2012-10-05 09:58:32','2012-10-05 12:00:00',712.80000000,2,'','',205,3,NULL,0,0),(43,NULL,'2012-10-22 09:21:58','2012-10-22 07:21:59','2012-10-22 12:00:00',999.00000000,2,'','',206,3,NULL,0,0),(44,NULL,'2012-10-31 09:57:36','2012-10-31 08:57:36','2012-10-31 12:00:00',1000.00000000,2,'','',207,3,NULL,0,0),(45,NULL,'2012-11-13 16:05:15','2012-11-13 15:05:19','2012-11-07 12:00:00',118.00000000,2,'','',210,3,NULL,0,0),(46,NULL,'2012-11-13 16:10:44','2012-11-13 15:10:48','2012-11-01 12:00:00',712.80000000,2,'','',211,3,NULL,0,0),(47,NULL,'2012-12-26 11:07:44','2012-12-26 10:07:47','2012-12-26 12:00:00',19822.50000000,2,'','par avoir',217,2,NULL,0,0),(48,NULL,'2012-12-26 11:26:10','2012-12-26 10:26:13','2012-12-26 12:00:00',10029.96000000,2,'','',218,2,NULL,0,0),(49,NULL,'2012-12-26 11:29:02','2012-12-26 10:29:05','2012-12-26 12:00:00',1000.00000000,2,'','',219,2,NULL,0,0),(50,NULL,'2012-12-26 11:30:41','2012-12-26 10:30:44','2012-11-30 12:00:00',712.80000000,2,'','',220,2,NULL,0,0),(51,NULL,'2013-03-06 12:03:32','2013-03-06 11:03:35','2013-01-31 12:00:00',712.80000000,2,'','',221,2,NULL,0,0),(52,NULL,'2013-03-06 12:04:35','2013-03-06 11:04:38','2012-12-31 12:00:00',712.80000000,2,'','',222,2,NULL,0,0),(53,NULL,'2013-04-25 18:44:37','2013-04-25 16:44:42','2013-04-04 12:00:00',2696.38000000,2,'','',236,21,NULL,0,0),(54,NULL,'2013-04-25 18:45:09','2013-04-25 16:45:15','2013-04-05 12:00:00',374.76000000,2,'','',237,21,NULL,0,0),(55,NULL,'2013-04-25 18:48:31','2013-04-25 16:48:37','2013-04-15 12:00:00',59923.80000000,2,'','',238,21,NULL,0,0),(58,NULL,'2013-04-25 18:51:38','2013-04-25 16:51:44','2013-03-01 12:00:00',712.80000000,2,'','',241,21,NULL,0,0),(59,NULL,'2013-05-02 17:19:20','2013-05-02 15:19:25','2013-01-21 12:00:00',22189.46000000,2,'','',242,2,NULL,0,0),(61,NULL,'2013-06-18 12:54:48','2013-06-18 10:54:52','2013-05-31 12:00:00',712.80000000,2,'','',256,27,NULL,0,0),(62,NULL,'2013-06-18 13:36:47','2013-06-18 11:36:51','2013-06-18 12:00:00',900.00000000,2,'','',257,2,NULL,0,0),(63,NULL,'2013-06-19 13:44:09','2013-06-19 11:44:12','2013-04-05 12:00:00',1620.00000000,2,'','',259,27,NULL,0,0),(64,NULL,'2013-07-01 15:04:20','2013-07-01 13:04:24','2013-05-02 12:00:00',712.80000000,2,'','',263,27,NULL,0,0),(65,NULL,'2013-07-01 15:05:27','2013-07-01 13:05:32','2013-03-28 12:00:00',712.80000000,2,'','',264,27,NULL,0,0),(67,NULL,'2013-07-01 15:21:01','2013-07-01 13:21:05','2013-02-01 12:00:00',712.80000000,2,'','',267,27,NULL,0,0),(68,NULL,'2013-07-08 09:22:00','2013-07-08 07:22:03','2013-07-01 12:00:00',712.80000000,2,'','',268,27,NULL,0,0),(69,NULL,'2013-07-08 11:16:38','2013-07-08 09:16:41','2013-07-05 12:00:00',22279.32000000,2,'','',271,27,NULL,0,0),(70,NULL,'2013-08-05 11:28:10','2013-08-05 09:28:11','2013-07-30 12:00:00',231.00000000,2,'','',285,27,NULL,0,0),(71,NULL,'2013-08-05 11:28:57','2013-08-05 09:28:57','2013-07-31 12:00:00',712.80000000,2,'','',286,27,NULL,0,0),(72,NULL,'2013-08-12 08:58:11','2013-08-12 06:58:12','2013-08-09 12:00:00',236.00000000,2,'','',295,27,NULL,0,0),(73,NULL,'2013-08-27 09:50:45','2013-08-27 07:50:45','2013-08-21 12:00:00',5046.00000000,2,'','',301,27,NULL,0,0),(74,NULL,'2013-09-02 10:57:36','2013-09-02 08:57:36','2013-08-30 12:00:00',712.80000000,2,'','',302,27,NULL,0,0),(75,NULL,'2013-09-09 08:47:12','2013-09-09 06:47:12','2013-09-05 12:00:00',1000.00000000,2,'','',305,27,NULL,0,0);

--
-- Table structure for table `llx_paiement_facture`
--

CREATE TABLE `llx_paiement_facture` (
  `rowid` int(11) NOT NULL AUTO_INCREMENT,
  `fk_paiement` int(11) DEFAULT NULL,
  `fk_facture` int(11) DEFAULT NULL,
  `amount` double(24,8) DEFAULT NULL,
  PRIMARY KEY (`rowid`),
  UNIQUE KEY `uk_paiement_facture` (`fk_paiement`,`fk_facture`),
  KEY `idx_paiement_facture_fk_facture` (`fk_facture`),
  KEY `idx_paiement_facture_fk_paiement` (`fk_paiement`),
  CONSTRAINT `fk_paiement_facture_fk_facture` FOREIGN KEY (`fk_facture`) REFERENCES `llx_facture` (`rowid`),
  CONSTRAINT `fk_paiement_facture_fk_paiement` FOREIGN KEY (`fk_paiement`) REFERENCES `llx_paiement` (`rowid`)
) ENGINE=InnoDB AUTO_INCREMENT=85 DEFAULT CHARSET=utf8;

--
-- Dumping data for table `llx_paiement_facture`
--

INSERT INTO `llx_paiement_facture` VALUES (1,1,6,20190.53000000),(2,2,6,42650.48000000),(3,3,7,9667.00000000),(4,4,1,1425.60000000),(5,5,7,9667.00000000),(6,6,14,712.80000000),(7,7,13,4320.00000000),(8,8,12,2268.00000000),(9,9,1,1425.60000000),(10,10,1,1425.60000000),(11,11,18,1100.00000000),(12,12,23,24443.00000000),(13,13,16,21637.38000000),(14,13,18,8.72000000),(15,14,1,1425.60000000),(16,15,19,5302.60000000),(17,16,28,1480.00000000),(18,17,1,1425.60000000),(19,18,30,8876.90000000),(20,19,31,117.94000000),(21,20,30,20712.78000000),(22,21,37,607.50000000),(24,23,39,9666.00000000),(25,24,7,5667.00000000),(26,25,36,23845.32000000),(27,26,1,1425.60000000),(28,27,29,712.80000000),(29,28,38,4950.00000000),(30,29,29,712.80000000),(31,30,43,26422.00000000),(32,31,40,118.00000000),(33,32,39,19334.01000000),(34,33,52,26422.00000000),(35,34,29,712.80000000),(36,35,29,712.80000000),(37,36,29,712.80000000),(38,37,29,712.80000000),(39,38,46,1200.00000000),(40,38,47,760.00000000),(41,39,53,29118.00000000),(42,40,29,712.80000000),(44,42,29,712.80000000),(45,43,7,999.00000000),(46,44,7,1000.00000000),(47,45,60,70.80000000),(48,45,67,47.20000000),(49,46,29,712.80000000),(50,47,48,12960.00000000),(51,47,54,3862.50000000),(52,47,55,3000.00000000),(53,48,73,10029.96000000),(54,49,7,1000.00000000),(55,50,29,712.80000000),(56,51,29,712.80000000),(57,52,29,712.80000000),(58,53,86,2696.38000000),(59,54,75,374.76000000),(60,55,83,19974.60000000),(61,55,84,19974.60000000),(62,55,85,19974.60000000),(65,58,61,712.80000000),(66,59,71,22189.46000000),(68,61,61,712.80000000),(69,62,64,900.00000000),(70,63,92,1620.00000000),(71,64,61,712.80000000),(72,65,61,712.80000000),(74,67,61,712.80000000),(75,68,61,712.80000000),(76,69,90,1001.16000000),(77,69,91,21278.16000000),(78,70,87,231.00000000),(79,71,61,712.80000000),(80,72,93,236.00000000),(81,73,99,4800.00000000),(82,73,104,246.00000000),(83,74,61,712.80000000),(84,75,7,1000.00000000);

--
-- Table structure for table `llx_paiementcharge`
--

CREATE TABLE `llx_paiementcharge` (
  `rowid` int(11) NOT NULL AUTO_INCREMENT,
  `fk_charge` int(11) DEFAULT NULL,
  `datec` datetime DEFAULT NULL,
  `tms` timestamp NOT NULL DEFAULT CURRENT_TIMESTAMP ON UPDATE CURRENT_TIMESTAMP,
  `datep` datetime DEFAULT NULL,
  `amount` double DEFAULT '0',
  `fk_typepaiement` int(11) NOT NULL,
  `num_paiement` varchar(50) DEFAULT NULL,
  `note` text,
  `fk_bank` int(11) NOT NULL,
  `fk_user_creat` int(11) DEFAULT NULL,
  `fk_user_modif` int(11) DEFAULT NULL,
  PRIMARY KEY (`rowid`)
) ENGINE=InnoDB DEFAULT CHARSET=utf8;

--
-- Dumping data for table `llx_paiementcharge`
--


--
-- Table structure for table `llx_paiementfourn`
--

CREATE TABLE `llx_paiementfourn` (
  `rowid` int(11) NOT NULL AUTO_INCREMENT,
  `tms` timestamp NOT NULL DEFAULT CURRENT_TIMESTAMP ON UPDATE CURRENT_TIMESTAMP,
  `datec` datetime DEFAULT NULL,
  `fk_facture_fourn` int(11) DEFAULT NULL,
  `datep` datetime DEFAULT NULL,
  `amount` double DEFAULT '0',
  `fk_user_author` int(11) DEFAULT NULL,
  `fk_paiement` int(11) NOT NULL,
  `num_paiement` varchar(50) DEFAULT NULL,
  `note` text,
  `fk_bank` int(11) NOT NULL,
  `statut` smallint(6) NOT NULL DEFAULT '0',
  PRIMARY KEY (`rowid`)
) ENGINE=InnoDB AUTO_INCREMENT=231 DEFAULT CHARSET=utf8;

--
-- Dumping data for table `llx_paiementfourn`
--

INSERT INTO `llx_paiementfourn` VALUES (1,'2011-03-08 10:01:31','2011-03-08 11:01:27',NULL,'2011-03-08 12:00:00',992,3,2,'','',4,0),(2,'2011-03-14 10:29:53','2005-01-07 02:27:07',NULL,'2011-03-14 12:00:00',510,3,2,'','',5,0),(3,'2011-03-14 10:38:18','2005-01-07 02:35:32',NULL,'2011-03-14 12:00:00',1227.4,3,2,'','',6,0),(5,'2011-03-14 11:14:30','2005-01-07 03:11:43',NULL,'2011-03-14 12:00:00',45500,3,2,'','Facture 2010-207',9,0),(6,'2011-03-16 08:32:03','2011-03-16 09:32:00',NULL,'1970-01-01 01:00:00',637.27,3,2,'','',10,0),(7,'2011-03-22 17:57:38','2011-03-22 18:57:30',NULL,'2011-03-22 12:00:00',300.62,3,2,'','',11,0),(8,'2011-03-22 18:01:11','2011-03-22 19:01:03',NULL,'2011-03-22 12:00:00',510.79,3,2,'','',12,0),(9,'2011-03-22 18:27:12','2011-03-22 19:27:03',NULL,'1970-01-01 01:00:00',208.66,3,2,'','',13,0),(10,'2011-03-22 18:30:51','2011-03-22 19:30:43',NULL,'1970-01-01 01:00:00',417.31,3,2,'','',14,0),(11,'2011-04-18 08:31:17','2011-04-18 10:31:14',NULL,'2011-04-18 12:00:00',310,3,2,'','',15,0),(12,'2011-04-25 19:01:02','2011-04-25 21:00:54',NULL,'2011-04-25 12:00:00',310,3,2,'','',16,0),(13,'2011-05-02 08:15:01','2011-05-02 10:14:58',NULL,'2011-05-02 12:00:00',704.21,3,2,'','',17,0),(14,'2011-05-02 08:24:36','2011-05-02 10:24:33',NULL,'2011-05-02 12:00:00',810.9,3,2,'','',18,0),(15,'2011-05-02 08:26:02','2011-05-02 10:25:59',NULL,'2011-05-02 12:00:00',1052.8,3,2,'','',19,0),(16,'2011-05-23 09:49:31','2011-05-23 11:49:27',NULL,'2011-05-10 12:00:00',4500,3,2,'','',20,0),(17,'2011-05-25 07:59:57','2011-05-25 09:59:54',NULL,'2011-05-13 12:00:00',78.24,3,2,'','',21,0),(18,'2011-06-08 17:28:30','2011-06-08 19:28:22',NULL,'2011-06-01 12:00:00',724.65,3,2,'','',22,0),(19,'2011-06-08 17:55:41','2011-06-08 19:55:33',NULL,'2011-06-03 12:00:00',1476.7,3,2,'','',23,0),(20,'2011-06-09 14:42:21','2011-06-09 16:42:14',NULL,'2011-06-06 12:00:00',62,3,2,'','',25,0),(21,'2011-06-09 14:45:35','2011-06-09 16:45:28',NULL,'2011-06-06 12:00:00',5300,3,2,'','',26,0),(22,'2011-06-09 15:00:30','2011-06-09 17:00:24',NULL,'2011-06-06 12:00:00',1412.02,3,2,'','',27,0),(23,'2011-06-10 07:09:08','2011-06-10 09:09:05',NULL,'2011-06-10 12:00:00',100,3,2,'','',28,0),(24,'2011-08-26 15:35:22','2011-08-26 17:35:15',NULL,'2011-08-26 12:00:00',3240,3,2,'','',29,0),(25,'2011-09-05 06:23:13','2011-09-05 08:23:10',NULL,'2011-08-28 12:00:00',4616.9,3,2,'','TVA 1er Trimestre',30,0),(26,'2011-09-05 06:47:13','2011-09-05 08:47:10',NULL,'2011-08-25 12:00:00',200,3,2,'','',32,0),(27,'2011-09-05 06:52:02','2011-09-05 08:51:59',NULL,'2011-08-25 12:00:00',200,3,2,'','',33,0),(28,'2011-09-05 07:28:15','2011-09-05 09:28:11',NULL,'2011-06-28 12:00:00',260.8,3,2,'','',34,0),(29,'2011-09-05 07:30:16','2011-09-05 09:30:13',NULL,'2011-06-28 12:00:00',130.4,3,2,'','',35,0),(30,'2011-09-05 07:39:05','2011-09-05 09:39:02',NULL,'2011-08-08 12:00:00',912.7,3,2,'','',36,0),(31,'2011-10-28 10:23:33','2011-10-28 12:23:32',NULL,'2011-10-28 12:00:00',834.8,3,2,'','',40,0),(32,'2011-10-28 10:24:33','2011-10-28 12:24:33',NULL,'2011-10-28 12:00:00',400,3,2,'','',41,0),(33,'2011-10-28 14:05:50','2011-10-28 16:05:49',NULL,'2011-10-27 12:00:00',1499,3,2,'','',44,0),(34,'2011-10-28 14:08:26','2011-10-28 16:08:24',NULL,'2011-07-07 12:00:00',6455.55,3,2,'','',45,0),(35,'2011-11-01 10:24:12','2011-11-01 11:24:12',NULL,'2011-11-01 12:00:00',468.2,3,2,'','',47,0),(36,'2011-11-01 10:35:46','2011-11-01 11:35:46',NULL,'2011-11-01 12:00:00',1327.24,3,2,'','',48,0),(37,'2011-11-01 10:48:23','2011-11-01 11:48:22',NULL,'2011-07-07 12:00:00',4000,3,2,'','',49,0),(38,'2011-11-01 10:59:47','2011-11-01 11:59:46',NULL,'2011-10-27 12:00:00',1376.22,3,2,'','',50,0),(39,'2011-11-01 11:02:34','2011-11-01 12:02:33',NULL,'2011-10-27 12:00:00',675.95,3,2,'','',51,0),(40,'2011-11-01 11:06:45','2011-11-01 12:06:44',NULL,'2011-10-27 12:00:00',20,3,2,'','',52,0),(41,'2011-11-01 11:09:13','2011-11-01 12:09:13',NULL,'2011-08-08 12:00:00',1317.3,3,2,'','',53,0),(42,'2011-11-01 11:16:23','2011-11-01 12:16:23',NULL,'2011-07-29 12:00:00',1037.35,3,2,'','',54,0),(43,'2011-11-01 11:21:12','2011-11-01 12:21:11',NULL,'2011-06-28 12:00:00',56.7,3,2,'','',55,0),(44,'2011-11-01 11:27:53','2011-11-01 12:27:53',NULL,'2011-08-08 12:00:00',58.55,3,2,'','',56,0),(45,'2011-11-01 11:35:44','2011-11-01 12:35:44',NULL,'2011-08-08 12:00:00',109.7,3,2,'','',57,0),(46,'2011-11-01 11:40:55','2011-11-01 12:40:54',NULL,'2011-11-01 12:00:00',75.15,3,2,'','',58,0),(47,'2011-11-04 11:55:50','2011-11-04 12:55:49',NULL,'2011-11-04 12:00:00',2000,3,2,'','',59,0),(48,'2011-12-15 19:24:10','2011-12-15 20:24:09',NULL,'2011-11-30 12:00:00',310.45,3,2,'','',63,0),(49,'2011-12-15 19:26:49','2011-12-15 20:26:48',NULL,'2011-12-06 12:00:00',5300,3,2,'','',64,0),(50,'2011-12-15 19:28:11','2011-12-15 20:28:10',NULL,'2011-12-06 12:00:00',11144.87,3,2,'','',65,0),(51,'2011-12-15 19:35:04','2011-12-15 20:35:03',NULL,'2011-11-30 12:00:00',770.9,3,2,'','',68,0),(52,'2011-12-16 11:31:34','2011-12-16 12:31:33',NULL,'2011-11-30 12:00:00',458.75,3,2,'','',69,0),(53,'2011-12-16 11:34:14','2011-12-16 12:34:13',NULL,'2011-11-30 12:00:00',149.85,3,2,'','',70,0),(54,'2012-01-26 10:10:56','2012-01-26 11:10:55',NULL,'2012-01-06 12:00:00',-33.65,3,2,'','',71,0),(55,'2012-01-26 10:26:17','2012-01-26 11:26:17',NULL,'2011-12-27 12:00:00',3240,3,2,'','',72,0),(56,'2012-01-26 10:29:10','2012-01-26 11:29:10',NULL,'2012-01-26 12:00:00',469.5,3,2,'','',73,0),(57,'2012-01-26 10:47:59','2012-01-26 11:47:58',NULL,'2011-11-30 12:00:00',1902.8,3,2,'','',74,0),(58,'2012-01-26 11:03:29','2012-01-26 12:03:28',NULL,'2011-12-27 12:00:00',1090.4,3,2,'','',75,0),(59,'2012-01-26 11:06:22','2012-01-26 12:06:22',NULL,'2011-11-30 12:00:00',6468.87,3,2,'','',76,0),(60,'2012-01-26 13:58:52','2012-01-26 14:58:51',NULL,'2011-11-30 12:00:00',38.91,3,2,'','',77,0),(61,'2012-01-26 14:46:17','2012-01-26 15:46:16',NULL,'2011-11-30 12:00:00',2086.55,3,2,'','',78,0),(62,'2012-01-26 14:53:41','2012-01-26 15:53:41',NULL,'2011-12-27 12:00:00',18.11,3,2,'','',79,0),(63,'2012-01-26 14:58:16','2012-01-26 15:58:16',NULL,'2011-12-27 12:00:00',809.55,3,2,'','',80,0),(64,'2012-01-26 15:01:10','2012-01-26 16:01:10',NULL,'2011-12-27 12:00:00',4820.35,3,2,'','',81,0),(65,'2012-01-26 15:12:36','2012-01-26 16:12:36',NULL,'2011-12-31 12:00:00',547.7,3,2,'','',82,0),(66,'2012-01-26 15:32:27','2012-01-26 16:32:26',NULL,'2011-11-30 12:00:00',313,3,2,'','',83,0),(67,'2012-01-26 15:36:26','2012-01-26 16:36:26',NULL,'2011-12-27 12:00:00',391.2,3,2,'','',84,0),(68,'2012-01-26 15:41:23','2012-01-26 16:41:22',NULL,'2011-12-27 12:00:00',840.3,3,2,'','',85,0),(69,'2012-01-26 15:44:54','2012-01-26 16:44:53',NULL,'2011-12-27 12:00:00',257.15,3,2,'','',86,0),(70,'2012-01-26 15:55:51','2012-01-26 16:55:51',NULL,'2012-01-01 12:00:00',600,3,2,'','',87,0),(71,'2012-03-09 08:32:14','2012-03-09 09:32:14',NULL,'2012-03-09 12:00:00',10743.1,3,2,'','boironnette / attention taux de change',93,0),(72,'2012-04-10 17:39:49','2012-04-10 19:39:48',NULL,'2012-01-25 12:00:00',200,3,2,'','',99,0),(73,'2012-04-10 17:43:55','2012-04-10 19:43:55',NULL,'2012-03-02 12:00:00',851.4,3,2,'','',101,0),(74,'2012-04-10 17:47:20','2012-04-10 19:47:19',NULL,'2012-02-03 12:00:00',564.1,3,2,'','',102,0),(75,'2012-04-10 17:52:29','2012-04-10 19:52:28',NULL,'2012-02-03 12:00:00',980.9,3,2,'','',103,0),(76,'2012-04-10 18:21:11','2012-04-10 20:21:11',NULL,'2012-02-03 12:00:00',407.85,3,2,'','',104,0),(77,'2012-04-10 18:24:26','2012-04-10 20:24:25',NULL,'2012-02-28 12:00:00',5189.45,3,2,'','',105,0),(78,'2012-04-10 18:26:23','2012-04-10 20:26:22',NULL,'2012-02-28 12:00:00',1040.7,3,2,'','',106,0),(79,'2012-04-10 18:32:24','2012-04-10 20:32:23',NULL,'2012-02-28 12:00:00',1782.3,3,2,'','',107,0),(80,'2012-04-10 18:35:25','2012-04-10 20:35:25',NULL,'2012-02-28 12:00:00',1702.8,3,2,'','',108,0),(81,'2012-04-10 18:38:31','2012-04-10 20:38:30',NULL,'2012-02-28 12:00:00',42.95,3,2,'','',109,0),(82,'2012-04-10 18:54:11','2012-04-10 20:54:10',NULL,'2012-02-28 12:00:00',375,3,2,'','',110,0),(83,'2012-04-10 19:11:54','2012-04-10 21:11:53',NULL,'2012-03-14 12:00:00',675,3,2,'','',112,0),(84,'2012-04-10 20:38:54','2012-04-10 22:38:54',NULL,'2012-03-23 12:00:00',200,3,2,'','',113,0),(85,'2012-04-10 20:54:17','2012-04-10 22:54:15',NULL,'2012-03-27 12:00:00',1677.7,3,2,'','',114,0),(87,'2012-04-11 06:59:13','2012-04-11 08:59:12',NULL,'2011-12-06 12:00:00',4798.77,3,2,'','',117,0),(88,'2012-04-11 07:00:23','2012-04-11 09:00:23',NULL,'2012-03-28 12:00:00',8797.46,3,2,'','',118,0),(89,'2012-04-11 07:04:38','2012-04-11 09:04:38',NULL,'2012-03-28 12:00:00',5189.45,3,2,'','',119,0),(90,'2012-04-11 07:08:22','2012-04-11 09:08:22',NULL,'2012-03-28 12:00:00',943.85,3,2,'','',120,0),(91,'2012-04-11 07:20:05','2012-04-11 09:20:04',NULL,'2012-03-28 12:00:00',1663.4,3,2,'','',121,0),(92,'2012-04-12 13:50:31','2012-04-12 15:50:30',NULL,'2012-03-28 12:00:00',20,3,2,'','',122,0),(93,'2012-04-12 14:11:22','2012-04-12 16:11:22',NULL,'2012-03-31 12:00:00',-0.59,3,2,'','',124,0),(94,'2012-04-12 14:20:32','2012-04-12 16:20:32',NULL,'2012-04-03 12:00:00',38,3,2,'','',125,0),(95,'2012-04-13 11:55:37','2012-04-13 13:55:37',NULL,'2012-04-13 12:00:00',1620,3,2,'','',126,0),(96,'2012-04-13 11:59:48','2012-04-13 13:59:47',NULL,'2012-04-13 12:00:00',1921.4,3,2,'','',127,0),(97,'2012-04-13 12:04:25','2012-04-13 14:04:24',NULL,'2012-04-13 12:00:00',11071.14,3,2,'','',128,0),(98,'2012-04-13 12:12:19','2012-04-13 14:12:18',NULL,'2012-04-01 12:00:00',1012.5,3,2,'','',129,0),(99,'2012-04-13 18:52:05','2012-04-13 20:52:04',NULL,'2012-04-13 12:00:00',744,3,2,'','',130,0),(100,'2012-04-13 18:59:14','2012-04-13 20:59:13',NULL,'2012-04-13 12:00:00',1200,3,2,'','',131,0),(101,'2012-04-13 19:03:00','2012-04-13 21:02:59',NULL,'2012-04-13 12:00:00',1738.8,3,2,'','',132,0),(102,'2012-04-13 19:07:59','2012-04-13 21:07:59',NULL,'2012-04-13 12:00:00',1729,3,2,'','',133,0),(103,'2012-04-13 19:10:12','2012-04-13 21:10:11',NULL,'2012-04-13 12:00:00',3643.29,3,2,'','',134,0),(104,'2012-04-13 19:12:03','2012-04-13 21:12:02',NULL,'2012-04-13 12:00:00',146.75,3,2,'','',135,0),(105,'2012-04-13 19:15:39','2012-04-13 21:15:38',NULL,'2012-04-13 12:00:00',24.85,3,2,'','',136,0),(106,'2012-04-25 19:43:09','2012-04-25 21:43:08',NULL,'2012-04-25 12:00:00',1248.89,3,2,'','',137,0),(107,'2012-04-25 19:46:07','2012-04-25 21:46:07',NULL,'2012-04-25 12:00:00',178,3,2,'','',138,0),(108,'2012-05-30 17:59:52','2012-05-30 19:59:51',NULL,'2012-05-30 12:00:00',3416.25,3,2,'','',140,0),(109,'2012-05-30 18:01:11','2012-05-30 20:01:11',NULL,'2012-05-30 12:00:00',1,3,2,'','',141,0),(110,'2012-05-30 18:03:05','2012-05-30 20:03:04',NULL,'2012-05-30 12:00:00',7141.24,3,2,'','',142,0),(111,'2012-05-30 18:03:07','2012-05-30 20:03:06',NULL,'2012-05-30 12:00:00',7141.24,3,2,'','',143,0),(112,'2012-05-30 18:04:30','2012-05-30 20:04:29',NULL,'2012-05-30 12:00:00',200,3,2,'','',145,0),(113,'2012-05-30 18:05:02','2012-05-30 20:05:00',NULL,'2012-05-30 12:00:00',762,3,2,'','',146,0),(114,'2012-05-30 18:05:27','2012-05-30 20:05:26',NULL,'2012-05-30 12:00:00',448.55,3,2,'','',147,0),(115,'2012-05-30 18:06:29','2012-05-30 20:06:28',NULL,'2012-05-30 12:00:00',88,3,2,'','',148,0),(116,'2012-05-30 18:07:02','2012-05-30 20:07:01',NULL,'2012-05-30 12:00:00',1253,3,2,'','',149,0),(117,'2012-05-30 18:07:28','2012-05-30 20:07:27',NULL,'2012-05-30 12:00:00',161.25,3,2,'','',150,0),(118,'2012-06-08 06:40:20','2012-06-08 08:40:19',NULL,'2012-06-08 12:00:00',2400,3,2,'','',151,0),(119,'2012-06-20 06:32:13','2012-06-20 08:32:13',NULL,'2012-06-20 12:00:00',13000,3,2,'','',153,0),(120,'2012-06-21 12:59:28','2012-06-21 14:59:28',NULL,'2012-06-21 12:00:00',423.64,3,2,'','',154,0),(121,'2012-06-21 13:02:50','2012-06-21 15:02:49',NULL,'2012-06-21 12:00:00',762,3,2,'','',155,0),(122,'2012-06-21 13:13:17','2012-06-21 15:13:16',NULL,'2012-06-21 12:00:00',888,3,2,'','',156,0),(123,'2012-06-21 13:15:16','2012-06-21 15:15:15',NULL,'2012-06-21 12:00:00',998.45,3,2,'','',157,0),(124,'2012-06-21 13:16:25','2012-06-21 15:16:25',NULL,'2012-06-21 12:00:00',5189.45,3,2,'','',158,0),(125,'2012-06-21 13:36:59','2012-06-21 15:36:59',NULL,'2012-06-21 12:00:00',200,3,2,'','Avril 2012',159,0),(126,'2012-06-21 13:37:24','2012-06-21 15:37:23',NULL,'2012-06-21 12:00:00',200,3,2,'','Juin 2012',160,0),(127,'2012-06-21 13:37:48','2012-06-21 15:37:47',NULL,'2012-06-21 12:00:00',200,3,2,'','Juillet 2012',161,0),(128,'2012-06-22 07:06:11','2012-06-22 09:06:11',NULL,'2012-06-22 12:00:00',540.35,3,2,'','',162,0),(129,'2012-07-27 15:31:57','2012-07-27 17:31:56',NULL,'2012-03-12 12:00:00',1831,3,2,'','',164,0),(130,'2012-08-07 17:14:06','2012-08-07 19:14:05',NULL,'2012-08-07 12:00:00',2714.2,3,2,'','',165,0),(131,'2012-08-13 14:07:21','2012-08-13 16:07:20',NULL,'2012-08-13 12:00:00',465,3,2,'','',166,0),(132,'2012-08-13 14:08:02','2012-08-13 16:08:01',NULL,'2012-08-13 12:00:00',2337,3,2,'','',167,0),(133,'2012-08-13 14:08:58','2012-08-13 16:08:57',NULL,'2012-08-13 12:00:00',762,3,2,'','',168,0),(135,'2012-08-13 14:12:33','2012-08-13 16:12:32',NULL,'2012-08-13 12:00:00',1524.35,3,2,'','',170,0),(136,'2012-08-13 14:13:17','2012-08-13 16:13:16',NULL,'2012-08-13 12:00:00',636.1,3,2,'','',171,0),(137,'2012-08-13 14:13:54','2012-08-13 16:13:53',NULL,'2012-08-13 12:00:00',1620,3,2,'','',172,0),(138,'2012-08-13 14:14:23','2012-08-13 16:14:22',NULL,'2012-08-13 12:00:00',2533.95,3,2,'','',173,0),(139,'2012-08-13 14:15:03','2012-08-13 16:15:03',NULL,'2012-08-13 12:00:00',1562.1,3,2,'','',174,0),(140,'2012-08-13 14:16:17','2012-08-13 16:16:16',NULL,'2012-08-13 12:00:00',2127.19,3,2,'','',175,0),(141,'2012-08-13 14:21:37','2012-08-13 16:21:36',NULL,'2012-08-13 12:00:00',271.75,3,2,'','',176,0),(142,'2012-08-13 14:23:09','2012-08-13 16:23:08',NULL,'2012-08-13 12:00:00',522.8,3,2,'','',177,0),(143,'2012-08-13 14:27:21','2012-08-13 16:27:21',NULL,'2012-08-13 12:00:00',977.85,3,2,'','',178,0),(144,'2012-08-31 10:49:23','2012-08-31 12:49:22',NULL,'2012-08-31 12:00:00',7829.35,3,2,'','',185,0),(145,'2012-08-31 10:54:50','2012-08-31 12:54:49',NULL,'2012-08-31 12:00:00',432.1,3,2,'','',186,0),(146,'2012-08-31 10:55:45','2012-08-31 12:55:44',NULL,'2012-08-31 12:00:00',1290,3,2,'','',187,0),(147,'2012-08-31 10:56:36','2012-08-31 12:56:35',NULL,'2012-08-31 12:00:00',1732,3,2,'','',188,0),(148,'2012-08-31 10:57:32','2012-08-31 12:57:31',NULL,'2012-08-31 12:00:00',1040.85,3,2,'','',189,0),(149,'2012-08-31 10:58:19','2012-08-31 12:58:18',NULL,'2012-08-31 12:00:00',608.6,3,2,'','',190,0),(150,'2012-08-31 10:58:45','2012-08-31 12:58:45',NULL,'2012-08-31 12:00:00',90.2,3,2,'','',191,0),(151,'2012-08-31 10:59:15','2012-08-31 12:59:15',NULL,'2012-08-31 12:00:00',762,3,2,'','',192,0),(153,'2012-08-31 11:02:14','2012-08-31 13:02:13',NULL,'2012-08-31 12:00:00',200,3,2,'','',194,0),(154,'2012-10-05 08:10:15','2012-10-05 10:10:14',NULL,'2012-10-05 12:00:00',695.5,3,2,'','',195,0),(155,'2012-10-05 08:14:53','2012-10-05 10:14:53',NULL,'2012-10-05 12:00:00',3635,3,2,'','',196,0),(156,'2012-10-05 08:15:49','2012-10-05 10:15:49',NULL,'2012-10-05 12:00:00',9935,3,2,'','',197,0),(157,'2012-10-05 08:18:51','2012-10-05 10:18:51',NULL,'2012-10-05 12:00:00',1292,3,2,'','',198,0),(158,'2012-10-05 08:44:05','2012-10-05 10:44:04',NULL,'2012-10-05 12:00:00',2134.9,3,2,'','',199,0),(159,'2012-10-05 09:23:20','2012-10-05 11:23:19',NULL,'2012-10-05 12:00:00',410.35,3,2,'','',200,0),(160,'2012-10-05 09:49:00','2012-10-05 11:48:59',NULL,'2012-10-05 12:00:00',1558.44,3,2,'','',201,0),(161,'2012-10-05 09:54:44','2012-10-05 11:54:43',NULL,'2012-10-05 12:00:00',1292,3,2,'','',202,0),(162,'2012-10-31 18:51:55','2012-10-31 19:51:54',NULL,'2012-10-01 12:00:00',200,3,2,'','',208,0),(163,'2012-10-31 18:52:32','2012-10-31 19:52:31',NULL,'2012-10-31 12:00:00',200,3,2,'','',209,0),(164,'2012-11-13 15:49:21','2012-11-13 16:49:16',NULL,'2012-10-03 12:00:00',5189.45,3,2,'','',212,0),(165,'2012-11-28 16:35:45','2012-11-28 17:35:40',NULL,'2012-11-06 12:00:00',1081,3,2,'','',213,0),(166,'2012-11-28 16:36:56','2012-11-28 17:36:51',NULL,'2012-11-06 12:00:00',530,3,2,'','',214,0),(167,'2012-11-28 16:49:44','2012-11-28 17:49:40',NULL,'2012-11-06 12:00:00',683.2,3,2,'','',215,0),(168,'2012-11-28 16:51:15','2012-11-28 17:51:10',NULL,'2012-11-23 12:00:00',200,3,2,'','',216,0),(169,'2013-03-06 11:08:01','2013-03-06 12:07:58',NULL,'2013-01-09 12:00:00',503.45,2,2,'','',223,0),(170,'2013-03-06 11:09:37','2013-03-06 12:09:33',NULL,'2013-01-08 12:00:00',16087.89,2,2,'','',224,0),(171,'2013-03-06 11:10:58','2013-03-06 12:10:54',NULL,'2013-03-06 12:00:00',3927.25,2,2,'','',225,0),(172,'2013-03-06 11:16:37','2013-03-06 12:16:34',NULL,'2013-01-29 12:00:00',13398.95,2,2,'','',226,0),(173,'2013-03-06 11:18:36','2013-03-06 12:18:33',NULL,'2013-01-31 12:00:00',1524,2,2,'','',227,0),(174,'2013-03-06 13:13:51','2013-03-06 14:13:47',NULL,'2013-02-07 12:00:00',4480.95,21,2,'','',228,0),(175,'2013-03-06 13:21:10','2013-03-06 14:21:06',NULL,'2013-02-07 12:00:00',1740,21,2,'','',229,0),(176,'2013-03-06 13:29:26','2013-03-06 14:29:22',NULL,'2013-01-31 12:00:00',495.75,21,2,'','',230,0),(177,'2013-03-06 13:31:24','2013-03-06 14:31:20',NULL,'2013-01-31 12:00:00',1620,21,2,'','',231,0),(178,'2013-03-06 13:34:53','2013-03-06 14:34:48',NULL,'2012-12-24 12:00:00',200,21,2,'','',232,0),(179,'2013-03-06 13:44:53','2013-03-06 14:44:49',NULL,'2013-01-31 12:00:00',1243.06,21,2,'','',233,0),(181,'2013-04-15 14:00:50','2013-04-15 16:00:45',NULL,'2013-04-15 12:00:00',24043.2,2,2,'','',235,0),(182,'2013-05-07 15:16:15','2013-05-07 17:16:10',NULL,'2013-05-07 12:00:00',130,2,2,'','',243,0),(183,'2013-05-07 15:51:38','2013-05-07 17:51:33',NULL,'2013-05-07 12:00:00',910.65,2,2,'','',245,0),(184,'2013-05-07 15:54:16','2013-05-07 17:54:11',NULL,'2013-05-07 12:00:00',1037.65,2,2,'','',246,0),(185,'2013-05-07 15:56:34','2013-05-07 17:56:29',NULL,'2013-05-07 12:00:00',1037.65,2,2,'','',247,0),(186,'2013-05-30 15:08:50','2013-05-30 17:08:45',NULL,'2013-05-28 12:00:00',3900,21,2,'','',248,0),(187,'2013-06-07 13:10:19','2013-06-07 15:10:15',NULL,'2013-05-16 12:00:00',922.63,27,2,'','',249,0),(188,'2013-06-07 13:12:36','2013-06-07 15:12:32',NULL,'2013-05-16 12:00:00',227.24,27,2,'','',250,0),(189,'2013-06-07 14:04:03','2013-06-07 16:03:59',NULL,'2013-04-26 12:00:00',534.75,27,2,'','',251,0),(190,'2013-06-07 14:12:35','2013-06-07 16:12:30',NULL,'2013-04-11 12:00:00',826.09,27,2,'','',252,0),(191,'2013-06-10 14:10:46','2013-06-10 16:10:42',NULL,'2013-05-28 12:00:00',2500,27,2,'','',253,0),(192,'2013-06-10 14:42:54','2013-06-10 16:42:49',NULL,'2013-03-06 12:00:00',156.5,27,2,'','',254,0),(193,'2013-06-10 14:43:44','2013-06-10 16:43:39',NULL,'2013-03-06 12:00:00',3953.35,27,2,'','',255,0),(194,'2013-06-18 16:43:10','2013-06-18 18:43:04',NULL,'2013-04-12 12:00:00',2292.65,27,2,'','',258,0),(195,'2013-06-21 07:09:34','2013-06-21 09:09:32',NULL,'2013-06-21 12:00:00',1076.5,27,2,'','',260,0),(196,'2013-06-21 07:14:02','2013-06-21 09:14:00',NULL,'2013-06-21 12:00:00',1838.26,27,2,'','',261,0),(197,'2013-06-21 07:14:42','2013-06-21 09:14:40',NULL,'2013-06-21 12:00:00',163.1,27,2,'','',262,0),(198,'2013-07-01 13:12:52','2013-07-01 15:12:48',NULL,'2013-05-07 12:00:00',70.76,27,2,'','',266,0),(199,'2013-07-08 07:33:12','2013-07-08 09:33:10',NULL,'2013-04-16 12:00:00',6816.8,27,2,'','',269,0),(200,'2013-07-08 07:40:40','2013-07-08 09:40:38',NULL,'2013-04-29 12:00:00',274,27,2,'','',270,0),(201,'2013-07-10 10:48:56','2013-07-10 12:48:53',NULL,'2013-07-10 12:00:00',50,27,2,'','',272,0),(202,'2013-07-15 08:45:09','2013-07-15 10:45:06',NULL,'2013-07-11 12:00:00',45.4,27,2,'','',273,0),(203,'2013-07-15 08:48:52','2013-07-15 10:48:50',NULL,'2013-07-11 12:00:00',3781.11,27,2,'','',274,0),(204,'2013-07-15 08:53:31','2013-07-15 10:53:28',NULL,'2013-07-11 12:00:00',1744.2,27,2,'','',275,0),(205,'2013-07-16 12:30:45','2013-07-16 14:30:41',NULL,'2013-07-16 12:00:00',270,27,2,'','',276,0),(206,'2013-07-16 12:31:47','2013-07-16 14:31:43',NULL,'2013-07-16 12:00:00',794.5,27,2,'','',277,0),(207,'2013-07-16 12:32:39','2013-07-16 14:32:35',NULL,'2013-07-16 12:00:00',6785.95,27,2,'','',278,0),(208,'2013-07-23 14:17:21','2013-07-23 16:17:17',NULL,'2013-07-23 12:00:00',68.95,27,2,'','',279,0),(209,'2013-07-29 08:07:53','2013-07-29 10:07:53',NULL,'2013-07-24 12:00:00',760.38,27,2,'','',280,0),(210,'2013-07-29 08:10:13','2013-07-29 10:10:13',NULL,'2013-07-29 12:00:00',614.84,27,2,'','',281,0),(211,'2013-07-29 08:13:13','2013-07-29 10:13:13',NULL,'2013-07-29 12:00:00',869.13,27,2,'','',282,0),(212,'2013-07-29 15:12:45','2013-07-29 17:12:45',NULL,'2013-02-07 12:00:00',140,27,2,'','',283,0),(213,'2013-07-30 10:09:06','2013-07-30 12:09:06',NULL,'2013-01-18 12:00:00',1555,27,2,'','',284,0),(214,'2013-08-05 09:57:37','2013-08-05 11:57:37',NULL,'2013-02-06 12:00:00',204,27,2,'','',287,0),(215,'2013-08-05 10:05:28','2013-08-05 12:05:28',NULL,'2013-02-06 12:00:00',291.2,27,2,'','',288,0),(216,'2013-08-05 10:12:11','2013-08-05 12:12:11',NULL,'2013-02-06 12:00:00',515.75,27,2,'','',289,0),(217,'2013-08-05 10:23:05','2013-08-05 12:23:05',NULL,'2013-02-06 12:00:00',152,27,2,'','',290,0),(218,'2013-08-05 10:58:02','2013-08-05 12:58:02',NULL,'2013-07-16 12:00:00',13331.33,27,2,'','',291,0),(219,'2013-08-05 11:04:09','2013-08-05 13:04:09',NULL,'2013-07-22 12:00:00',2364,27,2,'','',292,0),(220,'2013-08-05 11:45:23','2013-08-05 13:45:22',NULL,'2013-08-05 12:00:00',266.22,27,2,'','',293,0),(221,'2013-09-09 06:46:35','2013-08-05 13:48:07',NULL,'2013-09-02 12:00:00',51.65,27,2,'','',294,0),(222,'2013-08-27 07:42:17','2013-08-27 09:42:17',NULL,'2013-08-27 12:00:00',869.1,27,2,'','',296,0),(223,'2013-08-27 07:46:18','2013-08-27 09:46:18',NULL,'2013-08-20 12:00:00',17.4,27,2,'','',297,0),(224,'2013-08-27 07:47:12','2013-08-27 09:47:12',NULL,'2013-08-20 12:00:00',87.65,27,2,'','',298,0),(225,'2013-08-27 07:48:14','2013-08-27 09:48:13',NULL,'2013-08-22 12:00:00',787.85,27,2,'','',299,0),(226,'2013-09-09 06:45:47','2013-08-27 09:48:46',NULL,'2013-09-03 12:00:00',759,27,2,'','',300,0),(227,'2013-09-02 08:59:54','2013-09-02 10:59:54',NULL,'2013-09-02 12:00:00',10112.9,27,2,'','',303,0),(228,'2013-09-09 06:44:24','2013-09-09 08:44:23',NULL,'2013-09-04 12:00:00',307.8,27,2,'','',304,0),(229,'2013-09-17 06:50:57','2013-09-17 08:50:57',NULL,'2013-09-10 12:00:00',235.3,27,2,'','',306,0),(230,'2013-09-17 06:53:24','2013-09-17 08:53:24',NULL,'2013-09-10 12:00:00',433.82,27,2,'','',307,0);

--
-- Table structure for table `llx_paiementfourn_facturefourn`
--

CREATE TABLE `llx_paiementfourn_facturefourn` (
  `rowid` int(11) NOT NULL AUTO_INCREMENT,
  `fk_paiementfourn` int(11) DEFAULT NULL,
  `fk_facturefourn` int(11) DEFAULT NULL,
  `amount` double DEFAULT '0',
  PRIMARY KEY (`rowid`),
  UNIQUE KEY `uk_paiementfourn_facturefourn` (`fk_paiementfourn`,`fk_facturefourn`),
  KEY `idx_paiementfourn_facturefourn_fk_facture` (`fk_facturefourn`),
  KEY `idx_paiementfourn_facturefourn_fk_paiement` (`fk_paiementfourn`)
) ENGINE=InnoDB AUTO_INCREMENT=308 DEFAULT CHARSET=utf8;

--
-- Dumping data for table `llx_paiementfourn_facturefourn`
--

INSERT INTO `llx_paiementfourn_facturefourn` VALUES (1,1,5,992),(2,2,6,510),(3,3,7,1227.4),(5,5,2,45500),(6,6,8,637.27),(7,7,9,300.62),(8,8,10,510.79),(9,9,11,208.66),(10,10,12,417.31),(11,11,14,310),(12,12,14,310),(13,13,15,704.21),(14,14,16,810.9),(15,15,17,1052.8),(16,16,18,4500),(17,17,20,78.24),(18,18,26,724.65),(19,19,19,1476.7),(20,20,21,62),(21,21,24,5300),(22,22,27,1412.02),(23,23,28,100),(24,24,29,3240),(25,25,30,4616.9),(26,26,28,200),(27,27,32,200),(28,28,33,260.8),(29,29,34,130.4),(30,30,36,26.1),(31,30,37,886.6),(32,31,40,286.9),(33,31,35,156.5),(34,31,37,0.2),(35,31,42,182.55),(36,31,41,208.65),(37,32,38,200),(38,32,39,200),(39,33,44,1499),(40,34,31,6455.55),(41,35,46,468.2),(42,36,45,1327.24),(43,37,47,4000),(44,38,51,1376.22),(45,39,52,675.95),(46,40,53,20),(47,41,54,1317.3),(48,42,55,1037.35),(49,43,56,56.7),(50,44,57,58.55),(51,45,58,109.7),(52,46,59,75.15),(53,47,50,2000),(54,48,64,310.45),(55,49,68,5300),(56,50,23,11144.87),(57,51,62,770.9),(58,52,60,458.75),(59,53,61,149.85),(60,54,65,-33.65),(61,55,66,3240),(62,56,63,469.5),(63,57,71,851.4),(64,57,72,1051.4),(65,58,75,1090.4),(66,59,70,5326.15),(67,59,73,713.17),(68,59,74,429.55),(69,60,76,38.91),(70,61,78,52.15),(71,61,79,704.2),(72,61,80,1330.2),(73,62,81,18.11),(74,63,82,809.55),(75,64,67,4820.35),(76,65,83,260.8),(77,65,84,130.4),(78,65,85,156.5),(79,66,77,156.5),(80,66,86,156.5),(81,67,87,130.4),(82,67,88,260.8),(83,68,89,840.3),(84,69,90,257.15),(85,70,91,200),(86,70,93,200),(87,70,94,200),(88,71,23,10743.1),(89,72,94,200),(90,73,95,851.4),(91,74,96,564.1),(92,75,97,485.35),(93,75,98,417.3),(94,75,99,78.25),(95,76,100,407.85),(96,77,101,5189.45),(97,78,102,1040.7),(98,79,103,1020.4),(99,79,104,484),(100,79,105,156.5),(101,79,106,121.4),(102,80,107,851.4),(103,80,108,851.4),(104,81,109,42.95),(105,82,110,375),(106,83,112,675),(107,84,94,200),(108,85,113,906.35),(109,85,114,339.05),(110,85,115,286.9),(111,85,116,145.4),(113,87,117,4798.77),(114,88,117,8797.46),(115,89,118,5189.45),(116,90,119,943.85),(117,91,120,901.4),(118,91,121,762),(119,92,122,20),(120,93,123,-0.59),(121,94,124,38),(122,95,125,1620),(123,96,126,1921.4),(124,97,127,39.04),(125,97,128,11032.1),(126,98,129,1012.5),(127,99,130,744),(128,100,131,1000),(129,100,132,200),(130,101,133,869.4),(131,101,134,869.4),(132,102,136,865.75),(133,102,137,863.25),(134,103,138,3643.29),(135,104,139,146.75),(136,105,140,24.85),(137,106,141,1248.89),(138,107,142,178),(139,108,143,547.7),(140,108,144,289),(141,108,145,625),(142,108,146,833),(143,108,147,1121.55),(144,109,145,0.95),(145,109,146,0.05),(146,110,153,5189.45),(147,110,154,1951.79),(148,111,153,5189.45),(149,111,154,1951.79),(150,112,94,200),(151,113,148,762),(152,114,149,448.55),(153,115,150,88),(154,116,151,1253),(155,117,152,161.25),(156,118,155,2400),(157,119,47,1300),(158,119,48,5189.45),(159,119,49,5189.45),(160,119,50,1321.1),(161,120,156,104.34),(162,120,157,319.3),(163,121,158,762),(164,122,159,888),(165,123,160,998.45),(166,124,161,5189.45),(167,125,94,200),(168,126,94,200),(169,127,94,200),(170,128,162,540.35),(171,129,111,1831),(172,130,183,2714.2),(173,131,174,465),(174,132,175,2337),(175,133,169,762),(177,135,176,1040.6),(178,135,177,483.75),(179,136,173,636.1),(180,137,171,1620),(181,138,170,2533.95),(182,139,182,1562.1),(183,140,163,293.49),(184,140,164,156.5),(185,140,165,606.65),(186,140,166,555.75),(187,140,167,514.8),(188,141,184,271.75),(189,142,168,310.15),(190,142,172,212.65),(191,143,185,977.85),(192,144,50,1978.9),(193,144,181,5189.45),(194,144,194,661),(195,145,186,432.1),(196,146,193,1290),(197,147,187,695.7),(198,147,189,508.75),(199,147,190,527.55),(200,148,192,1040.85),(201,149,195,608.6),(202,150,197,90.2),(203,151,196,762),(205,153,94,200),(206,154,198,695.5),(207,155,199,3635),(208,156,199,9935),(209,157,200,1292),(210,158,201,304.7),(211,158,202,1830.2),(212,159,203,332.1),(213,159,204,78.25),(214,160,205,1558.44),(215,161,206,1292),(216,162,94,200),(217,163,94,200),(218,164,214,5189.45),(219,165,211,1081),(220,166,210,265),(221,166,213,265),(222,167,212,683.2),(223,168,94,200),(224,169,226,503.45),(225,170,207,5189.45),(226,170,208,5189.45),(227,170,209,5189.45),(228,170,227,519.54),(229,171,222,2527.4),(230,171,223,1399.85),(231,172,217,13398.95),(232,173,216,762),(233,173,224,762),(234,174,178,4480.95),(235,175,199,1740),(236,176,218,340),(237,176,225,155.75),(238,177,221,1620),(239,178,94,200),(240,179,219,2093.76),(241,179,220,-850.7),(243,181,179,11340.2),(244,181,191,12703),(245,182,233,130),(246,183,234,910.65),(247,184,235,1037.65),(248,185,236,1037.65),(249,186,237,3900),(250,187,238,922.63),(251,188,239,227.24),(252,189,242,534.75),(253,190,241,826.09),(254,191,253,2500),(255,192,243,156.5),(256,193,243,156.5),(257,193,244,220.75),(258,193,245,970.45),(259,193,246,52.15),(260,193,247,104.35),(261,193,248,292.5),(262,193,249,1280.05),(263,193,250,850.5),(264,193,251,26.1),(265,194,257,2292.65),(266,195,269,1076.5),(267,196,258,1738.26),(268,196,260,100),(269,197,259,163.1),(270,198,270,70.76),(271,199,215,6816.8),(272,200,281,274),(273,201,239,50),(274,202,288,45.4),(275,203,252,2178.15),(276,203,256,922.1),(277,203,257,680.86),(278,204,289,678.7),(279,204,290,1065.5),(280,205,280,270),(281,206,279,794.5),(282,207,180,6644.55),(283,207,283,100),(284,207,284,41.4),(285,208,292,68.95),(286,209,277,760.38),(287,210,282,614.84),(288,211,278,869.13),(289,212,240,140),(290,213,295,1555),(291,214,296,204),(292,215,297,291.2),(293,216,298,515.75),(294,217,299,152),(295,218,228,13331.33),(296,219,301,2364),(297,220,293,266.22),(298,221,305,51.65),(299,222,308,869.1),(300,223,294,17.4),(301,224,291,87.65),(302,225,300,787.85),(303,226,311,759),(304,227,229,10112.9),(305,228,306,307.8),(306,229,309,235.3),(307,230,307,433.82);

--
-- Table structure for table `llx_pos_tmp`
--

CREATE TABLE `llx_pos_tmp` (
  `id` int(11) NOT NULL AUTO_INCREMENT,
  `fk_article` int(11) NOT NULL,
  `qte` double NOT NULL,
  `fk_tva` int(11) NOT NULL,
  `remise_percent` double NOT NULL,
  `remise` double NOT NULL,
  `total_ht` double(24,8) NOT NULL,
  `total_tva` double(24,8) NOT NULL,
  `total_ttc` double(24,8) NOT NULL,
  PRIMARY KEY (`id`)
) ENGINE=InnoDB DEFAULT CHARSET=latin1;

--
-- Dumping data for table `llx_pos_tmp`
--


--
-- Table structure for table `llx_prelevement_bons`
--

CREATE TABLE `llx_prelevement_bons` (
  `rowid` int(11) NOT NULL AUTO_INCREMENT,
  `ref` varchar(12) DEFAULT NULL,
  `entity` int(11) NOT NULL DEFAULT '1',
  `datec` datetime DEFAULT NULL,
  `amount` double DEFAULT '0',
  `statut` smallint(6) DEFAULT '0',
  `credite` smallint(6) DEFAULT '0',
  `note` text,
  `date_trans` datetime DEFAULT NULL,
  `method_trans` smallint(6) DEFAULT NULL,
  `fk_user_trans` int(11) DEFAULT NULL,
  `date_credit` datetime DEFAULT NULL,
  `fk_user_credit` int(11) DEFAULT NULL,
  PRIMARY KEY (`rowid`),
  UNIQUE KEY `uk_prelevement_bons_ref` (`ref`,`entity`)
) ENGINE=InnoDB DEFAULT CHARSET=utf8;

--
-- Dumping data for table `llx_prelevement_bons`
--


--
-- Table structure for table `llx_prelevement_facture`
--

CREATE TABLE `llx_prelevement_facture` (
  `rowid` int(11) NOT NULL AUTO_INCREMENT,
  `fk_facture` int(11) NOT NULL,
  `fk_prelevement_lignes` int(11) NOT NULL,
  PRIMARY KEY (`rowid`),
  KEY `idx_prelevement_facture_fk_prelevement_lignes` (`fk_prelevement_lignes`),
  CONSTRAINT `fk_prelevement_facture_fk_prelevement_lignes` FOREIGN KEY (`fk_prelevement_lignes`) REFERENCES `llx_prelevement_lignes` (`rowid`)
) ENGINE=InnoDB DEFAULT CHARSET=utf8;

--
-- Dumping data for table `llx_prelevement_facture`
--


--
-- Table structure for table `llx_prelevement_facture_demande`
--

CREATE TABLE `llx_prelevement_facture_demande` (
  `rowid` int(11) NOT NULL AUTO_INCREMENT,
  `fk_facture` int(11) NOT NULL,
  `amount` double NOT NULL,
  `date_demande` datetime NOT NULL,
  `traite` smallint(6) DEFAULT '0',
  `date_traite` datetime DEFAULT NULL,
  `fk_prelevement_bons` int(11) DEFAULT NULL,
  `fk_user_demande` int(11) NOT NULL,
  `code_banque` varchar(7) DEFAULT NULL,
  `code_guichet` varchar(6) DEFAULT NULL,
  `number` varchar(255) DEFAULT NULL,
  `cle_rib` varchar(5) DEFAULT NULL,
  PRIMARY KEY (`rowid`)
) ENGINE=InnoDB DEFAULT CHARSET=utf8;

--
-- Dumping data for table `llx_prelevement_facture_demande`
--


--
-- Table structure for table `llx_prelevement_lignes`
--

CREATE TABLE `llx_prelevement_lignes` (
  `rowid` int(11) NOT NULL AUTO_INCREMENT,
  `fk_prelevement_bons` int(11) DEFAULT NULL,
  `fk_soc` int(11) NOT NULL,
  `statut` smallint(6) DEFAULT '0',
  `client_nom` varchar(255) DEFAULT NULL,
  `amount` double DEFAULT '0',
  `code_banque` varchar(7) DEFAULT NULL,
  `code_guichet` varchar(6) DEFAULT NULL,
  `number` varchar(255) DEFAULT NULL,
  `cle_rib` varchar(5) DEFAULT NULL,
  `note` text,
  PRIMARY KEY (`rowid`),
  KEY `idx_prelevement_lignes_fk_prelevement_bons` (`fk_prelevement_bons`),
  CONSTRAINT `fk_prelevement_lignes_fk_prelevement_bons` FOREIGN KEY (`fk_prelevement_bons`) REFERENCES `llx_prelevement_bons` (`rowid`)
) ENGINE=InnoDB DEFAULT CHARSET=utf8;

--
-- Dumping data for table `llx_prelevement_lignes`
--


--
-- Table structure for table `llx_prelevement_rejet`
--

CREATE TABLE `llx_prelevement_rejet` (
  `rowid` int(11) NOT NULL AUTO_INCREMENT,
  `fk_prelevement_lignes` int(11) DEFAULT NULL,
  `date_rejet` datetime DEFAULT NULL,
  `motif` int(11) DEFAULT NULL,
  `date_creation` datetime DEFAULT NULL,
  `fk_user_creation` int(11) DEFAULT NULL,
  `note` text,
  `afacturer` tinyint(4) DEFAULT '0',
  `fk_facture` int(11) DEFAULT NULL,
  PRIMARY KEY (`rowid`)
) ENGINE=InnoDB DEFAULT CHARSET=utf8;

--
-- Dumping data for table `llx_prelevement_rejet`
--


--
-- Table structure for table `llx_product`
--

CREATE TABLE `llx_product` (
  `rowid` int(11) NOT NULL AUTO_INCREMENT,
  `datec` datetime DEFAULT NULL,
  `tms` timestamp NOT NULL DEFAULT CURRENT_TIMESTAMP ON UPDATE CURRENT_TIMESTAMP,
  `virtual` tinyint(4) NOT NULL DEFAULT '0',
  `fk_parent` int(11) DEFAULT '0',
  `ref` varchar(32) NOT NULL,
  `entity` int(11) NOT NULL DEFAULT '1',
  `ref_ext` varchar(32) DEFAULT NULL,
  `label` varchar(255) NOT NULL,
  `description` text,
  `note` text,
  `customcode` varchar(32) DEFAULT NULL,
  `fk_country` int(11) DEFAULT NULL,
  `price` double(24,8) DEFAULT '0.00000000',
  `price_ttc` double(24,8) DEFAULT '0.00000000',
  `price_min` double(24,8) DEFAULT '0.00000000',
  `price_min_ttc` double(24,8) DEFAULT '0.00000000',
  `price_base_type` varchar(3) DEFAULT 'HT',
  `tva_tx` double(6,3) DEFAULT NULL,
  `recuperableonly` int(11) NOT NULL DEFAULT '0',
  `localtax1_tx` double(6,3) DEFAULT '0.000',
  `localtax2_tx` double(6,3) DEFAULT '0.000',
  `fk_user_author` int(11) DEFAULT NULL,
  `tosell` tinyint(4) DEFAULT '1',
  `tobuy` tinyint(4) DEFAULT '1',
  `fk_product_type` int(11) DEFAULT '0',
  `duration` varchar(6) DEFAULT NULL,
  `seuil_stock_alerte` int(11) DEFAULT '0',
  `barcode` varchar(255) DEFAULT NULL,
  `fk_barcode_type` int(11) DEFAULT '0',
  `accountancy_code_sell` varchar(15) DEFAULT NULL,
  `accountancy_code_buy` varchar(15) DEFAULT NULL,
  `partnumber` varchar(32) DEFAULT NULL,
  `weight` float DEFAULT NULL,
  `weight_units` tinyint(4) DEFAULT NULL,
  `length` float DEFAULT NULL,
  `length_units` tinyint(4) DEFAULT NULL,
  `surface` float DEFAULT NULL,
  `surface_units` tinyint(4) DEFAULT NULL,
  `volume` float DEFAULT NULL,
  `volume_units` tinyint(4) DEFAULT NULL,
  `stock` int(11) DEFAULT NULL,
  `pmp` double(24,8) NOT NULL DEFAULT '0.00000000',
  `canvas` varchar(32) DEFAULT 'default@product',
  `finished` tinyint(4) DEFAULT NULL,
  `import_key` varchar(14) DEFAULT NULL,
  `hidden` tinyint(4) DEFAULT '0',
  PRIMARY KEY (`rowid`),
  UNIQUE KEY `uk_product_ref` (`ref`,`entity`),
  KEY `idx_product_barcode` (`barcode`),
  KEY `idx_product_import_key` (`import_key`),
  KEY `idx_product_label` (`label`)
) ENGINE=InnoDB AUTO_INCREMENT=142 DEFAULT CHARSET=utf8;

--
-- Dumping data for table `llx_product`
--

INSERT INTO `llx_product` VALUES (1,'2011-02-14 08:39:36','2012-02-10 09:30:17',0,0,'V2.2',1,NULL,'Viking Pump 12 Pump Stand','VPC 1000-1 / 2','&nbsp;Distribution de 120 Litres de solution horaire / Deux cuves de 45 litres&nbsp;<br />\r\nChassis Inox / Avec Pompe /d&eacute;bit 3 bars &amp; &nbsp;hauteur max 3 m&ecirc;tres. Pression garantie sur 100 m&egrave;tres en 15 Millim&ecirc;tres de diam&egrave;tres','',NULL,11868.00000000,12817.44000000,5000.00000000,5400.00000000,'HT',8.000,0,0.000,0.000,3,0,1,0,'',1,NULL,0,'','',NULL,40,0,80,-2,0.88,0,1.053,0,NULL,0.00000000,'',1,NULL,0),(2,'2011-02-14 19:58:19','2013-07-24 12:16:07',0,0,'M1',1,NULL,'Maintenance','&nbsp;Maintenance compl&egrave;te avec consommables / Garantie 1 an pi&egrave;ce et mains d&#39;oeuvre','&nbsp;','',NULL,3055.55556000,3300.00000000,3055.55556000,3300.00000000,'TTC',8.000,0,0.000,0.000,3,0,0,1,'1y',NULL,NULL,0,'','',NULL,NULL,NULL,NULL,NULL,NULL,NULL,NULL,NULL,NULL,0.00000000,'',0,NULL,0),(3,'2011-02-14 20:01:29','2013-07-24 12:12:45',0,0,'G1',1,NULL,'Garantie unique','Garantie / Hors consommable et mains d&#39;oeuvre&nbsp;','&nbsp;','',NULL,1527.77778000,1650.00000000,1527.77778000,1650.00000000,'TTC',8.000,0,0.000,0.000,3,0,0,1,'1y',NULL,NULL,0,'','',NULL,NULL,NULL,NULL,NULL,NULL,NULL,NULL,NULL,NULL,0.00000000,'',0,NULL,0),(4,'2011-02-14 22:19:36','2013-07-16 07:31:40',0,0,'SR',1,NULL,'Spray rouge','&nbsp;Spray Rouge d&eacute;sinfectant','&nbsp;','',NULL,2.73148000,2.95000000,0.00000000,0.00000000,'TTC',8.000,0,0.000,0.000,3,0,0,0,'',30,NULL,0,'','',NULL,NULL,0,NULL,0,NULL,0,NULL,0,NULL,0.00000000,'',1,NULL,0),(5,'2011-02-14 22:20:33','2013-07-16 07:32:14',0,0,'SB',1,NULL,'Spray Bleu','Spray Bleu d&eacute;graissant&nbsp;','&nbsp;','',NULL,2.73148000,2.95000000,0.00000000,0.00000000,'TTC',8.000,0,0.000,0.000,3,0,0,0,'',30,NULL,0,'','',NULL,NULL,0,NULL,0,NULL,0,NULL,0,NULL,0.00000000,'',1,NULL,0),(6,'2011-02-23 15:35:25','2013-09-03 09:11:11',0,0,'9030',1,NULL,'Frais de déplacement','Une heure de d&eacute;placement comprenant frais kilom&eacute;triques + Chauffeur&nbsp;','','',NULL,105.00000000,113.40000000,105.00000000,113.40000000,'HT',8.000,0,0.000,0.000,3,1,1,1,'',NULL,NULL,0,'','',NULL,NULL,NULL,NULL,NULL,NULL,NULL,NULL,NULL,NULL,0.00000000,'',0,NULL,0),(7,'2011-02-23 15:36:47','2013-07-24 12:14:03',0,0,'9054',1,NULL,'Main d\'oeuvre','','&nbsp;une heure entam&eacute;e est due.','',NULL,90.00000000,97.20000000,90.00000000,97.20000000,'HT',8.000,0,0.000,0.000,3,1,1,1,'',NULL,NULL,0,'','',NULL,NULL,NULL,NULL,NULL,NULL,NULL,NULL,NULL,NULL,0.00000000,'',0,NULL,0),(8,'2011-02-23 15:39:19','2013-07-16 07:33:38',0,0,'M4',1,NULL,'Divers Pièces','','&nbsp;','',NULL,0.00000000,0.00000000,20.00000000,21.60000000,'HT',8.000,0,0.000,0.000,3,0,0,0,'',10,NULL,0,'','',NULL,NULL,0,NULL,0,NULL,0,NULL,0,NULL,0.00000000,'',1,NULL,0),(9,'2011-02-25 09:08:12','2013-07-16 07:34:32',0,0,'CI_45_L',1,NULL,'Chassis Inox 45 Litres','Chassis avec pompes int&eacute;gr&eacute;es &nbsp;','&nbsp;','',NULL,2314.81481000,2500.00000000,2129.62963000,2300.00000000,'TTC',8.000,0,0.000,0.000,3,0,0,0,'',1,NULL,0,'','',NULL,NULL,0,NULL,0,NULL,0,NULL,0,NULL,0.00000000,'',1,NULL,0),(10,'2011-02-25 09:09:18','2013-07-16 07:34:40',0,0,'CI_85L',1,NULL,'Chassis Inox 85 Litres','Chassis inox avec cuves et pompe&nbsp;','&nbsp;','',NULL,2129.62963000,2300.00000000,1851.85185000,2000.00000000,'TTC',8.000,0,0.000,0.000,3,0,0,0,'',1,NULL,0,'','',NULL,NULL,0,NULL,0,NULL,0,NULL,0,NULL,0.00000000,'',1,NULL,0),(11,'2011-03-02 10:42:13','2013-07-24 12:19:44',0,0,'Installation_Machine',1,NULL,'IM','Installation Machine&nbsp;','&nbsp;','',NULL,0.00000000,0.00000000,0.00000000,0.00000000,'HT',8.000,0,0.000,0.000,3,0,0,1,'h',NULL,NULL,0,'','',NULL,NULL,NULL,NULL,NULL,NULL,NULL,NULL,NULL,NULL,0.00000000,'',0,NULL,0),(12,'2011-03-03 12:15:17','2013-07-16 07:36:14',0,0,'V3_Base',1,NULL,'V3 Machine Cleanea','Machine Cleanea V3 int&eacute;gr&eacute;e&nbsp;','&nbsp;','',NULL,20550.00000000,22194.00000000,0.00000000,0.00000000,'HT',8.000,0,0.000,0.000,3,0,0,0,'',NULL,NULL,0,'','',NULL,150,0,NULL,0,NULL,0,NULL,0,NULL,0.00000000,'',1,NULL,0),(13,'2011-03-04 11:06:09','2013-07-24 12:14:34',0,0,'M-I',1,NULL,'Maintenance contrat','Maintenance standard li&eacute;e au contrat annuel','&nbsp;','',NULL,0.00000000,0.00000000,0.00000000,0.00000000,'HT',8.000,0,0.000,0.000,3,0,0,1,'',NULL,NULL,0,'','',NULL,NULL,NULL,NULL,NULL,NULL,NULL,NULL,NULL,NULL,0.00000000,'',0,NULL,0),(14,'2011-03-21 11:24:13','2012-06-11 17:36:09',0,0,'V3_Swiss_Pack',1,NULL,'Machine Cleanea © V3 / Swiss Pack 3 ans','&nbsp;Machine Cleanea&copy; / V3 Swiss Pack<br />\r\nGarantie, maintenance, consommable (sel), pi&egrave;ces et mains-d&#39;oeuvre inclus / 3 Ans','&nbsp;','',NULL,26851.85185000,29000.00000000,26851.85185000,29000.00000000,'TTC',8.000,0,0.000,0.000,3,0,0,0,'',0,NULL,0,'','',NULL,100,0,NULL,0,NULL,0,NULL,0,NULL,0.00000000,'',1,NULL,0),(15,'2011-09-27 15:28:47','2013-07-16 07:37:10',0,0,'1003',1,NULL,'Système Electrolyse V3 modèle Europa','','','',NULL,20550.00000000,20550.00000000,0.00000000,0.00000000,'HT',0.000,0,0.000,0.000,19,0,0,0,'',NULL,NULL,0,'','',NULL,NULL,0,NULL,0,NULL,0,NULL,0,NULL,0.00000000,'',1,NULL,0),(16,'2011-09-27 15:36:38','2013-07-16 07:32:48',0,0,'2021',1,NULL,'Adjuvant pour solution bleue 2L','','','',1,45.00000000,45.00000000,0.00000000,0.00000000,'HT',0.000,0,0.000,0.000,19,0,0,0,'',NULL,NULL,0,'','',NULL,NULL,0,NULL,0,NULL,0,NULL,0,NULL,0.00000000,'',1,NULL,0),(17,'2011-09-27 15:39:03','2013-07-16 07:30:28',0,0,'4003',1,NULL,'Pulvérisateur Rouge','','',NULL,NULL,3.80000000,3.80000000,0.00000000,0.00000000,'HT',0.000,0,0.000,0.000,19,1,1,0,'',NULL,NULL,0,'','',NULL,NULL,0,NULL,0,NULL,0,NULL,0,NULL,0.00000000,'',1,NULL,0),(18,'2011-09-27 15:39:50','2013-07-16 07:30:02',0,0,'4004',1,NULL,'Pulvérisateur Bleu','','',NULL,NULL,3.80000000,3.80000000,0.00000000,0.00000000,'HT',0.000,0,0.000,0.000,19,1,1,0,'',NULL,NULL,0,'','',NULL,NULL,0,NULL,0,NULL,0,NULL,0,NULL,0.00000000,'',1,NULL,0),(19,'2011-10-13 15:42:15','2011-10-13 13:43:47',0,0,'4014',1,NULL,'Kit Complet 2 reservoirs Adjacent + 2 Pompes + 2 Pistolets','','',NULL,NULL,3127.50000000,3127.50000000,0.00000000,0.00000000,'HT',0.000,0,0.000,0.000,19,1,1,0,'',NULL,NULL,0,'','',NULL,NULL,0,NULL,0,NULL,0,NULL,0,NULL,0.00000000,'',1,NULL,0),(20,'2011-10-13 16:12:02','2013-07-24 12:00:20',0,0,'9012',1,NULL,'Location système Electrolyse V4 modèle Europa','','','',NULL,786.11111000,849.00000000,0.00000000,0.00000000,'TTC',8.000,0,0.000,0.000,19,1,1,0,'',NULL,NULL,0,'','',NULL,NULL,0,NULL,0,NULL,0,NULL,0,NULL,0.00000000,'',1,NULL,0),(23,'2011-10-13 16:26:14','2013-07-24 12:02:09',0,0,'9017',1,NULL,'Maintenance première année','','','',NULL,0.00000000,0.00000000,0.00000000,0.00000000,'HT',0.000,0,0.000,0.000,19,0,0,1,'',NULL,NULL,0,'','',NULL,NULL,NULL,NULL,NULL,NULL,NULL,NULL,NULL,NULL,0.00000000,'',0,NULL,0),(24,'2011-10-13 16:26:41','2013-07-24 15:55:35',0,0,'9049',1,NULL,'Maintenance Full Service une année','<span style=\"color: rgb(16, 16, 16); font-family: arial, tahoma, verdana, helvetica;\">Prestation indiqu&eacute;e et li&eacute;e au contrat de maintenance</span><br />\r\n<span style=\"color: rgb(16, 16, 16); font-family: arial, tahoma, verdana, helvetica;\">La premi&egrave;re ann&eacute;e est factur&eacute;e d&egrave;s l&#39;installation et les ann&eacute;es 2 et 3 &agrave; la date anniversaire d&#39;installation</span>','','',NULL,3300.00000000,3564.00000000,0.00000000,0.00000000,'HT',8.000,0,0.000,0.000,19,1,1,1,'1y',NULL,NULL,0,'','',NULL,NULL,NULL,NULL,NULL,NULL,NULL,NULL,NULL,NULL,0.00000000,'',0,NULL,0),(25,'2011-10-20 23:10:19','2013-07-23 12:19:25',0,0,'Bloc_2x12l_Cercle_pro_Alim',1,NULL,'Cuves simple Cleanea','&nbsp;','&nbsp;','',NULL,590.00000000,637.20000000,0.00000000,0.00000000,'HT',8.000,0,0.000,0.000,3,0,0,0,'',NULL,NULL,0,'','',NULL,NULL,0,NULL,0,NULL,0,24,0,NULL,0.00000000,'',1,NULL,0),(26,'2011-10-20 23:15:22','2013-07-16 12:25:26',0,0,'Pistolet',1,NULL,'Pistolet Nelson Gachette Metal','&nbsp;','&nbsp;','',NULL,19.00000000,20.52000000,0.00000000,0.00000000,'HT',8.000,0,0.000,0.000,3,0,0,0,'',NULL,NULL,0,'','',NULL,NULL,0,NULL,0,NULL,0,NULL,0,NULL,0.00000000,'',1,NULL,0),(27,'2011-10-22 13:18:04','2011-10-22 11:18:33',0,0,'Rappel',1,NULL,'Frais de rappel','&nbsp;','&nbsp;',NULL,NULL,25.00000000,25.00000000,0.00000000,0.00000000,'HT',0.000,0,0.000,0.000,3,1,1,1,'',NULL,NULL,0,'','',NULL,NULL,NULL,NULL,NULL,NULL,NULL,NULL,NULL,NULL,0.00000000,'',0,NULL,0),(28,'2011-10-28 15:41:10','2013-07-16 07:36:03',0,0,'V3_+_pompe',1,NULL,'V3 Machine Cleanea','Machine Cleanea V3 int&eacute;gr&eacute;e&nbsp;','&nbsp;','',NULL,22800.00000000,24624.00000000,20550.00000000,22194.00000000,'HT',8.000,0,0.000,0.000,3,0,0,0,'',NULL,NULL,0,'','',NULL,150,0,NULL,0,NULL,0,NULL,0,NULL,0.00000000,'',1,NULL,0),(29,'2011-10-28 15:47:19','2013-07-16 07:35:32',0,0,'V3+pompe+reservoir',1,NULL,'V3 Europa / Tank','Machine Cleanea V3 int&eacute;gr&eacute;e&nbsp;','&nbsp;','',NULL,24200.00000000,26136.00000000,20550.00000000,22194.00000000,'HT',8.000,0,0.000,0.000,3,0,0,0,'',NULL,NULL,0,'','',NULL,150,0,NULL,0,NULL,0,NULL,0,NULL,0.00000000,'',1,NULL,0),(30,'2012-03-28 14:36:22','2013-07-16 07:37:53',0,0,'Pompe_V4_surflo',1,NULL,'Pompe V4 Surflo','Pompe 4.5 bar<br />\r\n11.5l/min','','',1,0.00000000,0.00000000,0.00000000,0.00000000,'',0.000,0,0.000,0.000,3,0,0,0,'',1,NULL,0,'','',NULL,NULL,0,NULL,0,NULL,0,NULL,0,NULL,0.00000000,'',1,NULL,0),(31,'2012-04-19 15:26:50','2012-04-19 13:29:20',0,0,'Cellule_brevetee_Cleanea',1,NULL,'Cellule Prototype jaune','cellule prototype jaune','','',1,0.00000000,0.00000000,0.00000000,0.00000000,'',0.000,0,0.000,0.000,6,0,0,0,'',1,NULL,0,'','',NULL,NULL,0,NULL,0,NULL,0,NULL,0,NULL,0.00000000,'',1,NULL,0),(32,'2012-04-19 15:27:49','2013-07-16 07:39:51',0,0,'Cartouche_filtre_Teflon',1,NULL,'Cartouche filtre en téflon','cartouche en t&eacute;flon pour filtre','','',NULL,0.00000000,0.00000000,0.00000000,0.00000000,'',0.000,0,0.000,0.000,6,0,0,0,'',NULL,NULL,0,'','',NULL,NULL,0,NULL,0,NULL,0,NULL,0,NULL,0.00000000,'',1,NULL,0),(33,'2012-04-19 15:28:47','2013-07-16 07:40:24',0,0,'Electrovann_2_2',1,NULL,'Electrovann 2/2','Electrovann 2/2','','',NULL,0.00000000,0.00000000,0.00000000,0.00000000,'',0.000,0,0.000,0.000,6,0,0,0,'',1,NULL,0,'','',NULL,NULL,0,NULL,0,NULL,0,NULL,0,NULL,0.00000000,'',1,NULL,0),(34,'2012-04-19 15:36:34','2013-07-16 07:40:19',0,0,'Electrovann_1_4',1,NULL,'Electrovann 1/4','Electrovann 1/4','','',NULL,0.00000000,0.00000000,0.00000000,0.00000000,'',0.000,0,0.000,0.000,6,0,0,0,'',NULL,NULL,0,'','',NULL,NULL,0,NULL,0,NULL,0,NULL,0,NULL,0.00000000,'',1,NULL,0),(35,'2012-04-19 15:37:02','2013-07-16 07:41:27',0,0,'Bobine_pour_electrovanne_1_4',1,NULL,'Bobine pour électrovanne 1/4','','','',NULL,0.00000000,0.00000000,0.00000000,0.00000000,'',0.000,0,0.000,0.000,6,0,0,0,'',1,NULL,0,'','',NULL,NULL,0,NULL,0,NULL,0,NULL,0,NULL,0.00000000,'',1,NULL,0),(36,'2012-04-19 15:39:53','2013-07-16 07:41:59',0,0,'pompe_Bimor',1,NULL,'pompe Bimor','','','',NULL,0.00000000,0.00000000,0.00000000,0.00000000,'',0.000,0,0.000,0.000,6,0,0,0,'',1,NULL,0,'','',NULL,NULL,0,NULL,0,NULL,0,NULL,0,NULL,0.00000000,'',1,NULL,0),(37,'2012-04-19 15:40:25','2013-07-16 07:42:18',0,0,'Contacteur_de_niveau',1,NULL,'Contacteur de niveau','','','',NULL,0.00000000,0.00000000,0.00000000,0.00000000,'',0.000,0,0.000,0.000,6,0,0,0,'',1,NULL,0,'','',NULL,NULL,0,NULL,0,NULL,0,NULL,0,NULL,0.00000000,'',1,NULL,0),(38,'2012-04-19 15:40:56','2013-07-26 13:26:27',0,0,'4007',1,NULL,'Sel d\'électrolyse Cleanea - Pur 99,99%','','','',NULL,55.00000000,59.40000000,0.00000000,0.00000000,'HT',8.000,0,0.000,0.000,6,1,1,0,'',25,NULL,0,'','',NULL,25,0,NULL,0,NULL,0,NULL,0,NULL,0.00000000,'',1,NULL,0),(39,'2012-04-19 15:41:15','2013-07-16 07:42:40',0,0,'Vanne_3_voies',1,NULL,'Vanne 3 voies','','','',NULL,0.00000000,0.00000000,0.00000000,0.00000000,'',0.000,0,0.000,0.000,6,0,0,0,'',1,NULL,0,'','',NULL,NULL,0,NULL,0,NULL,0,NULL,0,NULL,0.00000000,'',1,NULL,0),(40,'2012-04-19 15:41:45','2013-07-16 07:43:01',0,0,'Sprays_echantillon_Rouge',1,NULL,'Sprays échantillon Rouge','','','',NULL,0.00000000,0.00000000,0.00000000,0.00000000,'',0.000,0,0.000,0.000,6,0,0,0,'',2,NULL,0,'','',NULL,NULL,0,NULL,0,NULL,0,NULL,0,NULL,0.00000000,'',1,NULL,0),(41,'2012-04-19 15:42:09','2013-07-16 07:42:54',0,0,'Sprays_echantillon_Bleu',1,NULL,'Sprays échantillon Bleu','','','',NULL,0.00000000,0.00000000,0.00000000,0.00000000,'',0.000,0,0.000,0.000,6,0,0,0,'',2,NULL,0,'','',NULL,NULL,0,NULL,0,NULL,0,NULL,0,NULL,0.00000000,'',1,NULL,0),(42,'2012-04-19 15:42:29','2013-07-16 07:43:29',0,0,'Pompe_adjuvant',1,NULL,'Pompte adjuvant','','','',NULL,0.00000000,0.00000000,0.00000000,0.00000000,'',0.000,0,0.000,0.000,6,0,0,0,'',1,NULL,0,'','',NULL,NULL,0,NULL,0,NULL,0,NULL,0,NULL,0.00000000,'',1,NULL,0),(43,'2012-04-19 15:43:01','2013-07-16 07:43:50',0,0,'Alimentation_Sitop',1,NULL,'Alimentation Sitop','','','',NULL,0.00000000,0.00000000,0.00000000,0.00000000,'',0.000,0,0.000,0.000,6,0,0,0,'',1,NULL,0,'','',NULL,NULL,0,NULL,0,NULL,0,NULL,0,NULL,0.00000000,'',1,NULL,0),(44,'2012-04-19 15:43:20','2013-07-16 07:43:54',0,0,'Alimentation_24V',1,NULL,'Alimentation 24V','','','',NULL,0.00000000,0.00000000,0.00000000,0.00000000,'',0.000,0,0.000,0.000,6,0,0,0,'',1,NULL,0,'','',NULL,NULL,0,NULL,0,NULL,0,NULL,0,NULL,0.00000000,'',1,NULL,0),(45,'2012-04-19 15:43:51','2013-07-16 07:46:04',0,0,'Raccord__Y__blanc',1,NULL,'Raccord','','','',NULL,0.00000000,0.00000000,0.00000000,0.00000000,'',0.000,0,0.000,0.000,6,0,0,0,'',5,NULL,0,'','',NULL,NULL,0,NULL,0,NULL,0,NULL,0,NULL,0.00000000,'',1,NULL,0),(46,'2012-04-19 15:44:14','2013-07-16 07:45:36',0,0,'Raccord_en_metal_droit',1,NULL,'Raccord en métal droit','','','',NULL,0.00000000,0.00000000,0.00000000,0.00000000,'',0.000,0,0.000,0.000,6,0,0,0,'',1,NULL,0,'','',NULL,NULL,0,NULL,0,NULL,0,NULL,0,NULL,0.00000000,'',1,NULL,0),(47,'2012-04-19 15:44:37','2013-07-16 07:45:32',0,0,'Raccord_en_metal_coude',1,NULL,'Raccord en métal coudé','','','',NULL,0.00000000,0.00000000,0.00000000,0.00000000,'',0.000,0,0.000,0.000,6,0,0,0,'',1,NULL,0,'','',NULL,NULL,0,NULL,0,NULL,0,NULL,0,NULL,0.00000000,'',1,NULL,0),(48,'2012-04-19 15:45:00','2013-07-16 07:44:45',0,0,'Raccord_coude_noir',1,NULL,'Raccord coudé noir','','','',NULL,0.00000000,0.00000000,0.00000000,0.00000000,'',0.000,0,0.000,0.000,6,0,0,0,'',10,NULL,0,'','',NULL,NULL,0,NULL,0,NULL,0,NULL,0,NULL,0.00000000,'',1,NULL,0),(49,'2012-04-19 15:45:20','2013-07-16 07:45:00',0,0,'Raccord_droit_noir',1,NULL,'Raccord droit noir','','','',NULL,0.00000000,0.00000000,0.00000000,0.00000000,'',0.000,0,0.000,0.000,6,0,0,0,'',10,NULL,0,'','',NULL,NULL,0,NULL,0,NULL,0,NULL,0,NULL,0.00000000,'',1,NULL,0),(50,'2012-04-19 15:45:41','2013-07-16 07:45:29',0,0,'Raccord_droit_renforce_blanc',1,NULL,'Raccord droit renforcé blanc','','','',NULL,0.00000000,0.00000000,0.00000000,0.00000000,'',0.000,0,0.000,0.000,6,0,0,0,'',10,NULL,0,'','',NULL,NULL,0,NULL,0,NULL,0,NULL,0,NULL,0.00000000,'',1,NULL,0),(51,'2012-04-19 15:46:03','2013-07-16 07:47:28',0,0,'Capteur_de_niveau_pour_cuve',1,NULL,'Capteur de niveau pour cuve','','','',NULL,0.00000000,0.00000000,0.00000000,0.00000000,'',0.000,0,0.000,0.000,6,0,0,0,'',2,NULL,0,'','',NULL,NULL,0,NULL,0,NULL,0,NULL,0,NULL,0.00000000,'',1,NULL,0),(52,'2012-04-19 15:46:27','2013-07-16 07:48:13',0,0,'Filtre_pour_pompe_Shurlfo',1,NULL,'Filtre pour pompe Shurlfo','','','',NULL,0.00000000,0.00000000,0.00000000,0.00000000,'',0.000,0,0.000,0.000,6,0,0,0,'',1,NULL,0,'','',NULL,NULL,0,NULL,0,NULL,0,NULL,0,NULL,0.00000000,'',1,NULL,0),(53,'2012-04-19 15:47:05','2013-07-16 07:49:22',0,0,'Tuyau_d_arrosage_50m',1,NULL,'Tuyau d\'arrosage 50m','','','',NULL,0.00000000,0.00000000,0.00000000,0.00000000,'',0.000,0,0.000,0.000,6,0,0,0,'',25,NULL,0,'','',NULL,NULL,0,NULL,0,NULL,0,NULL,0,NULL,0.00000000,'',1,NULL,0),(54,'2012-04-19 15:48:32','2013-07-16 07:46:08',0,0,'Tuyau_raccord_machine_a_lave',1,NULL,'Tuyau raccord machine à lavé','Tuyau raccord machine &agrave; lav&eacute; coud&eacute;','','',NULL,0.00000000,0.00000000,0.00000000,0.00000000,'',0.000,0,0.000,0.000,6,0,0,0,'',1,NULL,0,'','',NULL,NULL,0,NULL,0,NULL,0,NULL,0,NULL,0.00000000,'',1,NULL,0),(55,'2012-04-19 15:49:22','2013-07-16 07:49:51',0,0,'Tuyau_renforce_3_4',1,NULL,'Tuyau renforcé 3/4','','','',NULL,0.00000000,0.00000000,0.00000000,0.00000000,'',0.000,0,0.000,0.000,6,0,0,0,'',2,NULL,0,'','',NULL,NULL,0,NULL,0,NULL,0,NULL,0,NULL,0.00000000,'',1,NULL,0),(56,'2012-04-19 15:49:40','2013-07-16 07:49:41',0,0,'Tuyau_plastique_gris_3_4',1,NULL,'Tuyau plastique gris 3/4','','','',NULL,0.00000000,0.00000000,0.00000000,0.00000000,'',0.000,0,0.000,0.000,6,0,0,0,'',0,NULL,0,'','',NULL,NULL,0,NULL,0,NULL,0,NULL,0,NULL,0.00000000,'',1,NULL,0),(57,'2012-04-19 15:50:23','2013-07-16 07:51:21',0,0,'Languettes_testes_PH_3_a_6',1,NULL,'Languettes testes PH 3 à 6','','','',NULL,0.00000000,0.00000000,0.00000000,0.00000000,'',0.000,0,0.000,0.000,6,0,0,0,'',2,NULL,0,'','',NULL,NULL,0,NULL,0,NULL,0,NULL,0,NULL,0.00000000,'',1,NULL,0),(58,'2012-04-19 15:50:46','2013-07-16 07:51:24',0,0,'Languettes_testes_PH_4_a_7',1,NULL,'Languettes testes PH 4 à 7','','','',NULL,0.00000000,0.00000000,0.00000000,0.00000000,'',0.000,0,0.000,0.000,6,0,0,0,'',2,NULL,0,'','',NULL,NULL,0,NULL,0,NULL,0,NULL,0,NULL,0.00000000,'',1,NULL,0),(59,'2012-04-19 15:51:13','2013-07-16 07:51:17',0,0,'Languettes_testes_PH_10_a_13',1,NULL,'Languettes testes PH 10 à 13','','','',NULL,0.00000000,0.00000000,0.00000000,0.00000000,'',0.000,0,0.000,0.000,6,0,0,0,'',NULL,NULL,0,'','',NULL,NULL,0,NULL,0,NULL,0,NULL,0,NULL,0.00000000,'',1,NULL,0),(60,'2012-04-19 15:51:33','2013-07-16 07:51:13',0,0,'Languettes_testes_chlorine',1,NULL,'Languettes testes chlorine','','','',NULL,0.00000000,0.00000000,0.00000000,0.00000000,'',0.000,0,0.000,0.000,6,0,0,0,'',2,NULL,0,'','',NULL,NULL,0,NULL,0,NULL,0,NULL,0,NULL,0.00000000,'',1,NULL,0),(61,'2012-04-19 15:52:00','2013-07-16 07:51:49',0,0,'Clips_fermeture_panneau_lateral',1,NULL,'Clips fermeture panneau latéral','','','',NULL,0.00000000,0.00000000,0.00000000,0.00000000,'',0.000,0,0.000,0.000,6,0,0,0,'',2,NULL,0,'','',NULL,NULL,0,NULL,0,NULL,0,NULL,0,NULL,0.00000000,'',1,NULL,0),(62,'2012-04-19 15:52:29','2013-07-16 07:52:45',0,0,'Prise_blanche_male',1,NULL,'Prise blanche mâle','','','',NULL,0.00000000,0.00000000,0.00000000,0.00000000,'',0.000,0,0.000,0.000,6,0,0,0,'',NULL,NULL,0,'','',NULL,NULL,0,NULL,0,NULL,0,NULL,0,NULL,0.00000000,'',1,NULL,0),(63,'2012-04-19 15:52:49','2013-07-16 07:53:32',0,0,'Relais_8A',1,NULL,'Relais 8A','','','',NULL,0.00000000,0.00000000,0.00000000,0.00000000,'',0.000,0,0.000,0.000,6,0,0,0,'',2,NULL,0,'','',NULL,NULL,0,NULL,0,NULL,0,NULL,0,NULL,0.00000000,'',1,NULL,0),(64,'2012-04-19 15:53:18','2013-07-16 07:53:23',0,0,'Relais_10A',1,NULL,'Relais 10A','','','',NULL,0.00000000,0.00000000,0.00000000,0.00000000,'',0.000,0,0.000,0.000,6,0,0,0,'',2,NULL,0,'','',NULL,NULL,0,NULL,0,NULL,0,NULL,0,NULL,0.00000000,'',1,NULL,0),(65,'2012-04-19 15:53:31','2013-07-16 07:53:27',0,0,'Relais_30A',1,NULL,'Relais 30A','','','',NULL,0.00000000,0.00000000,0.00000000,0.00000000,'',0.000,0,0.000,0.000,6,0,0,0,'',2,NULL,0,'','',NULL,NULL,0,NULL,0,NULL,0,NULL,0,NULL,0.00000000,'',1,NULL,0),(66,'2012-04-19 15:53:56','2013-07-16 07:54:06',0,0,'Manometre_reglage_pression',1,NULL,'Manomètre réglage pression','','','',NULL,0.00000000,0.00000000,0.00000000,0.00000000,'',0.000,0,0.000,0.000,6,0,0,0,'',NULL,NULL,0,'','',NULL,NULL,0,NULL,0,NULL,0,NULL,0,NULL,0.00000000,'',1,NULL,0),(67,'2012-04-19 15:54:19','2013-07-16 07:54:37',0,0,'Rallonge_blanche_avec_temoin_5m',1,NULL,'Rallonge blanche avec témoin 5m','','','',NULL,0.00000000,0.00000000,0.00000000,0.00000000,'',0.000,0,0.000,0.000,6,0,0,0,'',NULL,NULL,0,'','',NULL,NULL,0,NULL,0,NULL,0,NULL,0,NULL,0.00000000,'',1,NULL,0),(68,'2012-04-19 15:57:39','2013-07-16 07:55:01',0,0,'Robinet_de_cuves_en_plastique',1,NULL,'Robinet de cuves en plastique','','','',NULL,0.00000000,0.00000000,0.00000000,0.00000000,'',0.000,0,0.000,0.000,6,0,0,0,'',2,NULL,0,'','',NULL,NULL,0,NULL,0,NULL,0,NULL,0,NULL,0.00000000,'',1,NULL,0),(69,'2012-04-19 15:58:39','2013-07-16 07:56:51',0,0,'Petite_etiquettes_pour_sel',1,NULL,'Petite étiquettes pour sel','','','',NULL,0.00000000,0.00000000,0.00000000,0.00000000,'',0.000,0,0.000,0.000,6,0,0,0,'',10,NULL,0,'','',NULL,NULL,0,NULL,0,NULL,0,NULL,0,NULL,0.00000000,'',1,NULL,0),(70,'2012-04-19 15:58:59','2013-07-16 08:10:00',0,0,'Bache_de_protection_en_plastique',1,NULL,'Bâche de protection en plastique','','','',NULL,0.00000000,0.00000000,0.00000000,0.00000000,'',0.000,0,0.000,0.000,6,0,0,0,'',1,NULL,0,'','',NULL,NULL,0,NULL,0,NULL,0,NULL,0,NULL,0.00000000,'',1,NULL,0),(71,'2012-04-19 16:00:00','2013-07-16 10:50:43',0,0,'Rouleau_cellophane',1,NULL,'Rouleau cellophane','','','',NULL,0.00000000,0.00000000,0.00000000,0.00000000,'',0.000,0,0.000,0.000,6,0,0,0,'',NULL,NULL,0,'','',NULL,NULL,0,NULL,0,NULL,0,NULL,0,NULL,0.00000000,'',1,NULL,0),(72,'2012-04-19 16:00:15','2013-07-16 10:51:02',0,0,'Bidon_pour_adjuvant_vide',1,NULL,'Bidon pour adjuvant vide','','','',NULL,0.00000000,0.00000000,0.00000000,0.00000000,'',0.000,0,0.000,0.000,6,0,0,0,'',NULL,NULL,0,'','',NULL,NULL,0,NULL,0,NULL,0,NULL,0,NULL,0.00000000,'',1,NULL,0),(73,'2012-04-19 16:00:36','2013-07-16 07:48:05',0,0,'Filtre_bleu_grand_format',1,NULL,'Filtre bleu grand format','','','',NULL,0.00000000,0.00000000,0.00000000,0.00000000,'',0.000,0,0.000,0.000,6,0,0,0,'',1,NULL,0,'','',NULL,NULL,0,NULL,0,NULL,0,NULL,0,NULL,0.00000000,'',1,NULL,0),(74,'2012-04-19 16:00:55','2013-07-16 07:48:09',0,0,'Filtre_bleu_petit_format',1,NULL,'Filtre bleu petit format','','','',NULL,0.00000000,0.00000000,0.00000000,0.00000000,'',0.000,0,0.000,0.000,6,0,0,0,'',1,NULL,0,'','',NULL,NULL,0,NULL,0,NULL,0,NULL,0,NULL,0.00000000,'',1,NULL,0),(75,'2012-04-19 16:01:45','2013-07-16 10:51:23',0,0,'malette_teste_duretee_eau',1,NULL,'malette teste duretée eau','','','',NULL,0.00000000,0.00000000,0.00000000,0.00000000,'',0.000,0,0.000,0.000,6,0,0,0,'',NULL,NULL,0,'','',NULL,NULL,0,NULL,0,NULL,0,NULL,0,NULL,0.00000000,'',1,NULL,0),(76,'2012-04-19 16:02:06','2013-07-16 10:51:44',0,0,'Douilles_cannelees_en_metales',1,NULL,'Douilles cannelées en métales','','','',NULL,0.00000000,0.00000000,0.00000000,0.00000000,'',0.000,0,0.000,0.000,6,0,0,0,'',2,NULL,0,'','',NULL,NULL,0,NULL,0,NULL,0,NULL,0,NULL,0.00000000,'',1,NULL,0),(77,'2012-04-19 16:02:26','2013-07-16 12:14:49',0,0,'Bouchon_male_conique',1,NULL,'Bouchon mâle conique','','','',NULL,0.00000000,0.00000000,0.00000000,0.00000000,'',0.000,0,0.000,0.000,6,0,0,0,'',2,NULL,0,'','',NULL,NULL,0,NULL,0,NULL,0,NULL,0,NULL,0.00000000,'',1,NULL,0),(78,'2012-04-19 16:02:46','2013-07-24 11:51:59',0,0,'_Y__en_laiton',1,NULL,'Y en laiton','','','',NULL,0.00000000,0.00000000,0.00000000,0.00000000,'',0.000,0,0.000,0.000,6,0,0,0,'',NULL,NULL,0,'','',NULL,NULL,0,NULL,0,NULL,0,NULL,0,NULL,0.00000000,'',1,NULL,0),(79,'2012-04-19 16:03:14','2013-07-16 07:54:00',0,0,'Manometre_contrôle_pression',1,NULL,'Manomètre contrôle pression','','','',NULL,0.00000000,0.00000000,0.00000000,0.00000000,'',0.000,0,0.000,0.000,6,0,0,0,'',1,NULL,0,'','',NULL,NULL,0,NULL,0,NULL,0,NULL,0,NULL,0.00000000,'',1,NULL,0),(80,'2012-04-19 16:03:37','2013-07-16 12:15:30',0,0,'support_pour_organe_dilution',1,NULL,'support pour organe dilution','','','',NULL,0.00000000,0.00000000,0.00000000,0.00000000,'',0.000,0,0.000,0.000,6,0,0,0,'',1,NULL,0,'','',NULL,NULL,0,NULL,0,NULL,0,NULL,0,NULL,0.00000000,'',1,NULL,0),(81,'2012-04-19 16:03:52','2013-07-16 12:15:50',0,0,'Ruban_teflon',1,NULL,'Ruban téflon','','','',NULL,0.00000000,0.00000000,0.00000000,0.00000000,'',0.000,0,0.000,0.000,6,0,0,0,'',NULL,NULL,0,'','',NULL,NULL,0,NULL,0,NULL,0,NULL,0,NULL,0.00000000,'',1,NULL,0),(82,'2012-04-19 16:04:22','2013-07-16 12:24:44',0,0,'Interupteur_pour_pompe_cable',1,NULL,'Intérupteur pour pompe cablé','','','',NULL,0.00000000,0.00000000,0.00000000,0.00000000,'',0.000,0,0.000,0.000,6,0,0,0,'',NULL,NULL,0,'','',NULL,NULL,0,NULL,0,NULL,0,NULL,0,NULL,0.00000000,'',1,NULL,0),(83,'2012-04-19 16:05:21','2013-07-16 07:49:26',0,0,'Tuyau_evacuation_eau_cuve',1,NULL,'Tuyau évacuation eau cuve','','','',NULL,0.00000000,0.00000000,0.00000000,0.00000000,'',0.000,0,0.000,0.000,6,0,0,0,'',NULL,NULL,0,'','',NULL,NULL,0,NULL,0,NULL,0,NULL,0,NULL,0.00000000,'',1,NULL,0),(84,'2012-04-19 16:06:10','2013-07-16 07:49:30',0,0,'tuyau_evacuation_eau_cuve_compl.',1,NULL,'tuyau évacuation eau cuve compl.','tuyau &eacute;vacuation eau cuves complet','','',NULL,0.00000000,0.00000000,0.00000000,0.00000000,'',0.000,0,0.000,0.000,6,0,0,0,'',NULL,NULL,0,'','',NULL,NULL,0,NULL,0,NULL,0,NULL,0,NULL,0.00000000,'',1,NULL,0),(85,'2012-04-19 16:06:28','2013-07-16 12:17:16',0,0,'Adoucisseur',1,NULL,'Adoucisseur','','','',NULL,0.00000000,0.00000000,0.00000000,0.00000000,'',0.000,0,0.000,0.000,6,0,0,0,'',NULL,NULL,0,'','',NULL,NULL,0,NULL,0,NULL,0,NULL,0,NULL,0.00000000,'',1,NULL,0),(86,'2012-04-19 16:06:48','2013-07-16 12:17:01',0,0,'Scotch_large_transparent',1,NULL,'Scotch large transparent','','','',NULL,0.00000000,0.00000000,0.00000000,0.00000000,'',0.000,0,0.000,0.000,6,0,0,0,'',NULL,NULL,0,'','',NULL,NULL,0,NULL,0,NULL,0,NULL,0,NULL,0.00000000,'',1,NULL,0),(87,'2012-04-19 16:07:10','2013-07-16 12:17:04',0,0,'Scotch_large_brun',1,NULL,'Scotch large brun','','','',NULL,0.00000000,0.00000000,0.00000000,0.00000000,'',0.000,0,0.000,0.000,6,0,0,0,'',NULL,NULL,0,'','',NULL,NULL,0,NULL,0,NULL,0,NULL,0,NULL,0.00000000,'',1,NULL,0),(88,'2012-04-19 16:07:52','2013-07-16 07:49:37',0,0,'Tuyau_noir_pour_circuit_eau',1,NULL,'Tuyau noir pour circuit eau','','','',NULL,0.00000000,0.00000000,0.00000000,0.00000000,'',0.000,0,0.000,0.000,6,0,0,0,'',1,NULL,0,'','',NULL,NULL,0,NULL,0,NULL,0,NULL,0,NULL,0.00000000,'',1,NULL,0),(89,'2012-04-19 16:08:10','2013-07-16 07:49:46',0,0,'Tuyau_polypo',1,NULL,'Tuyau polypo','','','',NULL,0.00000000,0.00000000,0.00000000,0.00000000,'',0.000,0,0.000,0.000,6,0,0,0,'',1,NULL,0,'','',NULL,NULL,0,NULL,0,NULL,0,NULL,0,NULL,0.00000000,'',1,NULL,0),(90,'2012-04-19 16:08:46','2013-07-16 07:51:54',0,0,'Clips_pour_tuyau_polypo',1,NULL,'Clips pour tuyau polypo','','','',NULL,0.00000000,0.00000000,0.00000000,0.00000000,'',0.000,0,0.000,0.000,6,0,0,0,'',10,NULL,0,'','',NULL,NULL,0,NULL,0,NULL,0,NULL,0,NULL,0.00000000,'',1,NULL,0),(91,'2012-04-19 16:09:11','2013-07-16 07:45:04',0,0,'Raccord_droit_pour_tuyau_polypo',1,NULL,'Raccord droit pour tuyau polypo','','','',NULL,0.00000000,0.00000000,0.00000000,0.00000000,'',0.000,0,0.000,0.000,6,0,0,0,'',5,NULL,0,'','',NULL,NULL,0,NULL,0,NULL,0,NULL,0,NULL,0.00000000,'',1,NULL,0),(92,'2012-04-19 16:09:34','2013-07-16 07:44:56',0,0,'Raccord_coude_pour_tuyau_polypo',1,NULL,'Raccord coudé pour tuyau polypo','','','',NULL,0.00000000,0.00000000,0.00000000,0.00000000,'',0.000,0,0.000,0.000,6,0,0,0,'',5,NULL,0,'','',NULL,NULL,0,NULL,0,NULL,0,NULL,0,NULL,0.00000000,'',1,NULL,0),(93,'2012-04-19 16:09:54','2013-07-24 11:54:12',0,0,'_T__pour_tuyau_polypo',1,NULL,'T pour tuyau polypo','','','',NULL,0.00000000,0.00000000,0.00000000,0.00000000,'',0.000,0,0.000,0.000,6,0,0,0,'',5,NULL,0,'','',NULL,NULL,0,NULL,0,NULL,0,NULL,0,NULL,0.00000000,'',1,NULL,0),(94,'2012-04-19 16:10:14','2013-07-16 07:49:19',0,0,'Tuyau_blanc_cristal_renforce',1,NULL,'Tuyau blanc cristal renforcé','','','',NULL,0.00000000,0.00000000,0.00000000,0.00000000,'',0.000,0,0.000,0.000,6,0,0,0,'',1,NULL,0,'','',NULL,NULL,0,NULL,0,NULL,0,NULL,0,NULL,0.00000000,'',1,NULL,0),(95,'2012-04-19 16:11:49','2013-07-16 12:17:57',0,0,'Bobine_relais_Finder_8A_24DC',1,NULL,'Bobine relais Finder 8A 24DC','','','',NULL,0.00000000,0.00000000,0.00000000,0.00000000,'',0.000,0,0.000,0.000,6,0,0,0,'',2,NULL,0,'','',NULL,NULL,0,NULL,0,NULL,0,NULL,0,NULL,0.00000000,'',1,NULL,0),(96,'2012-04-19 16:14:29','2013-07-16 12:17:50',0,0,'Bobine_relais_Finder_10A_24DC',1,NULL,'Bobine relais Finder 10A 24DC','','','',NULL,0.00000000,0.00000000,0.00000000,0.00000000,'',0.000,0,0.000,0.000,6,0,0,0,'',2,NULL,0,'','',NULL,NULL,0,NULL,0,NULL,0,NULL,0,NULL,0.00000000,'',1,NULL,0),(97,'2012-04-19 16:14:53','2013-07-16 12:17:53',0,0,'Bobine_relais_Finder_30A',1,NULL,'Bobine relais Finder 30A','','','',NULL,0.00000000,0.00000000,0.00000000,0.00000000,'',0.000,0,0.000,0.000,6,0,0,0,'',2,NULL,0,'','',NULL,NULL,0,NULL,0,NULL,0,NULL,0,NULL,0.00000000,'',1,NULL,0),(98,'2012-04-19 16:15:29','2013-07-16 12:18:19',0,0,'Bague_metal_de_serrage_grande',1,NULL,'Bague métal de serrage grande','','','',NULL,0.00000000,0.00000000,0.00000000,0.00000000,'',0.000,0,0.000,0.000,6,0,0,0,'',2,NULL,0,'','',NULL,NULL,0,NULL,0,NULL,0,NULL,0,NULL,0.00000000,'',1,NULL,0),(99,'2012-04-19 16:15:46','2013-07-16 12:18:22',0,0,'Bague_metal_de_serrage_petite',1,NULL,'Bague métal de serrage petite','','','',NULL,0.00000000,0.00000000,0.00000000,0.00000000,'',0.000,0,0.000,0.000,6,0,0,0,'',2,NULL,0,'','',NULL,NULL,0,NULL,0,NULL,0,NULL,0,NULL,0.00000000,'',1,NULL,0),(100,'2012-04-19 16:16:05','2013-07-16 12:16:58',0,0,'Scotch_noir',1,NULL,'Scotch noir','','','',NULL,0.00000000,0.00000000,0.00000000,0.00000000,'',0.000,0,0.000,0.000,6,0,0,0,'',1,NULL,0,'','',NULL,NULL,0,NULL,0,NULL,0,NULL,0,NULL,0.00000000,'',1,NULL,0),(101,'2012-04-19 16:16:20','2013-07-16 12:17:08',0,0,'Scotch_bleu',1,NULL,'Scotch bleu','','','',NULL,0.00000000,0.00000000,0.00000000,0.00000000,'',0.000,0,0.000,0.000,6,0,0,0,'',1,NULL,0,'','',NULL,NULL,0,NULL,0,NULL,0,NULL,0,NULL,0.00000000,'',1,NULL,0),(102,'2012-04-19 16:16:45','2013-07-16 12:16:51',0,0,'Scotch_vert',1,NULL,'Scotch vert','','','',NULL,0.00000000,0.00000000,0.00000000,0.00000000,'',0.000,0,0.000,0.000,6,0,0,0,'',1,NULL,0,'','',NULL,NULL,0,NULL,0,NULL,0,NULL,0,NULL,0.00000000,'',1,NULL,0),(103,'2012-04-19 16:18:06','2013-07-16 12:16:54',0,0,'Scotch_rouge',1,NULL,'Scotch rouge','','','',NULL,0.00000000,0.00000000,0.00000000,0.00000000,'',0.000,0,0.000,0.000,6,0,0,0,'',1,NULL,0,'','',NULL,NULL,0,NULL,0,NULL,0,NULL,0,NULL,0.00000000,'',1,NULL,0),(104,'2012-04-19 16:18:21','2013-07-16 12:17:11',0,0,'Scotch_blanc',1,NULL,'Scotch blanc','','','',NULL,0.00000000,0.00000000,0.00000000,0.00000000,'',0.000,0,0.000,0.000,6,0,0,0,'',1,NULL,0,'','',NULL,NULL,0,NULL,0,NULL,0,NULL,0,NULL,0.00000000,'',1,NULL,0),(105,'2012-04-19 16:18:45','2013-07-16 07:45:45',0,0,'Raccord_metal_3_4_-_3_4_male',1,NULL,'Raccord métal 3/4 - 3/4 mâle','','','',NULL,0.00000000,0.00000000,0.00000000,0.00000000,'',0.000,0,0.000,0.000,6,0,0,0,'',1,NULL,0,'','',NULL,NULL,0,NULL,0,NULL,0,NULL,0,NULL,0.00000000,'',1,NULL,0),(106,'2012-04-19 16:19:04','2013-07-16 07:45:42',0,0,'Raccord_metal_1_2_-_1_2_male',1,NULL,'Raccord métal 1/2 - 1/2 mâle','','','',NULL,0.00000000,0.00000000,0.00000000,0.00000000,'',0.000,0,0.000,0.000,6,0,0,0,'',NULL,NULL,0,'','',NULL,NULL,0,NULL,0,NULL,0,NULL,0,NULL,0.00000000,'',1,NULL,0),(107,'2012-04-19 16:19:38','2013-07-16 07:45:50',0,0,'Raccord_neomatic_3_4_femelle',1,NULL,'Raccord neomatic 3/4 femelle','','','',NULL,0.00000000,0.00000000,0.00000000,0.00000000,'',0.000,0,0.000,0.000,6,0,0,0,'',NULL,NULL,0,'','',NULL,NULL,0,NULL,0,NULL,0,NULL,0,NULL,0.00000000,'',1,NULL,0),(108,'2012-04-19 16:20:09','2013-07-16 07:44:40',0,0,'Raccord_3_4_male_-_1_2_male',1,NULL,'Raccord 3/4 mâle - 1/2 mâle','','','',NULL,0.00000000,0.00000000,0.00000000,0.00000000,'',0.000,0,0.000,0.000,6,0,0,0,'',NULL,NULL,0,'','',NULL,NULL,0,NULL,0,NULL,0,NULL,0,NULL,0.00000000,'',1,NULL,0),(109,'2012-04-19 16:20:36','2013-07-24 11:54:51',0,0,'Tete_de_forage_pour_perceuse',1,NULL,'Tête de forage pour perceuse','','','',NULL,0.00000000,0.00000000,0.00000000,0.00000000,'',0.000,0,0.000,0.000,6,0,0,0,'',NULL,NULL,0,'','',NULL,NULL,0,NULL,0,NULL,0,NULL,0,NULL,0.00000000,'',1,NULL,0),(110,'2012-04-19 16:20:59','2013-07-16 12:16:08',0,0,'Ruban_en_metal_perfore',1,NULL,'Ruban en métal perforé','','','',NULL,0.00000000,0.00000000,0.00000000,0.00000000,'',0.000,0,0.000,0.000,6,0,0,0,'',NULL,NULL,0,'','',NULL,NULL,0,NULL,0,NULL,0,NULL,0,NULL,0.00000000,'',1,NULL,0),(111,'2012-04-19 16:21:35','2013-07-16 12:22:49',0,0,'Jeu_joints_en_fibre_1_2-3_4-3_8',1,NULL,'Jeu joints en fibre 1/2-3/4-3/8','','','',NULL,0.00000000,0.00000000,0.00000000,0.00000000,'',0.000,0,0.000,0.000,6,0,0,0,'',NULL,NULL,0,'','',NULL,NULL,0,NULL,0,NULL,0,NULL,0,NULL,0.00000000,'',1,NULL,0),(112,'2012-04-19 16:22:26','2013-07-16 07:45:59',0,0,'Raccord_tuyau_pompe_Shurfo',1,NULL,'Raccord tuyau pompe Shurfo','','','',NULL,0.00000000,0.00000000,0.00000000,0.00000000,'',0.000,0,0.000,0.000,6,0,0,0,'',1,NULL,0,'','',NULL,NULL,0,NULL,0,NULL,0,NULL,0,NULL,0.00000000,'',1,NULL,0),(113,'2012-04-19 16:22:52','2013-07-16 07:45:53',0,0,'Raccord_sortie_1_2_pompe_Shurflo',1,NULL,'Raccord sortie 1/2 pompe Shurflo','','','',NULL,0.00000000,0.00000000,0.00000000,0.00000000,'',0.000,0,0.000,0.000,6,0,0,0,'',1,NULL,0,'','',NULL,NULL,0,NULL,0,NULL,0,NULL,0,NULL,0.00000000,'',1,NULL,0),(114,'2012-04-19 16:23:07','2013-07-16 12:23:40',0,0,'Pompe_Shurflo',1,NULL,'Pompe Shurflo','','','',NULL,0.00000000,0.00000000,0.00000000,0.00000000,'',0.000,0,0.000,0.000,6,0,0,0,'',NULL,NULL,0,'','',NULL,NULL,0,NULL,0,NULL,0,NULL,0,NULL,0.00000000,'',1,NULL,0),(115,'2012-04-19 16:24:15','2013-07-16 12:23:52',0,0,'Embout_jet_pour_clip_gardena',1,NULL,'Embout jet pour clip gardena','','','',NULL,0.00000000,0.00000000,0.00000000,0.00000000,'',0.000,0,0.000,0.000,6,0,0,0,'',NULL,NULL,0,'','',NULL,NULL,0,NULL,0,NULL,0,NULL,0,NULL,0.00000000,'',1,NULL,0),(116,'2012-04-19 16:24:39','2013-07-16 12:24:19',0,0,'Vanne_plastique_simple_1_2_fem.',1,NULL,'Vanne plastique simple 1/2 fem.','','','',NULL,0.00000000,0.00000000,0.00000000,0.00000000,'',0.000,0,0.000,0.000,6,0,0,0,'',NULL,NULL,0,'','',NULL,NULL,0,NULL,0,NULL,0,NULL,0,NULL,0.00000000,'',1,NULL,0),(117,'2012-04-19 16:26:08','2013-07-16 07:48:49',0,0,'Tuyau_30mm',1,NULL,'Tuyau 30mm','','','',NULL,0.00000000,0.00000000,0.00000000,0.00000000,'',0.000,0,0.000,0.000,6,0,0,0,'',1,NULL,0,'','',NULL,NULL,0,NULL,0,NULL,0,NULL,0,NULL,0.00000000,'',1,NULL,0),(118,'2012-04-19 16:26:34','2013-07-16 07:49:14',0,0,'tuyau_bac_a_saumure_a_pompe',1,NULL,'tuyau bac à saumure à pompe','','','',NULL,0.00000000,0.00000000,0.00000000,0.00000000,'',0.000,0,0.000,0.000,6,0,0,0,'',1,NULL,0,'','',NULL,NULL,0,NULL,0,NULL,0,NULL,0,NULL,0.00000000,'',1,NULL,0),(119,'2012-04-19 16:27:04','2013-07-16 12:25:20',0,0,'Gems_Sensors_FS_-_3_series',1,NULL,'Gems Sensors FS - 3 series','','','',NULL,0.00000000,0.00000000,0.00000000,0.00000000,'',0.000,0,0.000,0.000,6,0,0,0,'',NULL,NULL,0,'','',NULL,NULL,0,NULL,0,NULL,0,NULL,0,NULL,0.00000000,'',1,NULL,0),(120,'2012-04-19 16:27:28','2013-07-16 12:25:31',0,0,'Pistolet_jaune_pour_gardena',1,NULL,'Pistolet jaune pour gardena','','','',NULL,0.00000000,0.00000000,0.00000000,0.00000000,'',0.000,0,0.000,0.000,6,0,0,0,'',2,NULL,0,'','',NULL,NULL,0,NULL,0,NULL,0,NULL,0,NULL,0.00000000,'',1,NULL,0),(121,'2012-04-19 16:27:48','2013-07-16 07:52:41',0,0,'Prise_triple_noire',1,NULL,'Prise triple noire','','','',NULL,0.00000000,0.00000000,0.00000000,0.00000000,'',0.000,0,0.000,0.000,6,0,0,0,'',NULL,NULL,0,'','',NULL,NULL,0,NULL,0,NULL,0,NULL,0,NULL,0.00000000,'',1,NULL,0),(122,'2012-04-19 16:28:15','2013-07-16 07:47:32',0,0,'Capteur_pour_bac_a_saumure',1,NULL,'Capteur pour bac à saumure','','','',NULL,0.00000000,0.00000000,0.00000000,0.00000000,'',0.000,0,0.000,0.000,6,0,0,0,'',NULL,NULL,0,'','',NULL,NULL,0,NULL,0,NULL,0,NULL,0,NULL,0.00000000,'',1,NULL,0),(123,'2012-04-19 16:28:32','2013-07-16 12:25:52',0,0,'Sonde_detecteur_de_sel',1,NULL,'Sonde détecteur de sel','','','',NULL,0.00000000,0.00000000,0.00000000,0.00000000,'',0.000,0,0.000,0.000,6,0,0,0,'',NULL,NULL,0,'','',NULL,NULL,0,NULL,0,NULL,0,NULL,0,NULL,0.00000000,'',1,NULL,0),(124,'2012-04-19 16:28:51','2013-07-16 07:54:54',0,0,'Poignet_rouge_pour_robinet_avant',1,NULL,'Poignet rouge pour robinet avant','','','',NULL,0.00000000,0.00000000,0.00000000,0.00000000,'',0.000,0,0.000,0.000,6,0,0,0,'',2,NULL,0,'','',NULL,NULL,0,NULL,0,NULL,0,NULL,0,NULL,0.00000000,'',1,NULL,0),(125,'2012-05-05 08:21:22','2013-07-23 07:38:16',0,0,'2005',1,NULL,'Cellule Electrolyse C60','Cellule generation avril 2012','','',1,1380.00000000,1490.40000000,0.00000000,0.00000000,'HT',8.000,0,0.000,0.000,6,1,1,0,'',3,NULL,0,'','',NULL,NULL,0,NULL,0,NULL,0,NULL,0,NULL,0.00000000,'',1,NULL,0),(126,'2012-06-11 16:09:31','2013-07-24 13:13:58',0,0,'1006',1,NULL,'V4 Europa / Tank','Machine Cleanea V4 pump + Tanks','&nbsp;','',NULL,24200.00000000,26136.00000000,20550.00000000,22194.00000000,'HT',8.000,0,0.000,0.000,3,1,1,0,'',NULL,NULL,0,'','',NULL,150,0,NULL,0,NULL,0,NULL,0,NULL,0.00000000,'',1,NULL,0),(127,'2012-06-11 19:33:01','2013-07-16 12:26:22',0,0,'V4_Swiss_Pack',1,NULL,'Machine Cleanea © V4 / Swiss Pack 3 ans','&nbsp;Machine Cleanea&copy; / V4 Swiss Pack<br />\r\nGarantie, maintenance, consommable (sel), pi&egrave;ces et mains-d&#39;oeuvre inclus / 3 Ans','&nbsp;','',NULL,26851.85185000,29000.00000000,23148.14815000,25000.00000000,'TTC',8.000,0,0.000,0.000,3,0,0,0,'',0,NULL,0,'','',NULL,100,0,NULL,0,NULL,0,NULL,0,NULL,0.00000000,'',1,NULL,0),(128,'2012-06-11 19:36:25','2013-07-24 13:13:06',0,0,'1004',1,NULL,'Système Electrolyse V4 modèle Europa','Machine Cleanea V4 Simple&nbsp;','&nbsp;','',NULL,20550.00000000,22194.00000000,0.00000000,0.00000000,'HT',8.000,0,0.000,0.000,3,1,1,0,'',NULL,NULL,0,'','',NULL,150,0,NULL,0,NULL,0,NULL,0,NULL,0.00000000,'',1,NULL,0),(129,'2012-06-11 19:41:16','2013-07-24 13:13:03',0,0,'1005',1,NULL,'V4 - Pompe','Machine Cleanea V4 int&eacute;gr&eacute;e&nbsp;','&nbsp;','',NULL,22800.00000000,24624.00000000,20550.00000000,22194.00000000,'HT',8.000,0,0.000,0.000,3,1,1,0,'',NULL,NULL,0,'','',NULL,150,0,NULL,0,NULL,0,NULL,0,NULL,0.00000000,'',1,NULL,0),(130,'2013-03-28 14:10:20','2013-07-24 12:18:11',0,0,'9008',1,NULL,'Frais de Transport - National','','','',NULL,280.00000000,302.40000000,0.00000000,0.00000000,'HT',8.000,0,0.000,0.000,2,1,1,1,'',NULL,NULL,0,'','',NULL,NULL,NULL,NULL,NULL,NULL,NULL,NULL,NULL,NULL,0.00000000,'',0,NULL,0),(131,'2013-04-03 10:12:28','2013-07-16 12:27:47',0,0,'4015',1,NULL,'Kit Complet 1 reservoir 250l Adjacent + 1 Pompe +1 Pistolet','','','',NULL,1854.00000000,2002.32000000,0.00000000,0.00000000,'HT',8.000,0,0.000,0.000,2,1,1,0,'',NULL,NULL,0,'','',NULL,NULL,0,NULL,0,NULL,0,NULL,0,NULL,0.00000000,'',1,NULL,0),(132,'2013-07-24 14:18:44','2013-07-24 12:18:48',0,0,'9046',1,NULL,'Frais de Transport - International','','Prix sur devis','',NULL,0.00000000,0.00000000,0.00000000,0.00000000,'',0.000,0,0.000,0.000,29,1,0,1,'',NULL,NULL,0,'','',NULL,NULL,NULL,NULL,NULL,NULL,NULL,NULL,NULL,NULL,0.00000000,'',0,NULL,0),(133,'2013-08-23 16:14:42','2013-08-27 08:42:09',0,0,'9031',1,NULL,'Package Intervention','Intervention comprenant les frais de d&eacute;placement et la main d&#39;oeuvre sur place','','',NULL,250.00000000,270.00000000,0.00000000,0.00000000,'HT',8.000,0,0.000,0.000,29,1,1,1,'1h',NULL,NULL,0,'','',NULL,NULL,NULL,NULL,NULL,NULL,NULL,NULL,NULL,NULL,0.00000000,'',0,NULL,0),(134,'2013-09-02 11:35:19','2013-09-02 09:38:05',0,0,'4005',1,NULL,'Etiquettes Rouges x100','','','',NULL,25.00000000,27.00000000,0.00000000,0.00000000,'HT',8.000,0,0.000,0.000,29,1,1,0,'',NULL,NULL,0,'','',NULL,NULL,0,NULL,0,NULL,0,NULL,0,NULL,0.00000000,'',1,NULL,0),(135,'2013-09-02 11:38:40','2013-09-02 09:38:52',0,0,'4006',1,NULL,'Etiquettes Bleues x100','','','',NULL,25.00000000,27.00000000,0.00000000,0.00000000,'HT',8.000,0,0.000,0.000,29,1,1,0,'',NULL,NULL,0,'','',NULL,NULL,0,NULL,0,NULL,0,NULL,0,NULL,0.00000000,'',1,NULL,0),(136,'2013-09-09 10:13:35','2013-09-09 08:14:11',0,0,'2022',1,NULL,'Parfum Thé Vert 2l','','','',NULL,120.00000000,129.60000000,0.00000000,0.00000000,'HT',8.000,0,0.000,0.000,29,1,1,0,'',NULL,NULL,0,'','',NULL,NULL,0,NULL,0,NULL,-2,2,-3,NULL,0.00000000,'',1,NULL,0),(137,'2013-09-09 10:17:48','2013-09-09 08:18:04',0,0,'2023',1,NULL,'Parfum Soupirale 2l','','','',NULL,120.00000000,129.60000000,0.00000000,0.00000000,'HT',8.000,0,0.000,0.000,29,1,1,0,'',NULL,NULL,0,'','',NULL,NULL,0,NULL,0,NULL,0,2,-3,NULL,0.00000000,'',1,NULL,0),(138,'2013-09-09 10:18:42','2013-09-09 08:19:15',0,0,'2024',1,NULL,'Parfum Figue 2l','<span style=\"color: rgb(16, 16, 16); font-family: arial, tahoma, verdana, helvetica;\">Dilution entre 0,05 et 0,10%</span>','','',NULL,120.00000000,129.60000000,0.00000000,0.00000000,'HT',8.000,0,0.000,0.000,29,1,1,0,'',NULL,NULL,0,'','',NULL,NULL,0,NULL,0,NULL,0,2,-3,NULL,0.00000000,'',1,NULL,0),(139,'2013-09-09 10:20:06','2013-09-09 08:20:16',0,0,'2025',1,NULL,'Parfum Thé Vert 2l','','','',NULL,120.00000000,129.60000000,0.00000000,0.00000000,'HT',8.000,0,0.000,0.000,29,1,1,0,'',NULL,NULL,0,'','',NULL,NULL,0,NULL,0,NULL,0,2,-3,NULL,0.00000000,'',1,NULL,0),(140,'2013-09-09 10:20:39','2013-09-09 08:20:55',0,0,'2026',1,NULL,'Parfum Fraîcheur marine 2l','','','',NULL,120.00000000,129.60000000,0.00000000,0.00000000,'HT',8.000,0,0.000,0.000,29,1,1,0,'',NULL,NULL,0,'','',NULL,NULL,0,NULL,0,NULL,0,2,-3,NULL,0.00000000,'',1,NULL,0),(141,'2013-09-09 10:21:18','2013-09-09 08:21:26',0,0,'2027',1,NULL,'Parfum Pêche 2l','','','',NULL,120.00000000,120.00000000,0.00000000,0.00000000,'HT',0.000,0,0.000,0.000,29,1,1,0,'',NULL,NULL,0,'','',NULL,NULL,0,NULL,0,NULL,0,2,-3,NULL,0.00000000,'',1,NULL,0);

--
-- Table structure for table `llx_product_association`
--

CREATE TABLE `llx_product_association` (
  `rowid` int(11) NOT NULL AUTO_INCREMENT,
  `fk_product_pere` int(11) NOT NULL DEFAULT '0',
  `fk_product_fils` int(11) NOT NULL DEFAULT '0',
  `qty` double DEFAULT NULL,
  PRIMARY KEY (`rowid`),
  UNIQUE KEY `uk_product_association` (`fk_product_pere`,`fk_product_fils`),
  KEY `idx_product_association_fils` (`fk_product_fils`)
) ENGINE=InnoDB DEFAULT CHARSET=latin1;

--
-- Dumping data for table `llx_product_association`
--


--
-- Table structure for table `llx_product_ca`
--

CREATE TABLE `llx_product_ca` (
  `fk_product` int(11) DEFAULT NULL,
  `date_calcul` datetime DEFAULT NULL,
  `year` smallint(5) unsigned DEFAULT NULL,
  `ca_genere` float DEFAULT NULL,
  UNIQUE KEY `fk_product` (`fk_product`,`year`)
) ENGINE=InnoDB DEFAULT CHARSET=utf8;

--
-- Dumping data for table `llx_product_ca`
--


--
-- Table structure for table `llx_product_cnv_livre`
--

CREATE TABLE `llx_product_cnv_livre` (
  `rowid` int(11) NOT NULL,
  `isbn` varchar(13) DEFAULT NULL,
  `ean` varchar(13) DEFAULT NULL,
  `format` varchar(7) DEFAULT NULL,
  `px_feuillet` float(12,4) DEFAULT NULL,
  `px_reliure` float(12,4) DEFAULT NULL,
  `px_couverture` float(12,4) DEFAULT NULL,
  `px_revient` float(12,4) DEFAULT NULL,
  `stock_loc` varchar(5) DEFAULT NULL,
  `pages` smallint(5) unsigned DEFAULT NULL,
  `fk_couverture` int(11) DEFAULT NULL,
  `fk_contrat` int(11) DEFAULT NULL,
  `fk_auteur` int(11) DEFAULT '0',
  PRIMARY KEY (`rowid`)
) ENGINE=InnoDB DEFAULT CHARSET=utf8;

--
-- Dumping data for table `llx_product_cnv_livre`
--


--
-- Table structure for table `llx_product_cnv_livre_contrat`
--

CREATE TABLE `llx_product_cnv_livre_contrat` (
  `rowid` int(11) NOT NULL AUTO_INCREMENT,
  `fk_cnv_livre` int(11) DEFAULT NULL,
  `quantite` int(11) DEFAULT NULL,
  `taux` float(3,2) DEFAULT NULL,
  `date_app` datetime DEFAULT NULL,
  `duree` varchar(50) DEFAULT NULL,
  `fk_user` int(11) DEFAULT NULL,
  `locked` tinyint(4) DEFAULT '0',
  PRIMARY KEY (`rowid`)
) ENGINE=InnoDB DEFAULT CHARSET=utf8;

--
-- Dumping data for table `llx_product_cnv_livre_contrat`
--


--
-- Table structure for table `llx_product_extrafields`
--

CREATE TABLE `llx_product_extrafields` (
  `rowid` int(11) NOT NULL AUTO_INCREMENT,
  `tms` timestamp NOT NULL DEFAULT CURRENT_TIMESTAMP ON UPDATE CURRENT_TIMESTAMP,
  `fk_object` int(11) NOT NULL,
  PRIMARY KEY (`rowid`),
  KEY `idx_product_extrafields` (`fk_object`)
) ENGINE=InnoDB DEFAULT CHARSET=latin1;

--
-- Dumping data for table `llx_product_extrafields`
--


--
-- Table structure for table `llx_product_fournisseur`
--

CREATE TABLE `llx_product_fournisseur` (
  `rowid` int(11) NOT NULL AUTO_INCREMENT,
  `datec` datetime DEFAULT NULL,
  `tms` timestamp NOT NULL DEFAULT CURRENT_TIMESTAMP ON UPDATE CURRENT_TIMESTAMP,
  `fk_product` int(11) DEFAULT NULL,
  `fk_soc` int(11) DEFAULT NULL,
  `ref_fourn` varchar(30) DEFAULT NULL,
  `entity` int(11) NOT NULL DEFAULT '1',
  `fk_user_author` int(11) DEFAULT NULL,
  PRIMARY KEY (`rowid`),
  UNIQUE KEY `uk_product_fournisseur_ref` (`ref_fourn`,`fk_soc`,`entity`),
  KEY `idx_product_fourn_fk_product` (`fk_product`,`entity`),
  KEY `idx_product_fourn_fk_soc` (`fk_soc`,`entity`),
  CONSTRAINT `fk_product_fournisseur_fk_product` FOREIGN KEY (`fk_product`) REFERENCES `llx_product` (`rowid`)
) ENGINE=InnoDB AUTO_INCREMENT=18 DEFAULT CHARSET=utf8;

--
-- Dumping data for table `llx_product_fournisseur`
--

INSERT INTO `llx_product_fournisseur` VALUES (1,'2011-02-14 21:48:19','2011-02-14 20:48:23',1,5,'Twin Pure pump',1,3),(2,'2011-03-03 12:17:38','2011-03-03 11:17:26',12,6,'V3',1,3),(3,'2011-05-23 11:31:32','2011-05-23 09:31:36',4,49,'Spray Cleanea Rouge FR / ALL/ ',1,3),(4,'2011-05-23 11:34:11','2011-05-23 09:34:15',5,49,'Spray Cleanea Bleu FR/ ALL/ IT',1,3),(5,'2011-10-20 23:13:10','2011-10-20 21:16:34',25,46,'Bloc 2 x 120litres',1,3),(6,'2011-10-20 23:16:09','2011-10-20 21:19:32',26,46,'Pistolet Nelson Gachette Metal',1,3),(7,'2011-10-25 15:49:23','2011-10-25 13:49:24',14,6,'V3 Europa',1,3),(8,'2011-10-28 15:42:33','2011-10-28 13:42:34',28,6,'V3 + pompes',1,3),(9,'2011-10-28 15:49:38','2011-10-28 13:49:39',29,6,'V3 + pompes + reservoir',1,3),(10,'2011-12-06 18:09:20','2011-12-06 17:09:20',16,6,'2021',1,3),(11,'2012-06-11 16:38:03','2012-06-11 14:38:04',126,6,'V4+pump+tanks',1,3),(12,'2012-06-11 19:34:18','2012-06-11 17:34:18',127,6,'V4+pump+tank',1,3),(13,'2012-06-11 19:38:33','2012-06-11 17:38:33',128,6,'V4 Simple',1,3),(14,'2012-06-11 19:46:41','2012-06-11 17:46:42',129,6,'V4+pump ',1,3),(15,'2012-07-13 11:43:33','2012-07-13 09:43:33',125,6,'2005',1,3),(16,'2013-08-05 12:08:40','2013-08-05 10:08:40',18,6,'4004',1,29),(17,'2013-08-05 12:09:05','2013-08-05 10:09:06',17,6,'4003',1,29);

--
-- Table structure for table `llx_product_fournisseur_price`
--

CREATE TABLE `llx_product_fournisseur_price` (
  `rowid` int(11) NOT NULL AUTO_INCREMENT,
  `datec` datetime DEFAULT NULL,
  `tms` timestamp NOT NULL DEFAULT CURRENT_TIMESTAMP ON UPDATE CURRENT_TIMESTAMP,
  `fk_product_fournisseur` int(11) NOT NULL,
  `price` double(24,8) DEFAULT '0.00000000',
  `quantity` double DEFAULT NULL,
  `unitprice` double(24,8) DEFAULT '0.00000000',
  `fk_user` int(11) DEFAULT NULL,
  PRIMARY KEY (`rowid`),
  KEY `idx_product_fournisseur_price_fk_user` (`fk_user`),
  KEY `idx_product_fournisseur_price_fk_product_fournisseur` (`fk_product_fournisseur`),
  CONSTRAINT `fk_product_fournisseur_price_fk_product_fournisseur` FOREIGN KEY (`fk_product_fournisseur`) REFERENCES `llx_product_fournisseur` (`rowid`),
  CONSTRAINT `fk_product_fournisseur_price_fk_user` FOREIGN KEY (`fk_user`) REFERENCES `llx_user` (`rowid`)
) ENGINE=InnoDB AUTO_INCREMENT=25 DEFAULT CHARSET=utf8;

--
-- Dumping data for table `llx_product_fournisseur_price`
--

INSERT INTO `llx_product_fournisseur_price` VALUES (1,'2011-02-14 21:48:19','2011-02-14 20:48:23',1,8600.00000000,1,8600.00000000,3),(4,'2011-05-23 11:32:52','2011-05-23 09:32:56',3,535.17000000,375,1.42712000,3),(5,'2011-05-23 11:34:11','2011-05-23 09:34:15',4,535.17000000,375,1.42712000,3),(6,'2011-10-20 23:13:10','2011-10-20 21:16:34',5,380.00000000,2,190.00000000,3),(8,'2011-10-20 23:16:35','2011-10-20 21:19:58',6,95.00000000,5,19.00000000,3),(10,'2011-10-28 15:36:53','2011-10-28 13:36:54',2,10869.00000000,1,10869.00000000,3),(12,'2011-10-28 15:43:09','2011-10-28 13:43:10',8,12060.00000000,1,12060.00000000,3),(13,'2011-10-28 15:49:38','2011-10-28 13:49:39',9,12800.00000000,1,12800.00000000,3),(14,'2011-12-06 18:09:20','2011-12-06 17:09:20',10,25.00000000,1,25.00000000,3),(15,'2012-02-02 16:43:38','2012-02-02 15:43:38',7,9660.00000000,1,9660.00000000,3),(18,'2012-06-11 19:34:18','2012-06-11 17:34:18',12,0.00000000,1,0.00000000,3),(19,'2012-06-11 19:38:33','2012-06-11 17:38:33',13,11508.00000000,1,11508.00000000,3),(20,'2012-06-11 19:46:41','2012-06-11 17:46:42',14,12768.00000000,1,12768.00000000,3),(21,'2012-06-11 19:52:21','2012-06-11 17:52:21',11,13256.00000000,1,13256.00000000,3),(22,'2012-07-13 11:43:33','2012-07-13 09:43:33',15,0.00000000,1,0.00000000,3),(23,'2013-08-05 12:08:40','2013-08-05 10:08:40',16,2.18000000,1,2.18000000,29),(24,'2013-08-05 12:09:06','2013-08-05 10:09:06',17,2.18000000,1,2.18000000,29);

--
-- Table structure for table `llx_product_fournisseur_price_log`
--

CREATE TABLE `llx_product_fournisseur_price_log` (
  `rowid` int(11) NOT NULL AUTO_INCREMENT,
  `datec` datetime DEFAULT NULL,
  `fk_product_fournisseur` int(11) NOT NULL,
  `price` double(24,8) DEFAULT '0.00000000',
  `quantity` double DEFAULT NULL,
  `fk_user` int(11) DEFAULT NULL,
  PRIMARY KEY (`rowid`)
) ENGINE=InnoDB AUTO_INCREMENT=26 DEFAULT CHARSET=utf8;

--
-- Dumping data for table `llx_product_fournisseur_price_log`
--

INSERT INTO `llx_product_fournisseur_price_log` VALUES (1,'2011-02-14 21:48:19',1,8600.00000000,1,3),(2,'2011-03-03 12:17:38',2,11000.00000000,1,3),(3,'2011-05-23 11:31:32',3,1.42000000,375,3),(4,'2011-05-23 11:32:52',3,535.17000000,375,3),(5,'2011-05-23 11:34:11',4,535.17000000,375,3),(6,'2011-10-20 23:13:10',5,380.00000000,2,3),(7,'2011-10-20 23:16:09',6,19.00000000,5,3),(8,'2011-10-20 23:16:35',6,95.00000000,5,3),(9,'2011-10-25 15:49:23',7,7266.00000000,1,3),(10,'2011-10-28 15:36:53',2,10869.00000000,1,3),(11,'2011-10-28 15:42:33',8,22800.00000000,1,3),(12,'2011-10-28 15:43:09',8,12060.00000000,1,3),(13,'2011-10-28 15:49:38',9,12800.00000000,1,3),(14,'2011-12-06 18:09:20',10,25.00000000,1,3),(15,'2012-02-02 16:43:38',7,9660.00000000,1,3),(16,'2012-06-11 16:38:03',11,0.00000000,1,3),(17,'2012-06-11 16:39:13',11,11286.00000000,1,3),(18,'2012-06-11 19:34:18',12,0.00000000,1,3),(19,'2012-06-11 19:38:33',13,11508.00000000,1,3),(20,'2012-06-11 19:46:41',14,12768.00000000,1,3),(21,'2012-06-11 19:52:21',11,13256.00000000,1,3),(22,'2012-07-13 11:43:33',15,0.00000000,1,3),(23,'2013-08-05 12:08:40',16,2.18000000,1,29),(24,'2013-08-05 12:09:06',17,2.18000000,1,29),(25,'2013-09-09 10:16:56',18,45.00000000,1,29);

--
-- Table structure for table `llx_product_lang`
--

CREATE TABLE `llx_product_lang` (
  `rowid` int(11) NOT NULL AUTO_INCREMENT,
  `fk_product` int(11) NOT NULL DEFAULT '0',
  `lang` varchar(5) NOT NULL DEFAULT '0',
  `label` varchar(255) NOT NULL,
  `description` text,
  `note` text,
  PRIMARY KEY (`rowid`),
  UNIQUE KEY `uk_product_lang` (`fk_product`,`lang`),
  CONSTRAINT `fk_product_lang_fk_product` FOREIGN KEY (`fk_product`) REFERENCES `llx_product` (`rowid`)
) ENGINE=InnoDB AUTO_INCREMENT=190 DEFAULT CHARSET=utf8;

--
-- Dumping data for table `llx_product_lang`
--

INSERT INTO `llx_product_lang` VALUES (1,2,'fr_FR','Maintenance','&nbsp;Maintenance compl&egrave;te avec consommables / Garantie 1 an pi&egrave;ce et mains d\'oeuvre','&nbsp;'),(2,3,'fr_FR','Garantie unique','Garantie / Hors consommable et mains d\'oeuvre&nbsp;','&nbsp;'),(3,4,'fr_FR','Spray rouge','&nbsp;Spray Rouge d&eacute;sinfectant','&nbsp;'),(4,5,'fr_FR','Spray Bleu','Spray Bleu d&eacute;graissant&nbsp;','&nbsp;'),(5,6,'fr_FR','Frais de déplacement','D&eacute;placement au Kilom&ecirc;tre / V&eacute;hicule + Chauffeur&nbsp;','&nbsp;Tarif au Kilom&ecirc;tre &agrave; imputer &agrave; la facture&nbsp;'),(6,7,'fr_FR','Main d\'oeuvre','','&nbsp;une heure entam&eacute;e est due.'),(7,8,'fr_FR','Divers Pièces','','&nbsp;'),(8,9,'fr_FR','Chassis Inox 45 Litres','Chassis avec pompes int&eacute;gr&eacute;es &nbsp;','&nbsp;'),(9,10,'fr_FR','Chassis Inox 85 Litres','Chassis inox avec cuves et pompe&nbsp;','&nbsp;'),(10,11,'fr_FR','IM','Installation Machine&nbsp;','&nbsp;'),(11,1,'fr_FR','Cleanea Chassis inox avec pompe 45l','Machine Cleanea / VC 1000&nbsp;','&nbsp;Distribution de 120 Litres de solution horaire / Deux cuves de 45 litres&nbsp;<br />Chassis Inox / Avec Pompe /d&eacute;bit 3 bars &amp; &nbsp;hauteur max 3 m&ecirc;tres. Pression garantie sur 100 m&egrave;tres en 15 Millim&ecirc;tres de diam&egrave;tres'),(12,12,'fr_FR','V3 Machine Cleanea','Machine Cleanea V3 int&eacute;gr&eacute;e&nbsp;','&nbsp;'),(13,13,'fr_FR','Maintenance contrat','Maintenance standard li&eacute;e au contrat annuel','&nbsp;'),(14,14,'fr_FR','Machine Cleanea © V3 / Swiss Pack 3 ans','&nbsp;Machine Cleanea&copy; / V3 Swiss Pack<br />Garantie, maintenance, consommable (sel), pi&egrave;ces et mains-d\'oeuvre inclus / 3 Ans','&nbsp;'),(15,1,'fr_CH','Viking Pump 12 Pump Stand','VPC 1000-1 / 2','&nbsp;Distribution de 120 Litres de solution horaire / Deux cuves de 45 litres&nbsp;<br />\r\nChassis Inox / Avec Pompe /d&eacute;bit 3 bars &amp; &nbsp;hauteur max 3 m&ecirc;tres. Pression garantie sur 100 m&egrave;tres en 15 Millim&ecirc;tres de diam&egrave;tres'),(16,15,'fr_CH','Système Electrolyse V3 modèle Europa','',''),(17,16,'fr_CH','Adjuvant pour solution bleue 2L','',''),(18,17,'fr_CH','Pulvérisateur Rouge','',''),(19,18,'fr_CH','Pulvérisateur Bleu','',''),(20,19,'fr_CH','Kit Complet 2 reservoirs Adjacent + 2 Pompes + 2 Pistolets','',''),(21,20,'fr_CH','Location système Electrolyse V4 modèle Europa','',''),(24,23,'fr_CH','Maintenance première année','',''),(25,24,'fr_CH','Maintenance Full Service une année','<span style=\"color: rgb(16, 16, 16); font-family: arial, tahoma, verdana, helvetica;\">Prestation indiqu&eacute;e et li&eacute;e au contrat de maintenance</span><br />\r\n<span style=\"color: rgb(16, 16, 16); font-family: arial, tahoma, verdana, helvetica;\">La premi&egrave;re ann&eacute;e est factur&eacute;e d&egrave;s l&#39;installation et les ann&eacute;es 2 et 3 &agrave; la date anniversaire d&#39;installation</span>',''),(26,25,'fr_CH','Cuves simple Cleanea','&nbsp;','&nbsp;'),(27,26,'fr_CH','Pistolet Nelson Gachette Metal','&nbsp;','&nbsp;'),(28,27,'fr_CH','Frais de rappel','&nbsp;','&nbsp;'),(29,12,'fr_CH','V3 Machine Cleanea','Machine Cleanea V3 int&eacute;gr&eacute;e&nbsp;','&nbsp;'),(30,28,'fr_FR','V3 Machine Cleanea','Machine Cleanea V3 int&eacute;gr&eacute;e&nbsp;','&nbsp;'),(31,28,'fr_CH','V3 Machine Cleanea','Machine Cleanea V3 int&eacute;gr&eacute;e&nbsp;','&nbsp;'),(32,29,'fr_FR','V3 Machine Cleanea','Machine Cleanea V3 int&eacute;gr&eacute;e&nbsp;','&nbsp;'),(33,29,'fr_CH','V3 Europa / Tank','Machine Cleanea V3 int&eacute;gr&eacute;e&nbsp;','&nbsp;'),(34,14,'fr_CH','Machine Cleanea © V3 / Swiss Pack 3 ans','&nbsp;Machine Cleanea&copy; / V3 Swiss Pack<br />\r\nGarantie, maintenance, consommable (sel), pi&egrave;ces et mains-d&#39;oeuvre inclus / 3 Ans','&nbsp;'),(35,14,'de_DE','Cleanea V3 Swiss Pack','Installation &amp; Schulung inklusive.<br />\r\nMit Wartungsservice (Swiss Pack 3 Jahre) / inklusive Verbrauchsg&uuml;ter, technische Pannenhilfe, erweiterte Garantie, Ersatzteile und Arbeitskraft',''),(36,20,'de_DE','Miete System Cleanea V3 Europa ','',''),(37,20,'fr_FR','Location système Electrolyse V3 modèle Europa','',''),(38,16,'de_DE','Zusatz blaue Lösung 2L','',''),(39,16,'fr_FR','Adjuvant pour solution bleue 2L','',''),(40,17,'de_DE','Rotes Spray','',''),(41,17,'fr_FR','Pulvérisateur Rouge','',''),(42,18,'de_DE','Blaues Spray','',''),(43,18,'fr_FR','Pulvérisateur Bleu','',''),(44,19,'de_DE','V3 Model Europa mit 2 Pumpen   2 Pistolen','',''),(45,19,'fr_FR','Kit Complet 2 reservoirs Adjacent + 2 Pompes + 2 Pistolets','',''),(46,23,'de_DE','Wartung pro Jahr','',''),(47,23,'fr_FR','Maintenance première année','',''),(48,9,'fr_CH','Chassis Inox 45 Litres','Chassis avec pompes int&eacute;gr&eacute;es &nbsp;','&nbsp;'),(49,10,'fr_CH','Chassis Inox 85 Litres','Chassis inox avec cuves et pompe&nbsp;','&nbsp;'),(50,11,'de_DE','Installation der Maschine','',''),(51,13,'de_DE','Eingeschlossen Wartung ','',''),(52,26,'de_DE','Pistolen Nelson','',''),(53,26,'fr_FR','Pistolet Nelson Gachette Metal','&nbsp;','&nbsp;'),(54,5,'de_DE','Blaue Spray','',''),(55,4,'de_DE','Rote Spray','',''),(56,29,'de_DE','V3 Model Europa mit 2 Pumpen   2 Pistolen','',''),(57,28,'de_DE','V3 Model Europa mit 2 Pumpen','',''),(58,12,'de_DE','V3 Model Europa  ','',''),(59,30,'fr_CH','Pompe V4 Surflo','Pompe 4.5 bar<br />\r\n11.5l/min',''),(60,31,'fr_CH','Cellule Prototype jaune','cellule prototype jaune',''),(61,32,'fr_CH','Cartouche filtre en téflon','cartouche en t&eacute;flon pour filtre',''),(62,33,'fr_CH','Electrovann 2/2','Electrovann 2/2',''),(63,34,'fr_CH','Electrovann 1/4','Electrovann 1/4',''),(64,35,'fr_CH','Bobine pour électrovanne 1/4','',''),(65,36,'fr_CH','pompe Bimor','',''),(66,37,'fr_CH','Contacteur de niveau','',''),(67,38,'fr_CH','Sel d\'électrolyse Cleanea - Pur 99,99%','',''),(68,39,'fr_CH','Vanne 3 voies','',''),(69,40,'fr_CH','Sprays échantillon Rouge','',''),(70,41,'fr_CH','Sprays échantillon Bleu','',''),(71,42,'fr_CH','Pompte adjuvant','',''),(72,43,'fr_CH','Alimentation Sitop','',''),(73,44,'fr_CH','Alimentation 24V','',''),(74,45,'fr_CH','Raccord','',''),(75,46,'fr_CH','Raccord en métal droit','',''),(76,47,'fr_CH','Raccord en métal coudé','',''),(77,48,'fr_CH','Raccord coudé noir','',''),(78,49,'fr_CH','Raccord droit noir','',''),(79,50,'fr_CH','Raccord droit renforcé blanc','',''),(80,51,'fr_CH','Capteur de niveau pour cuve','',''),(81,52,'fr_CH','Filtre pour pompe Shurlfo','',''),(82,53,'fr_CH','Tuyau d\'arrosage 50m','',''),(83,54,'fr_CH','Tuyau raccord machine à lavé','Tuyau raccord machine &agrave; lav&eacute; coud&eacute;',''),(84,55,'fr_CH','Tuyau renforcé 3/4','',''),(85,56,'fr_CH','Tuyau plastique gris 3/4','',''),(86,57,'fr_CH','Languettes testes PH 3 à 6','',''),(87,58,'fr_CH','Languettes testes PH 4 à 7','',''),(88,59,'fr_CH','Languettes testes PH 10 à 13','',''),(89,60,'fr_CH','Languettes testes chlorine','',''),(90,61,'fr_CH','Clips fermeture panneau latéral','',''),(91,62,'fr_CH','Prise blanche mâle','',''),(92,63,'fr_CH','Relais 8A','',''),(93,64,'fr_CH','Relais 10A','',''),(94,65,'fr_CH','Relais 30A','',''),(95,66,'fr_CH','Manomètre réglage pression','',''),(96,67,'fr_CH','Rallonge blanche avec témoin 5m','',''),(97,68,'fr_CH','Robinet de cuves en plastique','',''),(98,69,'fr_CH','Petite étiquettes pour sel','',''),(99,70,'fr_CH','Bâche de protection en plastique','',''),(100,71,'fr_CH','Rouleau cellophane','',''),(101,72,'fr_CH','Bidon pour adjuvant vide','',''),(102,73,'fr_CH','Filtre bleu grand format','',''),(103,74,'fr_CH','Filtre bleu petit format','',''),(104,75,'fr_CH','malette teste duretée eau','',''),(105,76,'fr_CH','Douilles cannelées en métales','',''),(106,77,'fr_CH','Bouchon mâle conique','',''),(107,78,'fr_CH','Y en laiton','',''),(108,79,'fr_CH','Manomètre contrôle pression','',''),(109,80,'fr_CH','support pour organe dilution','',''),(110,81,'fr_CH','Ruban téflon','',''),(111,82,'fr_CH','Intérupteur pour pompe cablé','',''),(112,83,'fr_CH','Tuyau évacuation eau cuve','',''),(113,84,'fr_CH','tuyau évacuation eau cuve compl.','tuyau &eacute;vacuation eau cuves complet',''),(114,85,'fr_CH','Adoucisseur','',''),(115,86,'fr_CH','Scotch large transparent','',''),(116,87,'fr_CH','Scotch large brun','',''),(117,88,'fr_CH','Tuyau noir pour circuit eau','',''),(118,89,'fr_CH','Tuyau polypo','',''),(119,90,'fr_CH','Clips pour tuyau polypo','',''),(120,91,'fr_CH','Raccord droit pour tuyau polypo','',''),(121,92,'fr_CH','Raccord coudé pour tuyau polypo','',''),(122,93,'fr_CH','T pour tuyau polypo','',''),(123,94,'fr_CH','Tuyau blanc cristal renforcé','',''),(124,95,'fr_CH','Bobine relais Finder 8A 24DC','',''),(125,96,'fr_CH','Bobine relais Finder 10A 24DC','',''),(126,97,'fr_CH','Bobine relais Finder 30A','',''),(127,98,'fr_CH','Bague métal de serrage grande','',''),(128,99,'fr_CH','Bague métal de serrage petite','',''),(129,100,'fr_CH','Scotch noir','',''),(130,101,'fr_CH','Scotch bleu','',''),(131,102,'fr_CH','Scotch vert','',''),(132,103,'fr_CH','Scotch rouge','',''),(133,104,'fr_CH','Scotch blanc','',''),(134,105,'fr_CH','Raccord métal 3/4 - 3/4 mâle','',''),(135,106,'fr_CH','Raccord métal 1/2 - 1/2 mâle','',''),(136,107,'fr_CH','Raccord neomatic 3/4 femelle','',''),(137,108,'fr_CH','Raccord 3/4 mâle - 1/2 mâle','',''),(138,109,'fr_CH','Tête de forage pour perceuse','',''),(139,110,'fr_CH','Ruban en métal perforé','',''),(140,111,'fr_CH','Jeu joints en fibre 1/2-3/4-3/8','',''),(141,112,'fr_CH','Raccord tuyau pompe Shurfo','',''),(142,113,'fr_CH','Raccord sortie 1/2 pompe Shurflo','',''),(143,114,'fr_CH','Pompe Shurflo','',''),(144,115,'fr_CH','Embout jet pour clip gardena','',''),(145,116,'fr_CH','Vanne plastique simple 1/2 fem.','',''),(146,117,'fr_CH','Tuyau 30mm','',''),(147,118,'fr_CH','tuyau bac à saumure à pompe','',''),(148,119,'fr_CH','Gems Sensors FS - 3 series','',''),(149,120,'fr_CH','Pistolet jaune pour gardena','',''),(150,121,'fr_CH','Prise triple noire','',''),(151,122,'fr_CH','Capteur pour bac à saumure','',''),(152,123,'fr_CH','Sonde détecteur de sel','',''),(153,124,'fr_CH','Poignet rouge pour robinet avant','',''),(154,125,'fr_CH','Cellule Electrolyse C60','Cellule generation avril 2012',''),(155,126,'de_DE','V4 Model Europa mit 2 Pumpen   2 Pistolen','',''),(156,126,'fr_FR','V4 Machine Cleanea','Machine Cleanea V4 int&eacute;gr&eacute;e&nbsp;','&nbsp;'),(157,126,'fr_CH','V4 Europa / Tank','Machine Cleanea V4 pump + Tanks','&nbsp;'),(158,127,'de_DE','Cleanea Vç Swiss Pack','Installation &amp; Schulung inklusive.<br />\r\nMit Wartungsservice (Swiss Pack 3 Jahre) / inklusive Verbrauchsg&uuml;ter, technische Pannenhilfe, erweiterte Garantie, Ersatzteile und Arbeitskraft',''),(159,127,'fr_FR','Machine Cleanea © V4 / Swiss Pack 3 ans','&nbsp;Machine Cleanea&copy; / V4 Swiss Pack<br />\r\nGarantie, maintenance, consommable (sel), pi&egrave;ces et mains-d&#39;oeuvre inclus / 3 Ans','&nbsp;'),(160,127,'fr_CH','Machine Cleanea © V4 / Swiss Pack 3 ans','&nbsp;Machine Cleanea&copy; / V4 Swiss Pack<br />\r\nGarantie, maintenance, consommable (sel), pi&egrave;ces et mains-d&#39;oeuvre inclus / 3 Ans','&nbsp;'),(161,128,'de_DE','V4 Model Europa  ','',''),(162,128,'fr_FR','V4 Machine Cleanea','Machine Cleanea V4 int&eacute;gr&eacute;e&nbsp;','&nbsp;'),(163,128,'fr_CH','Système Electrolyse V4 modèle Europa','Machine Cleanea V4 Simple&nbsp;','&nbsp;'),(164,129,'de_DE','V4 Model Europa mit 2 Pumpen','',''),(165,129,'fr_FR','V4 Machine Cleanea','Machine Cleanea V4 int&eacute;gr&eacute;e&nbsp;','&nbsp;'),(166,129,'fr_CH','V4 - Pompe','Machine Cleanea V4 int&eacute;gr&eacute;e&nbsp;','&nbsp;'),(167,130,'fr_CH','Frais de Transport - National','',''),(168,131,'de_DE','V3 Model Europa mit 2 Pumpen   2 Pistolen','',''),(169,131,'fr_FR','Kit Complet 2 reservoirs Adjacent + 2 Pompes + 2 Pistolets','',''),(170,131,'fr_CH','Kit Complet 1 reservoir 250l Adjacent + 1 Pompe +1 Pistolet','',''),(171,4,'fr_CH','Spray rouge','&nbsp;Spray Rouge d&eacute;sinfectant','&nbsp;'),(172,5,'fr_CH','Spray Bleu','Spray Bleu d&eacute;graissant&nbsp;','&nbsp;'),(173,8,'fr_CH','Divers Pièces','','&nbsp;'),(174,3,'fr_CH','Garantie unique','Garantie / Hors consommable et mains d&#39;oeuvre&nbsp;','&nbsp;'),(175,7,'fr_CH','Main d\'oeuvre','','&nbsp;une heure entam&eacute;e est due.'),(176,13,'fr_CH','Maintenance contrat','Maintenance standard li&eacute;e au contrat annuel','&nbsp;'),(177,2,'fr_CH','Maintenance','&nbsp;Maintenance compl&egrave;te avec consommables / Garantie 1 an pi&egrave;ce et mains d&#39;oeuvre','&nbsp;'),(178,6,'fr_CH','Frais de déplacement','Une heure de d&eacute;placement comprenant frais kilom&eacute;triques + Chauffeur&nbsp;',''),(179,132,'fr_CH','Frais de Transport - International','','Prix sur devis'),(180,11,'fr_CH','IM','Installation Machine&nbsp;','&nbsp;'),(181,133,'fr_CH','Package Intervention','Intervention comprenant les frais de d&eacute;placement et la main d&#39;oeuvre sur place',''),(182,134,'fr_CH','Etiquettes Rouges x100','',''),(183,135,'fr_CH','Etiquettes Bleues x100','',''),(184,136,'fr_CH','Parfum Thé Vert 2l','',''),(185,137,'fr_CH','Parfum Soupirale 2l','',''),(186,138,'fr_CH','Parfum Figue 2l','<span style=\"color: rgb(16, 16, 16); font-family: arial, tahoma, verdana, helvetica;\">Dilution entre 0,05 et 0,10%</span>',''),(187,139,'fr_CH','Parfum Thé Vert 2l','',''),(188,140,'fr_CH','Parfum Fraîcheur marine 2l','',''),(189,141,'fr_CH','Parfum Pêche 2l','','');

--
-- Table structure for table `llx_product_price`
--

CREATE TABLE `llx_product_price` (
  `rowid` int(11) NOT NULL AUTO_INCREMENT,
  `tms` timestamp NOT NULL DEFAULT CURRENT_TIMESTAMP ON UPDATE CURRENT_TIMESTAMP,
  `fk_product` int(11) NOT NULL,
  `date_price` datetime NOT NULL,
  `price_level` smallint(6) DEFAULT '1',
  `price` double(24,8) DEFAULT NULL,
  `price_ttc` double(24,8) DEFAULT NULL,
  `price_min` double(24,8) DEFAULT NULL,
  `price_min_ttc` double(24,8) DEFAULT NULL,
  `price_base_type` varchar(3) DEFAULT 'HT',
  `tva_tx` double(6,3) NOT NULL,
  `recuperableonly` int(11) NOT NULL DEFAULT '0',
  `localtax1_tx` double(6,3) DEFAULT '0.000',
  `localtax2_tx` double(6,3) DEFAULT '0.000',
  `fk_user_author` int(11) DEFAULT NULL,
  `tosell` tinyint(4) DEFAULT '1',
  PRIMARY KEY (`rowid`)
) ENGINE=InnoDB AUTO_INCREMENT=217 DEFAULT CHARSET=utf8;

--
-- Dumping data for table `llx_product_price`
--

INSERT INTO `llx_product_price` VALUES (13,'2011-03-02 09:42:01',11,'2011-03-02 10:42:13',1,0.00000000,0.00000000,0.00000000,0.00000000,'HT',8.000,0,0.000,0.000,3,1),(14,'2011-03-03 08:29:35',1,'2011-03-03 09:29:47',1,20550.00000000,22194.00000000,19285.00000000,20827.80000000,'HT',8.000,0,0.000,0.000,3,1),(15,'2011-03-03 08:39:08',4,'2011-03-03 09:39:19',1,2.73000000,2.94840000,2.73000000,2.94840000,'HT',8.000,0,0.000,0.000,3,1),(16,'2011-03-03 08:39:41',5,'2011-03-03 09:39:53',1,2.73000000,2.94840000,2.73000000,2.94840000,'HT',8.000,0,0.000,0.000,3,1),(17,'2011-03-03 08:40:08',8,'2011-03-03 09:40:20',1,0.00000000,0.00000000,0.00000000,0.00000000,'HT',8.000,0,0.000,0.000,3,1),(18,'2011-03-03 08:41:43',8,'2011-03-03 09:41:55',1,0.00000000,0.00000000,20.00000000,21.60000000,'HT',8.000,0,0.000,0.000,3,1),(19,'2011-03-03 08:42:09',7,'2011-03-03 09:42:21',1,83.33333000,90.00000000,83.33333000,90.00000000,'TTC',8.000,0,0.000,0.000,3,1),(20,'2011-03-03 08:42:30',6,'2011-03-03 09:42:42',1,2.10000000,2.26800000,60.00000000,64.80000000,'HT',8.000,0,0.000,0.000,3,1),(22,'2011-03-03 08:43:42',2,'2011-03-03 09:43:53',1,3055.55556000,3300.00000000,3055.55556000,3300.00000000,'TTC',8.000,0,0.000,0.000,3,1),(23,'2011-03-03 08:44:28',3,'2011-03-03 09:44:40',1,1527.77778000,1650.00000000,1527.77778000,1650.00000000,'TTC',8.000,0,0.000,0.000,3,1),(24,'2011-03-03 08:45:04',10,'2011-03-03 09:45:16',1,2129.62963000,2300.00000000,1851.85185000,2000.00000000,'TTC',8.000,0,0.000,0.000,3,1),(25,'2011-03-03 08:45:20',9,'2011-03-03 09:45:32',1,2314.81481000,2500.00000000,2129.62963000,2300.00000000,'TTC',8.000,0,0.000,0.000,3,1),(26,'2011-03-03 11:15:05',12,'2011-03-03 12:15:17',1,20550.00000000,22194.00000000,0.00000000,0.00000000,'HT',8.000,0,0.000,0.000,3,1),(27,'2011-03-04 10:05:57',13,'2011-03-04 11:06:09',1,0.00000000,0.00000000,0.00000000,0.00000000,'HT',8.000,0,0.000,0.000,3,1),(28,'2011-03-21 10:24:17',14,'2011-03-21 11:24:13',1,26851.85185000,29000.00000000,26851.85185000,29000.00000000,'TTC',8.000,0,0.000,0.000,3,1),(29,'2011-09-27 13:28:55',15,'2011-09-27 15:28:49',1,0.00000000,0.00000000,0.00000000,0.00000000,'',0.000,0,0.000,0.000,19,1),(30,'2011-09-27 13:29:42',15,'2011-09-27 15:29:36',1,20550.00000000,20550.00000000,0.00000000,0.00000000,'HT',0.000,0,0.000,0.000,19,1),(31,'2011-09-27 13:36:44',16,'2011-09-27 15:36:38',1,0.00000000,0.00000000,0.00000000,0.00000000,'',0.000,0,0.000,0.000,19,1),(32,'2011-09-27 13:38:42',16,'2011-09-27 15:38:36',1,45.00000000,45.00000000,0.00000000,0.00000000,'HT',0.000,0,0.000,0.000,19,1),(33,'2011-09-27 13:39:09',17,'2011-09-27 15:39:03',1,0.00000000,0.00000000,0.00000000,0.00000000,'',0.000,0,0.000,0.000,19,1),(34,'2011-09-27 13:39:26',17,'2011-09-27 15:39:20',1,2.73000000,2.73000000,0.00000000,0.00000000,'HT',0.000,0,0.000,0.000,19,1),(35,'2011-09-27 13:39:56',18,'2011-09-27 15:39:50',1,0.00000000,0.00000000,0.00000000,0.00000000,'',0.000,0,0.000,0.000,19,1),(36,'2011-09-27 13:40:09',18,'2011-09-27 15:40:03',1,2.73000000,2.73000000,0.00000000,0.00000000,'HT',0.000,0,0.000,0.000,19,1),(37,'2011-10-13 13:42:16',19,'2011-10-13 15:42:15',1,0.00000000,0.00000000,0.00000000,0.00000000,'',0.000,0,0.000,0.000,19,1),(38,'2011-10-13 13:43:47',19,'2011-10-13 15:43:46',1,3127.50000000,3127.50000000,0.00000000,0.00000000,'HT',0.000,0,0.000,0.000,19,1),(39,'2011-10-13 14:12:03',20,'2011-10-13 16:12:02',1,0.00000000,0.00000000,0.00000000,0.00000000,'',0.000,0,0.000,0.000,19,1),(40,'2011-10-13 14:12:32',20,'2011-10-13 16:12:31',1,690.00000000,690.00000000,0.00000000,0.00000000,'HT',0.000,0,0.000,0.000,19,1),(45,'2011-10-13 14:26:15',23,'2011-10-13 16:26:14',1,0.00000000,0.00000000,0.00000000,0.00000000,'',0.000,0,0.000,0.000,19,1),(46,'2011-10-13 14:26:25',23,'2011-10-13 16:26:25',1,0.00000000,0.00000000,0.00000000,0.00000000,'HT',0.000,0,0.000,0.000,19,1),(47,'2011-10-13 14:26:42',24,'2011-10-13 16:26:41',1,0.00000000,0.00000000,0.00000000,0.00000000,'',0.000,0,0.000,0.000,19,1),(48,'2011-10-13 14:26:52',24,'2011-10-13 16:26:51',1,3300.00000000,3300.00000000,0.00000000,0.00000000,'HT',0.000,0,0.000,0.000,19,1),(49,'2011-10-20 21:13:42',25,'2011-10-20 23:10:19',1,0.00000000,0.00000000,0.00000000,0.00000000,'',0.000,0,0.000,0.000,3,1),(50,'2011-10-20 21:15:50',25,'2011-10-20 23:12:27',1,590.00000000,637.20000000,0.00000000,0.00000000,'HT',8.000,0,0.000,0.000,3,1),(51,'2011-10-20 21:18:46',26,'2011-10-20 23:15:22',1,0.00000000,0.00000000,0.00000000,0.00000000,'',0.000,0,0.000,0.000,3,1),(52,'2011-10-20 21:19:07',26,'2011-10-20 23:15:44',1,19.00000000,20.52000000,0.00000000,0.00000000,'HT',8.000,0,0.000,0.000,3,1),(53,'2011-10-22 11:18:05',27,'2011-10-22 13:18:04',1,0.00000000,0.00000000,0.00000000,0.00000000,'',0.000,0,0.000,0.000,3,1),(54,'2011-10-22 11:18:33',27,'2011-10-22 13:18:32',1,25.00000000,25.00000000,0.00000000,0.00000000,'HT',0.000,0,0.000,0.000,3,1),(56,'2011-10-28 13:43:44',28,'2011-10-28 15:43:43',1,22800.00000000,24624.00000000,20550.00000000,22194.00000000,'HT',8.000,0,0.000,0.000,3,0),(58,'2011-10-28 13:50:22',29,'2011-10-28 15:50:21',1,24200.00000000,26136.00000000,20550.00000000,22194.00000000,'HT',8.000,0,0.000,0.000,3,1),(59,'2011-11-21 15:17:53',1,'2011-11-21 16:17:53',1,11868.00000000,12817.44000000,11868.00000000,12817.44000000,'HT',8.000,0,0.000,0.000,3,1),(60,'2011-11-21 15:24:53',1,'2011-11-21 16:24:53',1,11868.00000000,12817.44000000,5000.00000000,5400.00000000,'HT',8.000,0,0.000,0.000,3,1),(61,'2012-02-08 11:19:57',20,'2012-02-08 12:19:57',1,786.11111000,849.00000000,0.00000000,0.00000000,'TTC',8.000,0,0.000,0.000,3,1),(62,'2012-02-21 07:48:33',4,'2012-02-21 08:48:32',1,2.73000000,2.94840000,0.00000000,0.00000000,'HT',8.000,0,0.000,0.000,3,1),(63,'2012-02-21 07:48:54',5,'2012-02-21 08:48:53',1,2.73000000,2.94840000,0.00000000,0.00000000,'HT',8.000,0,0.000,0.000,3,1),(64,'2012-02-21 07:49:16',5,'2012-02-21 08:49:16',1,2.73148000,2.95000000,0.00000000,0.00000000,'TTC',8.000,0,0.000,0.000,3,1),(65,'2012-02-21 07:49:41',4,'2012-02-21 08:49:41',1,2.73148000,2.95000000,0.00000000,0.00000000,'TTC',8.000,0,0.000,0.000,3,1),(66,'2012-02-21 15:48:49',24,'2012-02-21 16:48:49',1,3300.00000000,3564.00000000,0.00000000,0.00000000,'HT',8.000,0,0.000,0.000,3,1),(67,'2012-02-21 17:31:57',24,'2012-02-21 18:31:57',1,3055.55556000,3300.00000000,0.00000000,0.00000000,'TTC',8.000,0,0.000,0.000,3,1),(68,'2012-03-05 17:56:03',3,'2012-03-05 18:56:03',1,1527.77778000,1650.00000000,1527.77778000,1650.00000000,'TTC',8.000,0,0.000,0.000,3,1),(69,'2012-03-28 12:36:23',30,'2012-03-28 14:36:22',1,0.00000000,0.00000000,0.00000000,0.00000000,'',0.000,0,0.000,0.000,3,1),(70,'2012-04-19 13:26:51',31,'2012-04-19 15:26:50',1,0.00000000,0.00000000,0.00000000,0.00000000,'',0.000,0,0.000,0.000,6,0),(71,'2012-04-19 13:27:50',32,'2012-04-19 15:27:49',1,0.00000000,0.00000000,0.00000000,0.00000000,'',0.000,0,0.000,0.000,6,1),(72,'2012-04-19 13:28:47',33,'2012-04-19 15:28:47',1,0.00000000,0.00000000,0.00000000,0.00000000,'',0.000,0,0.000,0.000,6,1),(73,'2012-04-19 13:36:34',34,'2012-04-19 15:36:34',1,0.00000000,0.00000000,0.00000000,0.00000000,'',0.000,0,0.000,0.000,6,1),(74,'2012-04-19 13:37:02',35,'2012-04-19 15:37:02',1,0.00000000,0.00000000,0.00000000,0.00000000,'',0.000,0,0.000,0.000,6,1),(75,'2012-04-19 13:39:53',36,'2012-04-19 15:39:53',1,0.00000000,0.00000000,0.00000000,0.00000000,'',0.000,0,0.000,0.000,6,1),(76,'2012-04-19 13:40:25',37,'2012-04-19 15:40:25',1,0.00000000,0.00000000,0.00000000,0.00000000,'',0.000,0,0.000,0.000,6,1),(77,'2012-04-19 13:40:56',38,'2012-04-19 15:40:56',1,0.00000000,0.00000000,0.00000000,0.00000000,'',0.000,0,0.000,0.000,6,1),(78,'2012-04-19 13:41:16',39,'2012-04-19 15:41:15',1,0.00000000,0.00000000,0.00000000,0.00000000,'',0.000,0,0.000,0.000,6,1),(79,'2012-04-19 13:41:46',40,'2012-04-19 15:41:45',1,0.00000000,0.00000000,0.00000000,0.00000000,'',0.000,0,0.000,0.000,6,1),(80,'2012-04-19 13:42:10',41,'2012-04-19 15:42:09',1,0.00000000,0.00000000,0.00000000,0.00000000,'',0.000,0,0.000,0.000,6,1),(81,'2012-04-19 13:42:29',42,'2012-04-19 15:42:29',1,0.00000000,0.00000000,0.00000000,0.00000000,'',0.000,0,0.000,0.000,6,1),(82,'2012-04-19 13:43:01',43,'2012-04-19 15:43:01',1,0.00000000,0.00000000,0.00000000,0.00000000,'',0.000,0,0.000,0.000,6,1),(83,'2012-04-19 13:43:21',44,'2012-04-19 15:43:20',1,0.00000000,0.00000000,0.00000000,0.00000000,'',0.000,0,0.000,0.000,6,1),(84,'2012-04-19 13:43:51',45,'2012-04-19 15:43:51',1,0.00000000,0.00000000,0.00000000,0.00000000,'',0.000,0,0.000,0.000,6,1),(85,'2012-04-19 13:44:15',46,'2012-04-19 15:44:14',1,0.00000000,0.00000000,0.00000000,0.00000000,'',0.000,0,0.000,0.000,6,1),(86,'2012-04-19 13:44:37',47,'2012-04-19 15:44:37',1,0.00000000,0.00000000,0.00000000,0.00000000,'',0.000,0,0.000,0.000,6,1),(87,'2012-04-19 13:45:00',48,'2012-04-19 15:45:00',1,0.00000000,0.00000000,0.00000000,0.00000000,'',0.000,0,0.000,0.000,6,1),(88,'2012-04-19 13:45:21',49,'2012-04-19 15:45:20',1,0.00000000,0.00000000,0.00000000,0.00000000,'',0.000,0,0.000,0.000,6,1),(89,'2012-04-19 13:45:41',50,'2012-04-19 15:45:41',1,0.00000000,0.00000000,0.00000000,0.00000000,'',0.000,0,0.000,0.000,6,1),(90,'2012-04-19 13:46:03',51,'2012-04-19 15:46:03',1,0.00000000,0.00000000,0.00000000,0.00000000,'',0.000,0,0.000,0.000,6,1),(91,'2012-04-19 13:46:27',52,'2012-04-19 15:46:27',1,0.00000000,0.00000000,0.00000000,0.00000000,'',0.000,0,0.000,0.000,6,1),(92,'2012-04-19 13:47:06',53,'2012-04-19 15:47:05',1,0.00000000,0.00000000,0.00000000,0.00000000,'',0.000,0,0.000,0.000,6,1),(93,'2012-04-19 13:48:33',54,'2012-04-19 15:48:32',1,0.00000000,0.00000000,0.00000000,0.00000000,'',0.000,0,0.000,0.000,6,1),(94,'2012-04-19 13:49:23',55,'2012-04-19 15:49:22',1,0.00000000,0.00000000,0.00000000,0.00000000,'',0.000,0,0.000,0.000,6,1),(95,'2012-04-19 13:49:40',56,'2012-04-19 15:49:40',1,0.00000000,0.00000000,0.00000000,0.00000000,'',0.000,0,0.000,0.000,6,1),(96,'2012-04-19 13:50:24',57,'2012-04-19 15:50:23',1,0.00000000,0.00000000,0.00000000,0.00000000,'',0.000,0,0.000,0.000,6,1),(97,'2012-04-19 13:50:47',58,'2012-04-19 15:50:46',1,0.00000000,0.00000000,0.00000000,0.00000000,'',0.000,0,0.000,0.000,6,1),(98,'2012-04-19 13:51:13',59,'2012-04-19 15:51:13',1,0.00000000,0.00000000,0.00000000,0.00000000,'',0.000,0,0.000,0.000,6,1),(99,'2012-04-19 13:51:33',60,'2012-04-19 15:51:33',1,0.00000000,0.00000000,0.00000000,0.00000000,'',0.000,0,0.000,0.000,6,1),(100,'2012-04-19 13:52:01',61,'2012-04-19 15:52:00',1,0.00000000,0.00000000,0.00000000,0.00000000,'',0.000,0,0.000,0.000,6,1),(101,'2012-04-19 13:52:29',62,'2012-04-19 15:52:29',1,0.00000000,0.00000000,0.00000000,0.00000000,'',0.000,0,0.000,0.000,6,1),(102,'2012-04-19 13:52:50',63,'2012-04-19 15:52:49',1,0.00000000,0.00000000,0.00000000,0.00000000,'',0.000,0,0.000,0.000,6,1),(103,'2012-04-19 13:53:19',64,'2012-04-19 15:53:18',1,0.00000000,0.00000000,0.00000000,0.00000000,'',0.000,0,0.000,0.000,6,1),(104,'2012-04-19 13:53:32',65,'2012-04-19 15:53:31',1,0.00000000,0.00000000,0.00000000,0.00000000,'',0.000,0,0.000,0.000,6,1),(105,'2012-04-19 13:53:56',66,'2012-04-19 15:53:56',1,0.00000000,0.00000000,0.00000000,0.00000000,'',0.000,0,0.000,0.000,6,1),(106,'2012-04-19 13:54:20',67,'2012-04-19 15:54:19',1,0.00000000,0.00000000,0.00000000,0.00000000,'',0.000,0,0.000,0.000,6,1),(107,'2012-04-19 13:57:40',68,'2012-04-19 15:57:39',1,0.00000000,0.00000000,0.00000000,0.00000000,'',0.000,0,0.000,0.000,6,1),(108,'2012-04-19 13:58:40',69,'2012-04-19 15:58:39',1,0.00000000,0.00000000,0.00000000,0.00000000,'',0.000,0,0.000,0.000,6,1),(109,'2012-04-19 13:58:59',70,'2012-04-19 15:58:59',1,0.00000000,0.00000000,0.00000000,0.00000000,'',0.000,0,0.000,0.000,6,1),(110,'2012-04-19 14:00:00',71,'2012-04-19 16:00:00',1,0.00000000,0.00000000,0.00000000,0.00000000,'',0.000,0,0.000,0.000,6,1),(111,'2012-04-19 14:00:16',72,'2012-04-19 16:00:15',1,0.00000000,0.00000000,0.00000000,0.00000000,'',0.000,0,0.000,0.000,6,1),(112,'2012-04-19 14:00:36',73,'2012-04-19 16:00:36',1,0.00000000,0.00000000,0.00000000,0.00000000,'',0.000,0,0.000,0.000,6,1),(113,'2012-04-19 14:00:56',74,'2012-04-19 16:00:55',1,0.00000000,0.00000000,0.00000000,0.00000000,'',0.000,0,0.000,0.000,6,1),(114,'2012-04-19 14:01:45',75,'2012-04-19 16:01:45',1,0.00000000,0.00000000,0.00000000,0.00000000,'',0.000,0,0.000,0.000,6,1),(115,'2012-04-19 14:02:06',76,'2012-04-19 16:02:06',1,0.00000000,0.00000000,0.00000000,0.00000000,'',0.000,0,0.000,0.000,6,1),(116,'2012-04-19 14:02:27',77,'2012-04-19 16:02:27',1,0.00000000,0.00000000,0.00000000,0.00000000,'',0.000,0,0.000,0.000,6,1),(117,'2012-04-19 14:02:47',78,'2012-04-19 16:02:46',1,0.00000000,0.00000000,0.00000000,0.00000000,'',0.000,0,0.000,0.000,6,1),(118,'2012-04-19 14:03:15',79,'2012-04-19 16:03:14',1,0.00000000,0.00000000,0.00000000,0.00000000,'',0.000,0,0.000,0.000,6,1),(119,'2012-04-19 14:03:38',80,'2012-04-19 16:03:37',1,0.00000000,0.00000000,0.00000000,0.00000000,'',0.000,0,0.000,0.000,6,1),(120,'2012-04-19 14:03:53',81,'2012-04-19 16:03:52',1,0.00000000,0.00000000,0.00000000,0.00000000,'',0.000,0,0.000,0.000,6,1),(121,'2012-04-19 14:04:22',82,'2012-04-19 16:04:22',1,0.00000000,0.00000000,0.00000000,0.00000000,'',0.000,0,0.000,0.000,6,1),(122,'2012-04-19 14:05:21',83,'2012-04-19 16:05:21',1,0.00000000,0.00000000,0.00000000,0.00000000,'',0.000,0,0.000,0.000,6,1),(123,'2012-04-19 14:06:11',84,'2012-04-19 16:06:10',1,0.00000000,0.00000000,0.00000000,0.00000000,'',0.000,0,0.000,0.000,6,1),(124,'2012-04-19 14:06:29',85,'2012-04-19 16:06:28',1,0.00000000,0.00000000,0.00000000,0.00000000,'',0.000,0,0.000,0.000,6,1),(125,'2012-04-19 14:06:49',86,'2012-04-19 16:06:48',1,0.00000000,0.00000000,0.00000000,0.00000000,'',0.000,0,0.000,0.000,6,1),(126,'2012-04-19 14:07:11',87,'2012-04-19 16:07:11',1,0.00000000,0.00000000,0.00000000,0.00000000,'',0.000,0,0.000,0.000,6,0),(127,'2012-04-19 14:07:53',88,'2012-04-19 16:07:52',1,0.00000000,0.00000000,0.00000000,0.00000000,'',0.000,0,0.000,0.000,6,1),(128,'2012-04-19 14:08:10',89,'2012-04-19 16:08:10',1,0.00000000,0.00000000,0.00000000,0.00000000,'',0.000,0,0.000,0.000,6,1),(129,'2012-04-19 14:08:50',90,'2012-04-19 16:08:49',1,0.00000000,0.00000000,0.00000000,0.00000000,'',0.000,0,0.000,0.000,6,1),(130,'2012-04-19 14:09:12',91,'2012-04-19 16:09:11',1,0.00000000,0.00000000,0.00000000,0.00000000,'',0.000,0,0.000,0.000,6,1),(131,'2012-04-19 14:09:35',92,'2012-04-19 16:09:34',1,0.00000000,0.00000000,0.00000000,0.00000000,'',0.000,0,0.000,0.000,6,1),(132,'2012-04-19 14:09:55',93,'2012-04-19 16:09:54',1,0.00000000,0.00000000,0.00000000,0.00000000,'',0.000,0,0.000,0.000,6,1),(133,'2012-04-19 14:10:15',94,'2012-04-19 16:10:14',1,0.00000000,0.00000000,0.00000000,0.00000000,'',0.000,0,0.000,0.000,6,1),(134,'2012-04-19 14:11:49',95,'2012-04-19 16:11:49',1,0.00000000,0.00000000,0.00000000,0.00000000,'',0.000,0,0.000,0.000,6,1),(135,'2012-04-19 14:14:30',96,'2012-04-19 16:14:29',1,0.00000000,0.00000000,0.00000000,0.00000000,'',0.000,0,0.000,0.000,6,1),(136,'2012-04-19 14:14:53',97,'2012-04-19 16:14:53',1,0.00000000,0.00000000,0.00000000,0.00000000,'',0.000,0,0.000,0.000,6,1),(137,'2012-04-19 14:15:30',98,'2012-04-19 16:15:29',1,0.00000000,0.00000000,0.00000000,0.00000000,'',0.000,0,0.000,0.000,6,1),(138,'2012-04-19 14:15:47',99,'2012-04-19 16:15:46',1,0.00000000,0.00000000,0.00000000,0.00000000,'',0.000,0,0.000,0.000,6,1),(139,'2012-04-19 14:16:06',100,'2012-04-19 16:16:05',1,0.00000000,0.00000000,0.00000000,0.00000000,'',0.000,0,0.000,0.000,6,1),(140,'2012-04-19 14:16:21',101,'2012-04-19 16:16:20',1,0.00000000,0.00000000,0.00000000,0.00000000,'',0.000,0,0.000,0.000,6,1),(141,'2012-04-19 14:16:45',102,'2012-04-19 16:16:45',1,0.00000000,0.00000000,0.00000000,0.00000000,'',0.000,0,0.000,0.000,6,0),(142,'2012-04-19 14:18:07',103,'2012-04-19 16:18:06',1,0.00000000,0.00000000,0.00000000,0.00000000,'',0.000,0,0.000,0.000,6,0),(143,'2012-04-19 14:18:22',104,'2012-04-19 16:18:21',1,0.00000000,0.00000000,0.00000000,0.00000000,'',0.000,0,0.000,0.000,6,0),(144,'2012-04-19 14:18:46',105,'2012-04-19 16:18:46',1,0.00000000,0.00000000,0.00000000,0.00000000,'',0.000,0,0.000,0.000,6,1),(145,'2012-04-19 14:19:05',106,'2012-04-19 16:19:04',1,0.00000000,0.00000000,0.00000000,0.00000000,'',0.000,0,0.000,0.000,6,1),(146,'2012-04-19 14:19:41',107,'2012-04-19 16:19:40',1,0.00000000,0.00000000,0.00000000,0.00000000,'',0.000,0,0.000,0.000,6,1),(147,'2012-04-19 14:20:10',108,'2012-04-19 16:20:09',1,0.00000000,0.00000000,0.00000000,0.00000000,'',0.000,0,0.000,0.000,6,1),(148,'2012-04-19 14:20:37',109,'2012-04-19 16:20:36',1,0.00000000,0.00000000,0.00000000,0.00000000,'',0.000,0,0.000,0.000,6,1),(149,'2012-04-19 14:20:59',110,'2012-04-19 16:20:59',1,0.00000000,0.00000000,0.00000000,0.00000000,'',0.000,0,0.000,0.000,6,1),(150,'2012-04-19 14:21:36',111,'2012-04-19 16:21:35',1,0.00000000,0.00000000,0.00000000,0.00000000,'',0.000,0,0.000,0.000,6,1),(151,'2012-04-19 14:22:27',112,'2012-04-19 16:22:26',1,0.00000000,0.00000000,0.00000000,0.00000000,'',0.000,0,0.000,0.000,6,1),(152,'2012-04-19 14:22:53',113,'2012-04-19 16:22:52',1,0.00000000,0.00000000,0.00000000,0.00000000,'',0.000,0,0.000,0.000,6,1),(153,'2012-04-19 14:23:08',114,'2012-04-19 16:23:08',1,0.00000000,0.00000000,0.00000000,0.00000000,'',0.000,0,0.000,0.000,6,1),(154,'2012-04-19 14:24:16',115,'2012-04-19 16:24:15',1,0.00000000,0.00000000,0.00000000,0.00000000,'',0.000,0,0.000,0.000,6,1),(155,'2012-04-19 14:24:40',116,'2012-04-19 16:24:39',1,0.00000000,0.00000000,0.00000000,0.00000000,'',0.000,0,0.000,0.000,6,1),(156,'2012-04-19 14:26:09',117,'2012-04-19 16:26:08',1,0.00000000,0.00000000,0.00000000,0.00000000,'',0.000,0,0.000,0.000,6,1),(157,'2012-04-19 14:26:35',118,'2012-04-19 16:26:34',1,0.00000000,0.00000000,0.00000000,0.00000000,'',0.000,0,0.000,0.000,6,1),(158,'2012-04-19 14:27:05',119,'2012-04-19 16:27:04',1,0.00000000,0.00000000,0.00000000,0.00000000,'',0.000,0,0.000,0.000,6,1),(159,'2012-04-19 14:27:29',120,'2012-04-19 16:27:28',1,0.00000000,0.00000000,0.00000000,0.00000000,'',0.000,0,0.000,0.000,6,1),(160,'2012-04-19 14:27:48',121,'2012-04-19 16:27:48',1,0.00000000,0.00000000,0.00000000,0.00000000,'',0.000,0,0.000,0.000,6,1),(161,'2012-04-19 14:28:16',122,'2012-04-19 16:28:15',1,0.00000000,0.00000000,0.00000000,0.00000000,'',0.000,0,0.000,0.000,6,1),(162,'2012-04-19 14:28:33',123,'2012-04-19 16:28:32',1,0.00000000,0.00000000,0.00000000,0.00000000,'',0.000,0,0.000,0.000,6,1),(163,'2012-04-19 14:28:51',124,'2012-04-19 16:28:51',1,0.00000000,0.00000000,0.00000000,0.00000000,'',0.000,0,0.000,0.000,6,1),(164,'2012-05-05 06:21:22',125,'2012-05-05 08:21:22',1,0.00000000,0.00000000,0.00000000,0.00000000,'',0.000,0,0.000,0.000,6,1),(165,'2012-06-11 14:09:32',126,'2012-06-11 16:09:31',1,24200.00000000,26136.00000000,20550.00000000,22194.00000000,'HT',8.000,0,0.000,0.000,3,0),(166,'2012-06-11 17:33:02',127,'2012-06-11 19:33:01',1,26851.85185000,29000.00000000,26851.85185000,29000.00000000,'TTC',8.000,0,0.000,0.000,3,0),(167,'2012-06-11 17:36:25',128,'2012-06-11 19:36:25',1,20550.00000000,22194.00000000,0.00000000,0.00000000,'HT',8.000,0,0.000,0.000,3,0),(168,'2012-06-11 17:41:17',129,'2012-06-11 19:41:16',1,22800.00000000,24624.00000000,20550.00000000,22194.00000000,'HT',8.000,0,0.000,0.000,3,0),(169,'2012-10-18 14:57:11',127,'2012-10-18 16:57:10',2,23148.14815000,25000.00000000,0.00000000,0.00000000,'TTC',8.000,0,0.000,0.000,3,1),(170,'2012-11-01 14:43:48',127,'2012-11-01 15:43:45',1,26851.85185000,29000.00000000,23148.14815000,25000.00000000,'TTC',8.000,0,0.000,0.000,3,1),(171,'2013-01-17 11:59:47',24,'2013-01-17 12:59:44',1,3055.00000000,3299.40000000,0.00000000,0.00000000,'HT',8.000,0,0.000,0.000,2,1),(172,'2013-03-28 13:10:23',130,'2013-03-28 14:10:20',1,0.00000000,0.00000000,0.00000000,0.00000000,'',0.000,0,0.000,0.000,2,1),(173,'2013-03-28 13:10:42',130,'2013-03-28 14:10:39',1,280.00000000,302.40000000,0.00000000,0.00000000,'HT',8.000,0,0.000,0.000,2,1),(174,'2013-04-03 08:12:30',131,'2013-04-03 10:12:28',1,3127.50000000,3127.50000000,0.00000000,0.00000000,'HT',0.000,0,0.000,0.000,2,0),(175,'2013-04-03 08:27:55',131,'2013-04-03 10:27:52',1,1854.00000000,1854.00000000,0.00000000,0.00000000,'HT',0.000,0,0.000,0.000,2,1),(176,'2013-05-23 10:23:45',23,'2013-05-23 12:23:42',1,0.00000000,0.00000000,0.00000000,0.00000000,'HT',0.000,0,0.000,0.000,27,1),(177,'2013-07-05 07:09:59',17,'2013-07-05 09:09:57',1,2.73000000,2.73000000,0.00000000,0.00000000,'HT',0.000,0,0.000,0.000,27,1),(178,'2013-07-05 07:10:23',17,'2013-07-05 09:10:21',1,2.80000000,2.80000000,0.00000000,0.00000000,'HT',0.000,0,0.000,0.000,27,1),(179,'2013-07-05 07:10:42',18,'2013-07-05 09:10:40',1,2.73000000,2.73000000,0.00000000,0.00000000,'HT',0.000,0,0.000,0.000,27,1),(180,'2013-07-05 07:10:48',18,'2013-07-05 09:10:46',1,2.80000000,2.80000000,0.00000000,0.00000000,'HT',0.000,0,0.000,0.000,27,1),(181,'2013-07-05 07:11:20',16,'2013-07-05 09:11:18',1,45.00000000,45.00000000,0.00000000,0.00000000,'HT',0.000,0,0.000,0.000,27,1),(182,'2013-07-15 15:19:29',7,'2013-07-15 17:19:25',1,90.00000000,97.20000000,90.00000000,97.20000000,'HT',8.000,0,0.000,0.000,29,1),(183,'2013-07-15 15:19:54',7,'2013-07-15 17:19:49',1,83.33333000,90.00000000,83.33333000,90.00000000,'TTC',8.000,0,0.000,0.000,29,1),(184,'2013-07-16 07:30:02',18,'2013-07-16 09:30:00',1,3.80000000,3.80000000,0.00000000,0.00000000,'HT',0.000,0,0.000,0.000,29,1),(185,'2013-07-16 07:30:28',17,'2013-07-16 09:30:26',1,3.80000000,3.80000000,0.00000000,0.00000000,'HT',0.000,0,0.000,0.000,29,1),(186,'2013-07-16 12:27:47',131,'2013-07-16 14:27:43',1,1854.00000000,2002.32000000,0.00000000,0.00000000,'HT',8.000,0,0.000,0.000,29,1),(187,'2013-07-16 12:28:49',125,'2013-07-16 14:28:45',1,1380.00000000,1490.40000000,0.00000000,0.00000000,'HT',8.000,0,0.000,0.000,29,1),(188,'2013-07-24 12:13:31',7,'2013-07-24 14:13:28',1,90.00000000,97.20000000,90.00000000,97.20000000,'HT',8.000,0,0.000,0.000,29,1),(189,'2013-07-24 12:18:48',132,'2013-07-24 14:18:44',1,0.00000000,0.00000000,0.00000000,0.00000000,'',0.000,0,0.000,0.000,29,1),(190,'2013-07-24 15:55:35',24,'2013-07-24 17:55:30',1,3300.00000000,3564.00000000,0.00000000,0.00000000,'HT',8.000,0,0.000,0.000,27,1),(191,'2013-07-26 13:26:27',38,'2013-07-26 15:26:27',1,55.00000000,59.40000000,0.00000000,0.00000000,'HT',8.000,0,0.000,0.000,29,1),(192,'2013-08-23 13:48:15',6,'2013-08-23 15:48:15',1,2.10000000,2.26800000,105.00000000,113.40000000,'HT',8.000,0,0.000,0.000,29,1),(197,'2013-08-23 14:19:30',133,'2013-08-23 16:19:30',1,250.00000000,270.00000000,0.00000000,0.00000000,'HT',8.000,0,0.000,0.000,29,1),(199,'2013-09-02 09:38:05',134,'2013-09-02 11:38:05',1,25.00000000,27.00000000,0.00000000,0.00000000,'HT',8.000,0,0.000,0.000,29,1),(200,'2013-09-02 09:38:40',135,'2013-09-02 11:38:40',1,0.00000000,0.00000000,0.00000000,0.00000000,'',0.000,0,0.000,0.000,29,1),(201,'2013-09-02 09:38:52',135,'2013-09-02 11:38:52',1,25.00000000,27.00000000,0.00000000,0.00000000,'HT',8.000,0,0.000,0.000,29,1),(202,'2013-09-03 09:11:11',6,'2013-09-03 11:11:11',1,105.00000000,113.40000000,105.00000000,113.40000000,'HT',8.000,0,0.000,0.000,29,1),(203,'2013-09-09 08:13:35',136,'2013-09-09 10:13:35',1,0.00000000,0.00000000,0.00000000,0.00000000,'',0.000,0,0.000,0.000,29,1),(205,'2013-09-09 08:15:03',136,'2013-09-09 10:15:02',1,120.00000000,129.60000000,0.00000000,0.00000000,'HT',8.000,0,0.000,0.000,29,1),(206,'2013-09-09 08:17:48',137,'2013-09-09 10:17:48',1,0.00000000,0.00000000,0.00000000,0.00000000,'',0.000,0,0.000,0.000,29,1),(207,'2013-09-09 08:18:04',137,'2013-09-09 10:18:04',1,120.00000000,129.60000000,0.00000000,0.00000000,'HT',8.000,0,0.000,0.000,29,1),(208,'2013-09-09 08:18:42',138,'2013-09-09 10:18:42',1,0.00000000,0.00000000,0.00000000,0.00000000,'',0.000,0,0.000,0.000,29,1),(210,'2013-09-09 08:19:15',138,'2013-09-09 10:19:15',1,120.00000000,129.60000000,0.00000000,0.00000000,'HT',8.000,0,0.000,0.000,29,1),(211,'2013-09-09 08:20:06',139,'2013-09-09 10:20:06',1,0.00000000,0.00000000,0.00000000,0.00000000,'',0.000,0,0.000,0.000,29,1),(212,'2013-09-09 08:20:16',139,'2013-09-09 10:20:16',1,120.00000000,129.60000000,0.00000000,0.00000000,'HT',8.000,0,0.000,0.000,29,1),(213,'2013-09-09 08:20:39',140,'2013-09-09 10:20:39',1,0.00000000,0.00000000,0.00000000,0.00000000,'',0.000,0,0.000,0.000,29,1),(214,'2013-09-09 08:20:55',140,'2013-09-09 10:20:55',1,120.00000000,129.60000000,0.00000000,0.00000000,'HT',8.000,0,0.000,0.000,29,1),(215,'2013-09-09 08:21:18',141,'2013-09-09 10:21:18',1,0.00000000,0.00000000,0.00000000,0.00000000,'',0.000,0,0.000,0.000,29,1),(216,'2013-09-09 08:21:26',141,'2013-09-09 10:21:26',1,120.00000000,120.00000000,0.00000000,0.00000000,'HT',0.000,0,0.000,0.000,29,1);

--
-- Table structure for table `llx_product_stock`
--

CREATE TABLE `llx_product_stock` (
  `rowid` int(11) NOT NULL AUTO_INCREMENT,
  `tms` timestamp NOT NULL DEFAULT CURRENT_TIMESTAMP ON UPDATE CURRENT_TIMESTAMP,
  `fk_product` int(11) NOT NULL,
  `fk_entrepot` int(11) NOT NULL,
  `reel` double DEFAULT NULL,
  `pmp` double(24,8) NOT NULL DEFAULT '0.00000000',
  `location` varchar(32) DEFAULT NULL,
  PRIMARY KEY (`rowid`),
  UNIQUE KEY `uk_product_stock` (`fk_product`,`fk_entrepot`),
  KEY `idx_product_stock_fk_product` (`fk_product`),
  KEY `idx_product_stock_fk_entrepot` (`fk_entrepot`)
) ENGINE=InnoDB AUTO_INCREMENT=97 DEFAULT CHARSET=utf8;

--
-- Dumping data for table `llx_product_stock`
--

INSERT INTO `llx_product_stock` VALUES (1,'2011-08-11 08:39:15',1,1,6,0.00000000,NULL),(2,'2011-05-23 09:35:46',5,1,380,0.00000000,NULL),(3,'2011-05-23 09:36:39',4,1,380,0.00000000,NULL),(4,'2011-05-26 11:49:19',9,1,1,0.00000000,NULL),(5,'2012-04-19 13:35:58',31,1,1,0.00000000,NULL),(6,'2012-04-19 14:43:39',124,1,6,0.00000000,NULL),(7,'2012-04-19 14:44:15',123,1,1,0.00000000,NULL),(8,'2012-04-19 14:44:32',122,1,2,0.00000000,NULL),(9,'2012-04-25 12:00:43',121,1,0,0.00000000,NULL),(10,'2012-06-18 15:43:27',120,1,3,0.00000000,NULL),(11,'2012-04-19 14:45:32',119,1,1,0.00000000,NULL),(12,'2012-04-19 14:46:01',118,1,8,0.00000000,NULL),(13,'2012-04-19 14:46:35',117,1,3.5,0.00000000,NULL),(14,'2012-04-19 14:46:56',116,1,2,0.00000000,NULL),(15,'2012-04-19 14:47:13',115,1,1,0.00000000,NULL),(16,'2012-04-19 14:47:32',114,1,1,0.00000000,NULL),(17,'2012-04-19 14:47:54',113,1,2,0.00000000,NULL),(18,'2012-06-18 15:44:31',112,1,2,0.00000000,NULL),(19,'2012-04-19 14:48:46',111,1,1,0.00000000,NULL),(20,'2012-04-19 14:49:07',110,1,1,0.00000000,NULL),(21,'2012-04-19 14:49:25',109,1,1,0.00000000,NULL),(22,'2012-04-19 14:52:25',68,1,2,0.00000000,NULL),(23,'2012-04-19 14:52:45',69,1,44,0.00000000,NULL),(24,'2012-04-19 14:53:02',70,1,3,0.00000000,NULL),(25,'2012-04-19 14:53:17',71,1,1,0.00000000,NULL),(26,'2012-04-19 14:53:44',72,1,3,0.00000000,NULL),(27,'2012-04-19 14:54:04',73,1,3,0.00000000,NULL),(28,'2012-04-19 14:54:22',74,1,1,0.00000000,NULL),(29,'2012-06-18 17:08:55',32,1,3,0.00000000,NULL),(30,'2012-04-19 14:55:21',75,1,5,0.00000000,NULL),(31,'2012-04-19 14:55:46',76,1,12,0.00000000,NULL),(32,'2012-04-19 14:57:31',77,1,9,0.00000000,NULL),(33,'2012-04-19 14:58:01',78,1,2,0.00000000,NULL),(34,'2012-04-19 14:58:19',79,1,2,0.00000000,NULL),(35,'2012-04-19 14:58:56',80,1,2,0.00000000,NULL),(36,'2012-04-19 14:59:10',81,1,5,0.00000000,NULL),(37,'2012-04-19 14:59:28',82,1,1,0.00000000,NULL),(38,'2012-04-19 14:59:48',83,1,1,0.00000000,NULL),(39,'2012-04-19 15:00:00',84,1,2,0.00000000,NULL),(40,'2012-04-19 15:00:18',85,1,1,0.00000000,NULL),(41,'2012-04-19 15:00:38',87,1,1,0.00000000,NULL),(42,'2012-04-19 15:00:56',86,1,2,0.00000000,NULL),(43,'2012-04-19 15:01:23',88,1,2,0.00000000,NULL),(44,'2012-04-19 15:01:41',89,1,4,0.00000000,NULL),(45,'2012-06-29 11:33:19',90,1,17,0.00000000,NULL),(46,'2012-04-19 15:02:27',91,1,21,0.00000000,NULL),(47,'2012-06-18 15:44:58',92,1,3,0.00000000,NULL),(48,'2012-04-19 15:03:03',93,1,12,0.00000000,NULL),(49,'2012-04-26 07:44:20',94,1,35,0.00000000,NULL),(50,'2012-04-19 15:03:51',95,1,0,0.00000000,NULL),(51,'2012-04-19 15:04:08',96,1,2,0.00000000,NULL),(52,'2012-04-19 15:04:32',97,1,2,0.00000000,NULL),(53,'2012-06-29 11:33:58',98,1,-1,0.00000000,NULL),(54,'2012-04-19 15:05:16',99,1,1,0.00000000,NULL),(55,'2012-04-19 15:05:38',100,1,4,0.00000000,NULL),(56,'2012-04-19 15:05:55',101,1,1,0.00000000,NULL),(57,'2012-04-19 15:06:11',102,1,2,0.00000000,NULL),(58,'2012-04-19 15:06:29',103,1,1,0.00000000,NULL),(59,'2012-04-19 15:06:56',104,1,4,0.00000000,NULL),(60,'2012-07-11 12:36:40',105,1,1,0.00000000,NULL),(61,'2012-04-19 15:07:34',106,1,1,0.00000000,NULL),(62,'2012-04-19 15:07:52',107,1,1,0.00000000,NULL),(63,'2012-04-19 15:08:13',108,1,2,0.00000000,NULL),(64,'2012-05-17 05:40:28',33,1,3,0.00000000,NULL),(65,'2012-04-19 15:09:38',35,1,2,0.00000000,NULL),(66,'2012-07-10 18:29:32',36,1,0,0.00000000,NULL),(67,'2012-04-19 15:10:36',41,1,5,0.00000000,NULL),(68,'2012-04-19 15:10:48',40,1,6,0.00000000,NULL),(69,'2012-04-19 15:11:26',42,1,2,0.00000000,NULL),(70,'2012-04-19 15:11:50',44,1,1,0.00000000,NULL),(71,'2012-04-19 15:12:03',43,1,1,0.00000000,NULL),(72,'2012-09-11 08:36:06',45,1,5,0.00000000,NULL),(73,'2012-04-19 15:12:57',46,1,2,0.00000000,NULL),(74,'2012-04-19 15:13:18',47,1,7,0.00000000,NULL),(75,'2012-07-10 18:30:45',48,1,39,0.00000000,NULL),(76,'2012-04-19 15:14:17',49,1,23,0.00000000,NULL),(77,'2012-04-19 15:14:34',50,1,31,0.00000000,NULL),(78,'2012-04-26 07:43:43',51,1,6,0.00000000,NULL),(79,'2012-04-19 15:15:10',52,1,1,0.00000000,NULL),(80,'2012-04-19 15:15:50',54,1,2,0.00000000,NULL),(81,'2012-04-19 15:16:08',55,1,6,0.00000000,NULL),(82,'2012-04-19 15:16:29',56,1,1,0.00000000,NULL),(83,'2012-04-19 15:16:53',58,1,6,0.00000000,NULL),(84,'2012-04-19 15:17:13',57,1,4,0.00000000,NULL),(85,'2012-04-19 15:17:31',59,1,2,0.00000000,NULL),(86,'2012-04-19 15:17:58',60,1,1,0.00000000,NULL),(87,'2012-04-19 15:18:16',61,1,7,0.00000000,NULL),(88,'2012-06-18 15:42:59',62,1,0,0.00000000,NULL),(89,'2012-07-28 20:04:11',63,1,6,0.00000000,NULL),(90,'2012-04-19 15:19:27',64,1,2,0.00000000,NULL),(91,'2012-04-26 08:57:24',65,1,5,0.00000000,NULL),(92,'2012-04-19 15:19:58',66,1,1,0.00000000,NULL),(93,'2012-04-19 15:20:24',67,1,1,0.00000000,NULL),(94,'2012-04-19 15:22:08',53,1,50,0.00000000,NULL),(95,'2012-04-26 07:42:47',34,1,2,0.00000000,NULL),(96,'2012-07-25 15:17:52',125,1,5,0.00000000,NULL);

--
-- Table structure for table `llx_product_subproduct`
--

CREATE TABLE `llx_product_subproduct` (
  `rowid` int(11) NOT NULL AUTO_INCREMENT,
  `fk_product` int(11) NOT NULL,
  `fk_product_subproduct` int(11) NOT NULL,
  PRIMARY KEY (`rowid`),
  UNIQUE KEY `fk_product` (`fk_product`,`fk_product_subproduct`)
) ENGINE=InnoDB DEFAULT CHARSET=utf8;

--
-- Dumping data for table `llx_product_subproduct`
--


--
-- Table structure for table `llx_projet`
--

CREATE TABLE `llx_projet` (
  `rowid` int(11) NOT NULL AUTO_INCREMENT,
  `fk_soc` int(11) DEFAULT NULL,
  `fk_statut` smallint(6) NOT NULL DEFAULT '0',
  `datec` date DEFAULT NULL,
  `tms` timestamp NOT NULL DEFAULT CURRENT_TIMESTAMP ON UPDATE CURRENT_TIMESTAMP,
  `dateo` date DEFAULT NULL,
  `datee` date DEFAULT NULL,
  `ref` varchar(50) DEFAULT NULL,
  `entity` int(11) NOT NULL DEFAULT '1',
  `title` varchar(255) DEFAULT NULL,
  `description` text,
  `fk_user_creat` int(11) NOT NULL,
  `note_private` text,
  `note_public` text,
  `model_pdf` varchar(255) DEFAULT NULL,
  `public` int(11) DEFAULT NULL,
  PRIMARY KEY (`rowid`),
  UNIQUE KEY `uk_projet_ref` (`ref`,`entity`),
  KEY `idx_projet_fk_soc` (`fk_soc`),
  CONSTRAINT `fk_projet_fk_soc` FOREIGN KEY (`fk_soc`) REFERENCES `llx_societe` (`rowid`)
) ENGINE=InnoDB AUTO_INCREMENT=6 DEFAULT CHARSET=utf8;

--
-- Dumping data for table `llx_projet`
--

INSERT INTO `llx_projet` VALUES (1,1,2,'2011-02-13','2011-02-23 15:13:25','2011-02-13',NULL,'1',1,'Mise en route machine avec pompe','Integration du système cleanea sur le réseau complet de Charmey / Fribourg',3,NULL,NULL,NULL,0),(2,NULL,0,'2011-03-21','2011-03-21 13:13:57','2011-03-21',NULL,'Formation',1,'Formation Interne','Formation du personnel concernant l\'utilisation des produit',3,NULL,NULL,NULL,0),(3,6,1,'2012-04-03','2012-04-03 11:51:02','2012-04-03','2012-07-02','V4 UR',1,'Listing nouvelle machine ','Plus machine à faire\r\n\r\nFiltre bas de réservoir saumure\r\nChanger type de robinet réglage interne / voir Hadi / pas fiables \r\nTuyaux dessous / enrouleur \r\nClip pour tuyaux sortie pompe / pistolet\r\nStandardiser les vis / un type de vis\r\nLogo phosphorescent \r\nReposoir pistolet\r\nPoignée de transport \r\nÉclairage interne pour technicien \r\n\r\n\r\n\r\nCellule maxi 60 m3\r\nPompe péristaltique maxi 120 000 litres\r\npile adoucisseur maxi 180 jours à 100% / soit une régénération par jour \r\nFiltre Pompe sortie à vérifier tout les 6 mois et changer\r\nFiltre Téflon maxi  120m3 en eau suisse ',3,NULL,NULL,NULL,0),(4,NULL,0,'2012-07-05','2012-07-05 13:16:53','2012-07-05','2012-09-30','Site Web',1,'Refonte Site Web','',3,NULL,NULL,NULL,1),(5,22,0,'2012-07-12','2012-07-12 07:24:31','2012-07-12','2012-08-31','Maus',1,'Intégration Machine V4 Manor Genève','',3,NULL,NULL,NULL,1);

--
-- Table structure for table `llx_projet_task`
--

CREATE TABLE `llx_projet_task` (
  `rowid` int(11) NOT NULL AUTO_INCREMENT,
  `fk_projet` int(11) NOT NULL,
  `fk_task_parent` int(11) NOT NULL,
  `datec` datetime DEFAULT NULL,
  `tms` timestamp NOT NULL DEFAULT CURRENT_TIMESTAMP ON UPDATE CURRENT_TIMESTAMP,
  `dateo` datetime DEFAULT NULL,
  `datee` datetime DEFAULT NULL,
  `datev` datetime DEFAULT NULL,
  `label` varchar(255) NOT NULL,
  `description` text,
  `duration_effective` double NOT NULL DEFAULT '0',
  `progress` int(11) DEFAULT '0',
  `priority` int(11) DEFAULT '0',
  `fk_milestone` int(11) DEFAULT '0',
  `fk_user_creat` int(11) DEFAULT NULL,
  `fk_user_modif` int(11) DEFAULT NULL,
  `fk_user_valid` int(11) DEFAULT NULL,
  `fk_statut` smallint(6) NOT NULL DEFAULT '0',
  `note_private` text,
  `note_public` text,
  `rang` int(11) DEFAULT '0',
  PRIMARY KEY (`rowid`),
  KEY `fk_projet_task_fk_projet` (`fk_projet`),
  KEY `idx_projet_task_fk_projet` (`fk_projet`),
  KEY `idx_projet_task_fk_user_creat` (`fk_user_creat`),
  KEY `idx_projet_task_fk_user_valid` (`fk_user_valid`),
  CONSTRAINT `fk_projet_task_fk_projet` FOREIGN KEY (`fk_projet`) REFERENCES `llx_projet` (`rowid`),
  CONSTRAINT `fk_projet_task_fk_user_creat` FOREIGN KEY (`fk_user_creat`) REFERENCES `llx_user` (`rowid`),
  CONSTRAINT `fk_projet_task_fk_user_valid` FOREIGN KEY (`fk_user_valid`) REFERENCES `llx_user` (`rowid`)
) ENGINE=InnoDB AUTO_INCREMENT=2 DEFAULT CHARSET=utf8;

--
-- Dumping data for table `llx_projet_task`
--

INSERT INTO `llx_projet_task` VALUES (1,3,0,'2012-04-03 13:51:53','2012-04-03 11:51:54','2012-04-03 12:00:00','2012-07-02 12:00:00',NULL,'Tache nouvelle machine V4','Plus machine à faire\r\n\r\nFiltre bas de réservoir saumure\r\nChanger type de robinet réglage interne / voir Hadi / pas fiables \r\nTuyaux dessous / enrouleur \r\nClip pour tuyaux sortie pompe / pistolet\r\nStandardiser les vis / un type de vis\r\nLogo phosphorescent \r\nReposoir pistolet\r\nPoignée de transport \r\nÉclairage interne pour technicien \r\n\r\n\r\n\r\nCellule maxi 60 m3\r\nPompe péristaltique maxi 120 000 litres\r\npile adoucisseur maxi 180 jours à 100% / soit une régénération par jour \r\nFiltre Pompe sortie à vérifier tout les 6 mois et changer\r\nFiltre Téflon maxi  120m3 en eau suisse',0,0,0,0,3,NULL,NULL,0,NULL,NULL,0);

--
-- Table structure for table `llx_projet_task_time`
--

CREATE TABLE `llx_projet_task_time` (
  `rowid` int(11) NOT NULL AUTO_INCREMENT,
  `fk_task` int(11) NOT NULL,
  `task_date` date DEFAULT NULL,
  `task_duration` double DEFAULT NULL,
  `fk_user` int(11) DEFAULT NULL,
  `note` text,
  PRIMARY KEY (`rowid`)
) ENGINE=InnoDB DEFAULT CHARSET=utf8;

--
-- Dumping data for table `llx_projet_task_time`
--


--
-- Table structure for table `llx_propal`
--

CREATE TABLE `llx_propal` (
  `rowid` int(11) NOT NULL AUTO_INCREMENT,
  `fk_soc` int(11) DEFAULT NULL,
  `fk_projet` int(11) DEFAULT '0',
  `tms` timestamp NOT NULL DEFAULT CURRENT_TIMESTAMP ON UPDATE CURRENT_TIMESTAMP,
  `ref` varchar(30) NOT NULL,
  `entity` int(11) NOT NULL DEFAULT '1',
  `ref_ext` varchar(50) DEFAULT NULL,
  `ref_int` varchar(50) DEFAULT NULL,
  `ref_client` varchar(50) DEFAULT NULL,
  `datec` datetime DEFAULT NULL,
  `datep` date DEFAULT NULL,
  `fin_validite` datetime DEFAULT NULL,
  `date_valid` datetime DEFAULT NULL,
  `date_cloture` datetime DEFAULT NULL,
  `fk_user_author` int(11) DEFAULT NULL,
  `fk_user_valid` int(11) DEFAULT NULL,
  `fk_user_cloture` int(11) DEFAULT NULL,
  `fk_statut` smallint(6) NOT NULL DEFAULT '0',
  `price` double DEFAULT '0',
  `remise_percent` double DEFAULT '0',
  `remise_absolue` double DEFAULT '0',
  `remise` double DEFAULT '0',
  `total_ht` double(24,8) DEFAULT '0.00000000',
  `tva` double(24,8) DEFAULT '0.00000000',
  `localtax1` double(24,8) DEFAULT '0.00000000',
  `localtax2` double(24,8) DEFAULT '0.00000000',
  `total` double(24,8) DEFAULT '0.00000000',
  `fk_cond_reglement` int(11) DEFAULT NULL,
  `fk_mode_reglement` int(11) DEFAULT NULL,
  `note` text,
  `note_public` text,
  `model_pdf` varchar(255) DEFAULT NULL,
  `date_livraison` date DEFAULT NULL,
  `fk_availability` int(11) DEFAULT NULL,
  `fk_adresse_livraison` int(11) DEFAULT NULL,
  `fk_demand_reason` int(11) DEFAULT '0',
  PRIMARY KEY (`rowid`),
  UNIQUE KEY `uk_propal_ref` (`ref`,`entity`),
  KEY `idx_propal_fk_soc` (`fk_soc`),
  CONSTRAINT `fk_propal_fk_soc` FOREIGN KEY (`fk_soc`) REFERENCES `llx_societe` (`rowid`)
) ENGINE=InnoDB AUTO_INCREMENT=55 DEFAULT CHARSET=utf8;

--
-- Dumping data for table `llx_propal`
--

INSERT INTO `llx_propal` VALUES (3,2,0,'2011-11-11 11:02:30','PR1108-0001',1,NULL,NULL,'','2011-08-05 09:14:33','2011-08-05','2011-08-20 12:00:00','2011-08-05 11:20:24','2011-11-11 12:02:29',3,3,3,4,0,NULL,NULL,0,2100.00000000,168.00000000,0.00000000,0.00000000,2268.00000000,1,2,'','Dans le cadre de la validation, les trois premiers mois sont facturé 700.- CHF HT, puis 400.- CHF HT jusqu\'à décision finale.','azur','2011-08-05',NULL,NULL,0),(4,23,0,'2012-02-09 07:36:20','PR1108-0002',1,NULL,NULL,'Prop. 2 machines','2011-08-22 11:42:51','2011-08-22','2011-12-31 12:00:00','2011-10-31 16:37:59','2012-02-09 08:36:20',3,3,3,3,0,NULL,NULL,0,53703.70000000,4296.30000000,0.00000000,0.00000000,58000.00000000,1,2,'','','azur',NULL,NULL,NULL,0),(5,1,0,'2011-11-02 07:48:47','PR1108-0003',1,NULL,NULL,'Charmey / Gruyère','2011-08-29 18:31:12','2011-08-29','2011-09-13 12:00:00','2011-08-29 18:46:16','2011-11-02 08:48:46',3,3,3,4,0,NULL,NULL,0,660.00000000,52.80000000,0.00000000,0.00000000,712.80000000,1,2,'','','azur',NULL,NULL,NULL,0),(6,7,0,'2011-11-02 07:48:35','PR1109-0004',1,NULL,NULL,'','2011-09-09 09:06:07','2011-09-09','2011-09-24 12:00:00','2011-09-15 16:19:17','2011-11-02 08:48:35',3,3,3,4,0,NULL,NULL,0,4000.00000000,320.00000000,0.00000000,0.00000000,4320.00000000,1,2,'','','azur','2011-09-09',NULL,NULL,0),(7,8,0,'2011-11-02 07:48:19','PR1110-0005',1,NULL,NULL,'Cleanea V3','2011-10-20 22:04:38','2011-10-20','2011-11-04 11:00:00','2011-10-20 22:25:36','2011-11-02 08:48:18',3,3,3,4,0,NULL,NULL,0,4909.83000000,392.79000000,0.00000000,0.00000000,5302.62000000,1,2,'','La présente proposition commerciale est uniquement valable dans le cadre d\'un futur partenariat avec l\'AIG. Cleanea ne consent nullement a effectuer des locations de ses machines.\r\n\r\nDans le cas ou, à la suite de la fin de période d\'essai de 6 mois, incluant le sel, la maintenance, et la garantie, l\'AIG décide de conserver la machine, les frais engagés seront déduits de la facture finale. Dans le cas contraire, l\'enlèvement de la machine sera facturé (mains d\'oeuvre et expédition ), en adjonction des sprays manquants.\r\n\r\nCette proposition est valable 15 jours.','azur',NULL,NULL,NULL,0),(8,1,0,'2013-09-11 15:15:54','PR1111-0006',1,NULL,NULL,'Charmey 1000Litres','2011-11-28 14:17:55','2011-11-28','2011-12-13 12:00:00','2011-12-14 17:26:17','2013-09-11 17:15:54',3,3,27,4,0,NULL,NULL,0,1374.67000000,109.97000000,0.00000000,0.00000000,1484.64000000,1,2,'','','azur',NULL,2,NULL,5),(9,85,0,'2012-04-02 09:57:20','PR1202-0007',1,NULL,NULL,'','2012-02-08 12:14:24','2012-02-08','2012-02-23 12:00:00','2012-04-02 11:55:29','2012-04-02 11:57:19',4,3,3,3,0,NULL,NULL,0,5357.65000000,428.61000000,0.00000000,0.00000000,5786.26000000,1,2,'','','azur',NULL,0,NULL,5),(10,8,0,'2012-02-28 14:44:19','PR1202-0008',1,NULL,NULL,'','2012-02-16 17:43:26','2012-02-16','2012-03-02 12:00:00','2012-02-17 13:45:04','2012-02-28 15:44:18',3,3,3,2,0,NULL,NULL,0,22078.64000000,1766.29000000,0.00000000,0.00000000,23844.93000000,1,2,'','','azur',NULL,1,NULL,5),(11,9,0,'2012-06-22 07:28:39','PR1202-0009',1,NULL,NULL,'','2012-02-21 08:38:03','2012-02-21','2012-03-07 12:00:00','2012-02-21 19:02:19','2012-06-22 09:28:39',3,3,3,4,0,NULL,NULL,0,26851.86000000,2148.15000000,0.00000000,0.00000000,29000.01000000,1,2,'','','azur',NULL,4,NULL,5),(13,6,0,'2012-08-31 07:23:14','PR1204-0010',1,NULL,NULL,'Electolyzer installation','2012-04-12 11:52:50','2012-04-12','2012-04-27 12:00:00','2012-04-12 12:00:38','2012-08-31 09:23:13',3,3,3,3,0,NULL,NULL,0,710.00000000,28.00000000,0.00000000,0.00000000,738.00000000,1,2,'','','azur',NULL,2,NULL,5),(14,9,0,'2012-07-06 16:35:21','PR1206-0011',1,NULL,NULL,'','2012-06-22 09:26:41','2012-06-22','2012-07-07 12:00:00','2012-06-22 12:51:38','2012-07-06 18:35:20',3,3,3,2,0,NULL,NULL,0,26851.85000000,2148.15000000,0.00000000,0.00000000,29000.00000000,1,2,'','','azur',NULL,4,NULL,5),(15,9,0,'2012-08-30 12:12:34','PR1206-0012',1,NULL,NULL,'','2012-06-22 09:33:23','2012-06-22','2012-07-07 12:00:00','2012-06-22 11:50:06','2012-08-30 14:12:34',3,3,3,3,0,NULL,NULL,0,9950.00000000,796.00000000,0.00000000,0.00000000,10746.00000000,1,2,'','','azur',NULL,4,NULL,5),(16,104,0,'2012-10-22 06:37:09','PR1207-0013',1,NULL,NULL,'','2012-07-17 15:09:27','2012-07-17','2012-08-01 15:09:27','2012-07-17 16:17:50','2012-10-22 08:37:09',3,3,3,3,0,NULL,NULL,0,5491.83000000,439.35000000,0.00000000,0.00000000,5931.18000000,0,0,'','La présente proposition commerciale est uniquement valable dans le cadre d\'un futur partenariat avec l\'Hôtel President Wilson. Cleanea ne consent nullement a effectuer des locations de ses machines.\r\n\r\nDans le cas ou, à la suite de la fin de période d\'essai de 6 mois, incluant le sel, la maintenance, et la garantie, l\'Hôtel Président décide de conserver la machine, les frais engagés seront déduits de la facture finale. Dans le cas contraire, l\'enlèvement de la machine sera facturé (mains d\'oeuvre et expédition ), en adjonction des sprays manquants.\r\n\r\nCette proposition est valable 15 jours.','azur',NULL,0,NULL,0),(18,6,0,'2012-09-21 11:28:51','PR1208-0014',1,NULL,NULL,'','2012-08-21 09:17:19','2012-08-21','2012-09-05 12:00:00','2012-08-21 09:35:22','2012-09-21 13:28:50',3,3,3,3,0,NULL,NULL,0,360.00000000,28.80000000,0.00000000,0.00000000,388.80000000,1,2,'Pas de retour du Client','Selon votre demande :\r\nFinalisation technique / branchement des cuves annexes','azur',NULL,1,NULL,5),(19,106,0,'2012-11-26 07:25:28','PR1208-0015',1,NULL,NULL,'','2012-08-23 09:46:58','2012-08-23','2012-09-07 12:00:00','2012-08-23 12:21:12','2012-11-26 08:25:26',3,3,3,3,0,NULL,NULL,0,21096.30000000,1687.70000000,0.00000000,0.00000000,22784.00000000,1,2,'','','azur',NULL,4,NULL,5),(20,9,0,'2012-10-22 06:38:06','PR1208-0016',1,NULL,NULL,'','2012-08-30 14:17:10','2012-08-30','2012-09-14 12:00:00','2012-08-30 14:19:46','2012-10-22 08:38:06',3,3,3,3,0,NULL,NULL,0,915.92000000,73.27000000,0.00000000,0.00000000,989.19000000,1,2,'','','azur',NULL,3,NULL,5),(22,9,0,'2013-09-11 15:14:54','PR1209-0018',1,NULL,NULL,'','2012-09-24 14:52:30','2012-09-24','2012-10-09 12:00:00','2012-09-24 17:09:42','2013-09-11 17:14:54',3,3,27,4,0,NULL,NULL,0,9287.00000000,742.96000000,0.00000000,0.00000000,10029.96000000,1,2,'','Proposition incluant :\r\n- Mise au norme de l\'installation\r\n- Deuxième visite de contrôle par technicien ','azur',NULL,4,NULL,5),(24,112,0,'2013-09-02 08:49:45','PR1210-0019',1,NULL,NULL,'','2012-10-25 09:13:39','2012-10-25','2012-11-09 11:00:00','2012-10-25 09:18:55','2013-09-02 10:49:45',3,3,27,3,0,NULL,NULL,0,5486.54000000,433.46000000,0.00000000,0.00000000,5920.00000000,1,2,'Claude Joye : (19/02/2013)\r\nRamené des bidons rouge depuis MPM Carouge, discuté avec Gérald Althaus\r\nVu Delphine Prélaz, gouvernante sur place\r\nVérifié avec la gouvernante Mme Oliveira le 27/08/2013 : C Joye avait juste laissé un bidon de 5 L de produit pour la moquette / pas de sprays : donc récupération inutile','La présente proposition commerciale est uniquement valable dans le cadre d\'un futur partenariat avec Kempinsky Hotels. Cleanea ne consent nullement a effectuer des locations de ses machines.\r\nDans le cas ou, à la suite de la fin de période d\'essai de 6 mois, incluant le sel, la maintenance, et la garantie, l\'Hôtel Kempinsky décide de conserver la machine, les frais engagés seront déduits de la facture finale. Dans le cas contraire, l\'enlèvement de la machine sera facturé (mains d\'oeuvre et expédition ), en adjonction des sprays manquants.','azur',NULL,4,NULL,5),(25,113,0,'2012-11-26 07:20:03','PR1211-0020',1,NULL,NULL,'','2012-11-01 15:42:36','2012-11-01','2012-11-16 12:00:00','2012-11-01 15:45:56','2012-11-26 08:20:01',3,3,3,3,0,NULL,NULL,0,78138.88000000,6251.11000000,0.00000000,0.00000000,84389.99000000,1,1,'Email recu par MTI','','azur',NULL,1,NULL,5),(27,1,0,'2013-08-21 07:07:17','PR1211-0021',1,NULL,NULL,'','2012-11-26 08:50:03','2012-11-26','2012-12-11 12:00:00','2012-11-27 15:28:14','2013-08-21 09:07:17',3,3,27,3,0,NULL,NULL,0,22166.67000000,1773.33000000,0.00000000,0.00000000,23940.00000000,1,1,'20/08/2013 : a été déçu du produit ; pour un nouvel investissement : attend de voir les résultats sur les choses en cours qui ne vont pas\r\n','Remplacement machine inondée CIO','azur',NULL,3,NULL,5),(28,113,0,'2013-09-11 15:15:07','PR1212-0022',1,NULL,NULL,'','2012-12-02 22:01:41','2012-12-02','2012-12-17 22:01:41','2012-12-14 15:17:55','2013-09-11 17:15:07',2,2,27,4,0,NULL,NULL,0,55485.00000000,4438.80000000,0.00000000,0.00000000,59923.80000000,1,1,'','','azur',NULL,1,NULL,5),(29,9,0,'2013-09-11 15:14:30','PR1212-0023',1,NULL,NULL,'','2012-12-20 09:55:26','2012-12-20','2013-01-04 12:00:00','2012-12-20 10:14:24','2013-09-11 17:14:30',21,21,27,4,0,NULL,NULL,0,347.00000000,5.92000000,0.00000000,0.00000000,352.92000000,1,2,'','','azur',NULL,0,NULL,0),(30,1,0,'2013-09-11 15:14:22','PR1212-0024',1,NULL,NULL,'','2012-12-20 10:16:06','2012-12-20','2013-01-04 12:00:00','2012-12-20 10:18:22','2013-09-11 17:14:22',21,21,27,4,0,NULL,NULL,0,347.00000000,5.92000000,0.00000000,0.00000000,352.92000000,1,0,'','','azur',NULL,0,NULL,0),(31,1,0,'2013-02-25 17:17:20','PR1301-0025',1,NULL,NULL,'','2013-01-17 12:44:33','2013-01-17','2013-02-01 12:00:00','2013-02-25 18:17:02','2013-02-25 18:17:15',2,2,2,3,0,NULL,NULL,0,3055.56000000,244.44000000,0.00000000,0.00000000,3300.00000000,1,2,'','','azur',NULL,2,NULL,0),(32,1,0,'2013-09-11 15:14:12','PR1301-0026',1,NULL,NULL,'','2013-01-17 12:48:59','2013-01-17','2013-02-01 12:00:00','2013-01-29 18:43:12','2013-09-11 17:14:12',2,2,27,4,0,NULL,NULL,0,2748.60000000,219.89000000,0.00000000,0.00000000,2968.49000000,1,2,'','','azur',NULL,1,NULL,0),(35,1,0,'2013-09-11 15:14:03','PR1302-0028',1,NULL,NULL,'','2013-02-08 13:50:21','2013-02-08','2013-02-23 12:00:00','2013-02-08 14:02:26','2013-09-11 17:14:03',2,2,27,4,0,NULL,NULL,0,1500.00000000,120.00000000,0.00000000,0.00000000,1620.00000000,1,0,'','Remise en état de la machine du CIO \r\nVu à MOUDON le 1er février par Alexandre DECAMPS\r\nIntervention à prévoir lors de la mise en place de la machine sur le site utilisateur.\r\nDélai d\'intervention avant 2 semaines.','azur',NULL,0,NULL,0),(36,113,0,'2013-09-02 08:50:36','PR1302-0029',1,NULL,NULL,'','2013-02-26 10:49:12','2013-02-26','2013-03-13 12:00:00','2013-02-26 11:59:44','2013-09-02 10:50:36',15,15,27,3,0,NULL,NULL,0,2479.00000000,198.32000000,0.00000000,0.00000000,2677.32000000,1,0,'Pas de volonté d\\\'une autre cuve pour le moment.','','azur',NULL,0,NULL,0),(37,1,0,'2013-06-05 15:31:17','PR1303-0030',1,NULL,NULL,'','2013-03-14 18:17:20','2013-03-14','2013-03-29 12:00:00','2013-03-14 19:29:05','2013-06-05 17:31:13',15,2,27,3,0,NULL,NULL,0,12200.00000000,976.00000000,0.00000000,0.00000000,13176.00000000,1,0,'voulait une machine\r\nn\\\'en veut plus finalement\r\ncf JCP','Paiement 30 % à la commande','azur',NULL,0,NULL,0),(38,113,0,'2013-03-26 14:28:42','PR1303-0031',1,NULL,NULL,'','2013-03-26 15:24:49','2013-03-26','2013-04-10 16:24:49',NULL,NULL,21,NULL,NULL,0,0,NULL,NULL,0,218.40000000,17.46000000,0.00000000,0.00000000,235.86000000,1,1,'Email recu par MTI','','azur',NULL,1,NULL,5),(39,113,0,'2013-09-11 15:13:13','PR1303-0032',1,NULL,NULL,'','2013-03-28 14:00:47','2013-03-28','2013-04-12 15:00:47','2013-04-03 10:52:03','2013-09-11 17:13:13',2,2,27,4,0,NULL,NULL,0,19702.00000000,1502.00000000,0.00000000,0.00000000,21204.00000000,1,1,'','Suivant demande du 25 mars de Monsieur Alban MERENDOL\r\nSite Migros, Canton de Vaud\r\nDélai : pose avant le 1er mai avec commande avant le 6 avril','azur',NULL,1,NULL,5),(42,124,0,'2013-09-11 15:12:51','PR1306-0035',1,NULL,NULL,'','2013-06-18 14:44:51','2013-06-18','2013-07-03 12:00:00','2013-06-18 14:45:50','2013-09-11 17:12:51',27,27,27,4,0,NULL,NULL,0,1390.50000000,0.00000000,0.00000000,0.00000000,1390.50000000,3,0,'','','azur',NULL,4,NULL,0),(45,31,0,'2013-09-11 15:12:13','PR1306-0036',1,NULL,NULL,'','2013-06-24 10:23:26','2013-06-24','2013-07-09 12:00:00','2013-06-24 10:25:14','2013-09-11 17:12:13',27,27,27,4,0,NULL,NULL,0,40.97000000,3.28000000,0.00000000,0.00000000,44.25000000,3,0,'','Livraison des sprays avec facture lors de la prochaine visite\r\nEn main propres','azur',NULL,0,NULL,0),(46,82,0,'2013-08-16 07:18:02','PR1307-0037',1,NULL,NULL,'','2013-07-26 15:48:53','2013-07-26','2013-08-10 12:00:00','2013-07-29 16:05:25','2013-08-16 09:18:02',27,27,27,2,0,NULL,NULL,0,1450.00000000,116.00000000,0.00000000,0.00000000,1566.00000000,3,0,'','','azur',NULL,2,NULL,0),(47,35,0,'2013-08-13 17:18:16','PR1308-0038',1,NULL,NULL,'','2013-08-13 19:12:34','2013-08-13','2013-08-28 12:00:00','2013-08-13 19:18:16',NULL,27,27,NULL,1,0,NULL,NULL,0,24200.00000000,1936.00000000,0.00000000,0.00000000,26136.00000000,1,2,'','Les deux pulvérisateurs ont été remis en mains propres ce jour, pour tester l\'utilisation des produits.','azur',NULL,0,NULL,5),(48,133,0,'2013-08-15 07:20:31','PR1308-0039',1,NULL,NULL,'','2013-08-15 09:18:05','2013-08-15','2013-08-30 12:00:00','2013-08-15 09:20:31',NULL,27,27,NULL,1,0,NULL,NULL,0,20702.00000000,1644.00000000,0.00000000,0.00000000,22346.00000000,1,0,'','','azur',NULL,0,NULL,0),(49,1,0,'2013-09-11 15:11:41','PR1308-0040',1,NULL,NULL,'','2013-08-19 14:50:54','2013-08-19','2013-09-03 12:00:00','2013-08-20 15:14:38','2013-09-11 17:11:41',27,27,27,4,0,NULL,NULL,0,152.00000000,12.16000000,0.00000000,0.00000000,164.16000000,3,0,'','','azur',NULL,2,NULL,0),(50,103,0,'2013-08-23 13:38:23','PR1308-0041',1,NULL,NULL,'','2013-08-23 15:24:43','2013-08-23','2013-09-07 12:00:00','2013-08-23 15:38:23',NULL,27,27,NULL,1,0,NULL,NULL,0,350.00000000,28.00000000,0.00000000,0.00000000,378.00000000,1,2,'','L\'installation provisoire sera utile dans un cadre de tests in situ de lavages via la machine à laver Miele Professional PW6101.\r\nLes cuves fournies feront l\'objet de remplissage par bidons avant discussions pour l\'installation définitive d\'un système le plus adéquat possible à la situation et aux résultats des tests.\r\nLe montant sera déduit du montant final de l\'installation définitive mise en place. A défaut, le montant sera facturé.\r\nLa mise à disposition est de 10 jours à compter de l\'installation du système complet.','azur',NULL,0,NULL,0),(51,137,0,'2013-09-02 07:42:33','PR1309-0042',1,NULL,NULL,'','2013-09-02 09:34:34','2013-09-02','2013-09-17 12:00:00','2013-09-02 09:42:33',NULL,27,27,NULL,1,0,NULL,NULL,0,20702.00000000,1656.16000000,0.00000000,0.00000000,22358.16000000,1,0,'','','azur',NULL,0,NULL,0),(52,4,0,'2013-09-05 14:58:55','PR1309-0043',1,NULL,NULL,'','2013-09-03 09:03:38','2013-09-03','2013-09-18 12:00:00','2013-09-03 17:44:47',NULL,27,27,NULL,0,0,NULL,NULL,0,350.00000000,28.00000000,0.00000000,0.00000000,378.00000000,1,0,'','','azur',NULL,3,NULL,0),(53,82,0,'2013-09-18 09:39:48','PR1309-0044',1,NULL,NULL,'','2013-09-10 15:19:53','2013-09-10','2013-09-25 12:00:00','2013-09-10 15:24:06','2013-09-18 11:39:48',27,27,27,2,0,NULL,NULL,0,150.00000000,12.00000000,0.00000000,0.00000000,162.00000000,1,0,'','','azur',NULL,2,NULL,0),(54,82,0,'2013-09-18 09:40:44','PR1309-0045',1,NULL,NULL,'','2013-09-10 15:24:55','2013-09-10','2013-09-25 12:00:00','2013-09-10 15:27:48','2013-09-18 11:40:44',27,27,27,3,0,NULL,NULL,0,360.00000000,28.80000000,0.00000000,0.00000000,388.80000000,1,0,'','','azur',NULL,0,NULL,0);

--
-- Table structure for table `llx_propaldet`
--

CREATE TABLE `llx_propaldet` (
  `rowid` int(11) NOT NULL AUTO_INCREMENT,
  `fk_propal` int(11) DEFAULT NULL,
  `fk_parent_line` int(11) DEFAULT NULL,
  `fk_product` int(11) DEFAULT NULL,
  `description` text,
  `fk_remise_except` int(11) DEFAULT NULL,
  `tva_tx` double(6,3) DEFAULT '0.000',
  `localtax1_tx` double(6,3) DEFAULT '0.000',
  `localtax2_tx` double(6,3) DEFAULT '0.000',
  `qty` double DEFAULT NULL,
  `remise_percent` double DEFAULT '0',
  `remise` double DEFAULT '0',
  `price` double DEFAULT NULL,
  `subprice` double(24,8) DEFAULT '0.00000000',
  `total_ht` double(24,8) DEFAULT '0.00000000',
  `total_tva` double(24,8) DEFAULT '0.00000000',
  `total_localtax1` double(24,8) DEFAULT '0.00000000',
  `total_localtax2` double(24,8) DEFAULT '0.00000000',
  `total_ttc` double(24,8) DEFAULT '0.00000000',
  `product_type` int(11) DEFAULT '0',
  `date_start` datetime DEFAULT NULL,
  `date_end` datetime DEFAULT NULL,
  `info_bits` int(11) DEFAULT '0',
  `pa_ht` double(24,8) DEFAULT '0.00000000',
  `marge_tx` double(6,3) DEFAULT '0.000',
  `marque_tx` double(6,3) DEFAULT '0.000',
  `special_code` int(10) unsigned DEFAULT '0',
  `rang` int(11) DEFAULT '0',
  PRIMARY KEY (`rowid`),
  KEY `idx_propaldet_fk_propal` (`fk_propal`),
  KEY `idx_propaldet_fk_product` (`fk_product`),
  CONSTRAINT `fk_propaldet_fk_propal` FOREIGN KEY (`fk_propal`) REFERENCES `llx_propal` (`rowid`)
) ENGINE=InnoDB AUTO_INCREMENT=159 DEFAULT CHARSET=utf8;

--
-- Dumping data for table `llx_propaldet`
--

INSERT INTO `llx_propaldet` VALUES (1,3,NULL,NULL,'Installation Machine Cleanea V3 Europa avec Maintenance (3 mois)',NULL,8.000,0.000,0.000,3,0,0,NULL,700.00000000,2100.00000000,168.00000000,0.00000000,0.00000000,2268.00000000,0,NULL,NULL,0,0.00000000,NULL,NULL,0,1),(2,4,NULL,14,'&nbsp;Machine Cleanea&copy; / V3 Swiss Pack<br />Garantie, maintenance, consommable (sel), pi&egrave;ces et mains-d\'oeuvre inclus / 3 Ans',NULL,8.000,0.000,0.000,2,0,0,NULL,26851.85185000,53703.70000000,4296.30000000,0.00000000,0.00000000,58000.00000000,0,NULL,NULL,0,0.00000000,NULL,NULL,0,1),(3,5,NULL,NULL,'Cuve en colonne murale 300 Litres\r\n- largeur : 580mm\r\n- profondeur : 370 mm\r\n- hauteur : 1820 mm\r\n- poids : 16 kg\r\n- Couleur Sable\r\n- Volume d\'eau : 300L ',NULL,8.000,0.000,0.000,2,0,0,165,165.00000000,330.00000000,26.40000000,0.00000000,0.00000000,356.40000000,0,NULL,NULL,0,0.00000000,NULL,NULL,0,1),(4,5,NULL,7,'',NULL,8.000,0.000,0.000,3,0,0,NULL,83.33333000,250.00000000,20.00000000,0.00000000,0.00000000,270.00000000,1,NULL,NULL,0,0.00000000,NULL,NULL,0,2),(5,5,NULL,NULL,'Kit de couplage de cuves\r\nDimensions :\r\n- Longueur : 25 cm\r\n- Diamètre : 1\" (32 mm)',NULL,8.000,0.000,0.000,2,0,0,NULL,40.00000000,80.00000000,6.40000000,0.00000000,0.00000000,86.40000000,0,NULL,NULL,0,0.00000000,NULL,NULL,0,3),(6,6,NULL,5,'Spray Bleu d&eacute;graissant&nbsp;',NULL,8.000,0.000,0.000,70,0,0,NULL,2.73000000,191.10000000,15.29000000,0.00000000,0.00000000,206.39000000,0,NULL,NULL,0,0.00000000,NULL,NULL,0,1),(7,6,NULL,4,'&nbsp;Spray Rouge d&eacute;sinfectant',NULL,8.000,0.000,0.000,70,0,0,NULL,2.73000000,191.10000000,15.29000000,0.00000000,0.00000000,206.39000000,0,NULL,NULL,0,0.00000000,NULL,NULL,0,2),(8,6,NULL,NULL,'Pose / Installation / suivit / Sel / Barette test / Formation sur Machine Cleanea V1.1 / ',NULL,8.000,0.000,0.000,1,0,0,3617.8,3617.80000000,3617.80000000,289.42000000,0.00000000,0.00000000,3907.22000000,0,NULL,NULL,0,0.00000000,NULL,NULL,0,3),(9,7,NULL,20,'',NULL,8.000,0.000,0.000,6,0,0,690,690.00000000,4140.00000000,331.20000000,0.00000000,0.00000000,4471.20000000,0,NULL,NULL,0,0.00000000,NULL,NULL,0,1),(10,7,NULL,17,'',NULL,8.000,0.000,0.000,25,0,0,2.73,2.73000000,68.25000000,5.46000000,0.00000000,0.00000000,73.71000000,0,NULL,NULL,0,0.00000000,NULL,NULL,0,2),(11,7,NULL,18,'',NULL,8.000,0.000,0.000,25,0,0,2.73,2.73000000,68.25000000,5.46000000,0.00000000,0.00000000,73.71000000,0,NULL,NULL,0,0.00000000,NULL,NULL,0,3),(12,7,NULL,7,'Installation Machine / 4h Technicien Cleanea',NULL,8.000,0.000,0.000,4,0,0,NULL,83.33333000,333.33000000,26.67000000,0.00000000,0.00000000,360.00000000,1,NULL,NULL,0,0.00000000,NULL,NULL,0,4),(13,7,NULL,NULL,'Livraison Deutsche Bahn',NULL,8.000,0.000,0.000,1,0,0,NULL,300.00000000,300.00000000,24.00000000,0.00000000,0.00000000,324.00000000,1,NULL,NULL,0,0.00000000,NULL,NULL,0,5),(14,8,NULL,NULL,'Cuves 1000 Litres / renforcées ',NULL,8.000,0.000,0.000,2,0,0,NULL,300.00000000,600.00000000,48.00000000,0.00000000,0.00000000,648.00000000,0,NULL,NULL,0,0.00000000,NULL,NULL,0,1),(15,8,NULL,7,'5 heures offertes en sus',NULL,8.000,0.000,0.000,5,0,0,83.33333,83.33333000,416.67000000,33.33000000,0.00000000,0.00000000,450.00000000,1,NULL,NULL,0,0.00000000,0.000,0.000,0,2),(16,8,NULL,NULL,'Vanne 3 voies T / inox 3/4 ',NULL,8.000,0.000,0.000,1,0,0,NULL,300.00000000,300.00000000,24.00000000,0.00000000,0.00000000,324.00000000,0,NULL,NULL,0,0.00000000,NULL,NULL,0,3),(17,8,NULL,NULL,'Raccord 3/4 Male Male',NULL,8.000,0.000,0.000,5,0,0,NULL,6.00000000,30.00000000,2.40000000,0.00000000,0.00000000,32.40000000,0,NULL,NULL,0,0.00000000,NULL,NULL,0,4),(18,8,NULL,NULL,'Tuyaux renforcé 17 mm',NULL,8.000,0.000,0.000,1,0,0,NULL,10.00000000,10.00000000,0.80000000,0.00000000,0.00000000,10.80000000,0,NULL,NULL,0,0.00000000,NULL,NULL,0,5),(19,8,NULL,NULL,'Collet 17 mm / inox',NULL,8.000,0.000,0.000,6,0,0,NULL,3.00000000,18.00000000,1.44000000,0.00000000,0.00000000,19.44000000,0,NULL,NULL,0,0.00000000,NULL,NULL,0,6),(21,9,NULL,20,'',NULL,8.000,0.000,0.000,6,0,0,786.11111,786.11111000,4716.67000000,377.33000000,0.00000000,0.00000000,5094.00000000,0,NULL,NULL,0,0.00000000,0.000,0.000,0,1),(23,9,NULL,5,'Spray Bleu d&eacute;graissant&nbsp;',NULL,8.000,0.000,0.000,25,0,0,NULL,2.73000000,68.25000000,5.46000000,0.00000000,0.00000000,73.71000000,0,NULL,NULL,0,0.00000000,NULL,NULL,0,2),(24,9,NULL,4,'&nbsp;Spray Rouge d&eacute;sinfectant',NULL,8.000,0.000,0.000,1,0,0,NULL,2.73000000,2.73000000,0.22000000,0.00000000,0.00000000,2.95000000,0,NULL,NULL,0,0.00000000,NULL,NULL,0,3),(25,9,NULL,NULL,'Lieferung DB / Schenker',NULL,8.000,0.000,0.000,1,0,0,NULL,300.00000000,300.00000000,24.00000000,0.00000000,0.00000000,324.00000000,1,NULL,NULL,0,0.00000000,NULL,NULL,0,4),(26,9,NULL,11,'Installation der Maschine',NULL,8.000,0.000,0.000,3,0,0,90,90.00000000,270.00000000,21.60000000,0.00000000,0.00000000,291.60000000,1,NULL,NULL,0,0.00000000,0.000,0.000,0,5),(27,9,NULL,NULL,'Schulung inklusive',NULL,0.000,0.000,0.000,3,0,0,NULL,NULL,0.00000000,0.00000000,0.00000000,0.00000000,0.00000000,1,NULL,NULL,0,0.00000000,NULL,NULL,0,6),(28,10,NULL,14,' Machine Cleanea© / V3 Swiss Pack<br />Garantie, maintenance, consommable (sel), pièces et mains-d\'oeuvre inclus / 3 Ans',NULL,8.000,0.000,0.000,1,0,0,26852,26852.00000000,26852.00000000,2148.16000000,0.00000000,0.00000000,29000.16000000,0,NULL,NULL,0,0.00000000,0.000,0.000,0,1),(29,10,NULL,7,'Débours',NULL,8.000,0.000,0.000,-4,0,0,83.34,83.34000000,-333.36000000,-26.67000000,0.00000000,0.00000000,-360.03000000,1,NULL,NULL,0,0.00000000,0.000,0.000,0,2),(30,10,NULL,NULL,'1012 - Location Système Electrolyse V3 Modèle Europa / Débours',NULL,8.000,0.000,0.000,-6,0,0,690,690.00000000,-4140.00000000,-331.20000000,0.00000000,0.00000000,-4471.20000000,1,NULL,NULL,0,0.00000000,0.000,0.000,0,3),(31,10,NULL,NULL,'Livraison Deutsche Bahn / Débours',NULL,8.000,0.000,0.000,-1,0,0,300,300.00000000,-300.00000000,-24.00000000,0.00000000,0.00000000,-324.00000000,1,NULL,NULL,0,0.00000000,0.000,0.000,0,4),(32,11,NULL,14,' Machine Cleanea© / V3 Swiss Pack\r\nGarantie, maintenance, consommable (sel), pièces et mains-d\'oeuvre, transport et formation (référent d\'entreprise) inclus / 3 Ans',NULL,8.000,0.000,0.000,1,0,0,26851.86,26851.86000000,26851.86000000,2148.15000000,0.00000000,0.00000000,29000.01000000,0,NULL,NULL,0,0.00000000,0.000,0.000,0,1),(33,11,NULL,11,'Installation Machine <br />\r\ninclus',NULL,8.000,0.000,0.000,5,100,90,0,90.00000000,0.00000000,0.00000000,0.00000000,0.00000000,0.00000000,1,NULL,NULL,0,0.00000000,0.000,0.000,0,2),(34,11,NULL,NULL,'Transport / Deutsche Bahn Schenker ',NULL,8.000,0.000,0.000,1,100,300,0,300.00000000,0.00000000,0.00000000,0.00000000,0.00000000,0.00000000,1,NULL,NULL,0,0.00000000,0.000,0.000,0,3),(35,11,NULL,NULL,'Formation d\'équipe ou d\'un référent / 3 jours (sur le premier mois) / inclus',NULL,0.000,0.000,0.000,1,0,0,NULL,NULL,0.00000000,0.00000000,0.00000000,0.00000000,0.00000000,1,NULL,NULL,0,0.00000000,NULL,NULL,0,4),(36,11,NULL,4,' Spray Rouge désinfectant<br />',NULL,8.000,0.000,0.000,50,100,2.74,0,2.74000000,0.00000000,0.00000000,0.00000000,0.00000000,0.00000000,0,NULL,NULL,0,0.00000000,0.000,0.000,0,5),(37,11,NULL,5,'Spray Bleu dégraissant <br />',NULL,8.000,0.000,0.000,50,100,2.74,0,2.74000000,0.00000000,0.00000000,0.00000000,0.00000000,0.00000000,0,NULL,NULL,0,0.00000000,0.000,0.000,0,6),(45,13,NULL,7,'',NULL,0.000,0.000,0.000,4,0,0,NULL,90.00000000,360.00000000,0.00000000,0.00000000,0.00000000,360.00000000,1,NULL,NULL,0,0.00000000,NULL,NULL,0,1),(46,13,NULL,NULL,'importation Logistique / Dédouanement / TVA',NULL,8.000,0.000,0.000,1,0,0,350,350.00000000,350.00000000,28.00000000,0.00000000,0.00000000,378.00000000,1,NULL,NULL,0,0.00000000,0.000,0.000,0,2),(47,14,NULL,127,'&nbsp;Machine Cleanea&copy; / V4 Swiss Pack<br />\r\nGarantie, maintenance, consommable (sel), pi&egrave;ces et mains-d&#39;oeuvre inclus / 3 Ans',NULL,8.000,0.000,0.000,1,0,0,NULL,26851.85185000,26851.85000000,2148.15000000,0.00000000,0.00000000,29000.00000000,0,NULL,NULL,0,0.00000000,NULL,NULL,0,1),(48,15,NULL,NULL,'Cleanea V3 modèle Europa offre de reprise',NULL,8.000,0.000,0.000,-1,0,0,10900,10900.00000000,-10900.00000000,-872.00000000,0.00000000,0.00000000,-11772.00000000,0,NULL,NULL,0,0.00000000,0.000,0.000,0,1),(49,15,NULL,128,'Machine Cleanea V4 Simple&nbsp;',NULL,8.000,0.000,0.000,1,0,0,NULL,20550.00000000,20550.00000000,1644.00000000,0.00000000,0.00000000,22194.00000000,0,NULL,NULL,0,0.00000000,NULL,NULL,0,2),(50,15,NULL,13,'Maintenance Swiss Pack inclus 3 ans / A partir de la première installation',NULL,8.000,0.000,0.000,1,0,0,0,0.00000000,0.00000000,0.00000000,0.00000000,0.00000000,0.00000000,1,NULL,NULL,0,0.00000000,0.000,0.000,0,3),(51,15,NULL,11,'Installation Machine&nbsp;',NULL,8.000,0.000,0.000,1,0,0,NULL,NULL,0.00000000,0.00000000,0.00000000,0.00000000,0.00000000,1,NULL,NULL,0,0.00000000,NULL,NULL,0,4),(52,15,NULL,NULL,'Transport reprise machine',NULL,8.000,0.000,0.000,1,0,0,NULL,300.00000000,300.00000000,24.00000000,0.00000000,0.00000000,324.00000000,1,NULL,NULL,0,0.00000000,NULL,NULL,0,5),(53,14,NULL,NULL,'Transport',NULL,8.000,0.000,0.000,1,100,300,0,300.00000000,0.00000000,0.00000000,0.00000000,0.00000000,0.00000000,1,NULL,NULL,0,0.00000000,0.000,0.000,0,2),(54,14,NULL,11,'Installation Machine ',NULL,8.000,0.000,0.000,1,100,0,0,0.00000000,0.00000000,0.00000000,0.00000000,0.00000000,0.00000000,1,NULL,NULL,0,0.00000000,0.000,0.000,0,3),(55,14,NULL,NULL,'Formation in situ',NULL,8.000,0.000,0.000,1,100,0,NULL,1000.00000000,0.00000000,0.00000000,0.00000000,0.00000000,0.00000000,1,NULL,NULL,0,0.00000000,NULL,NULL,0,4),(56,14,NULL,23,'',NULL,0.000,0.000,0.000,3,100,0,0,0.00000000,0.00000000,0.00000000,0.00000000,0.00000000,0.00000000,1,NULL,NULL,0,0.00000000,0.000,0.000,0,5),(57,16,NULL,20,'',NULL,8.000,0.000,0.000,6,0,0,787,787.00000000,4722.00000000,377.76000000,0.00000000,0.00000000,5099.76000000,0,NULL,NULL,0,0.00000000,0.000,0.000,0,1),(58,16,NULL,17,'',NULL,8.000,0.000,0.000,25,0,0,NULL,2.73000000,68.25000000,5.46000000,0.00000000,0.00000000,73.71000000,0,NULL,NULL,0,0.00000000,NULL,NULL,0,2),(59,16,NULL,18,'',NULL,8.000,0.000,0.000,25,0,0,NULL,2.73000000,68.25000000,5.46000000,0.00000000,0.00000000,73.71000000,0,NULL,NULL,0,0.00000000,NULL,NULL,0,3),(60,16,NULL,7,'Installation Machine / 4h Technicien Cleanea',NULL,8.000,0.000,0.000,4,0,0,NULL,83.33333000,333.33000000,26.67000000,0.00000000,0.00000000,360.00000000,1,NULL,NULL,0,0.00000000,NULL,NULL,0,4),(61,16,NULL,NULL,'Livraison Deutsche Bahn',NULL,8.000,0.000,0.000,1,0,0,NULL,300.00000000,300.00000000,24.00000000,0.00000000,0.00000000,324.00000000,1,NULL,NULL,0,0.00000000,NULL,NULL,0,5),(62,18,NULL,7,'Trajet et Mains d\'oeuvre inclus',NULL,8.000,0.000,0.000,4,0,0,90,90.00000000,360.00000000,28.80000000,0.00000000,0.00000000,388.80000000,1,NULL,NULL,0,0.00000000,0.000,0.000,0,1),(63,19,NULL,128,'Machine Cleanea V4 Simple&nbsp;',NULL,8.000,0.000,0.000,1,0,0,NULL,20550.00000000,20550.00000000,1644.00000000,0.00000000,0.00000000,22194.00000000,0,NULL,NULL,0,0.00000000,NULL,NULL,0,1),(64,19,NULL,4,'&nbsp;Spray Rouge d&eacute;sinfectant',NULL,8.000,0.000,0.000,100,0,0,NULL,2.73148000,273.15000000,21.85000000,0.00000000,0.00000000,295.00000000,0,NULL,NULL,0,0.00000000,NULL,NULL,0,2),(65,19,NULL,5,'Spray Bleu d&eacute;graissant&nbsp;',NULL,8.000,0.000,0.000,100,0,0,NULL,2.73148000,273.15000000,21.85000000,0.00000000,0.00000000,295.00000000,0,NULL,NULL,0,0.00000000,NULL,NULL,0,3),(66,20,NULL,NULL,'Reservoir kit 2x120 Litres',NULL,8.000,0.000,0.000,1,0,0,NULL,749.25000000,749.25000000,59.94000000,0.00000000,0.00000000,809.19000000,0,NULL,NULL,0,0.00000000,NULL,NULL,0,1),(67,20,NULL,7,'',NULL,8.000,0.000,0.000,2,0,0,NULL,83.33333000,166.67000000,13.33000000,0.00000000,0.00000000,180.00000000,1,NULL,NULL,0,0.00000000,NULL,NULL,0,2),(68,22,NULL,NULL,'Pompe Centrifuge Produit Chimique / Corrosif\r\n220V - 370W - Debit Max : 50L/ min Pmax 1.8 bars - Corps PPH',NULL,8.000,0.000,0.000,2,0,0,1900,1900.00000000,3800.00000000,304.00000000,0.00000000,0.00000000,4104.00000000,0,NULL,NULL,0,0.00000000,0.000,0.000,0,1),(69,22,NULL,NULL,'Armoire Basse Plastique / Hébergement pompe',NULL,8.000,0.000,0.000,1,0,0,NULL,200.00000000,200.00000000,16.00000000,0.00000000,0.00000000,216.00000000,0,NULL,NULL,0,0.00000000,NULL,NULL,0,2),(70,22,NULL,NULL,'Module de coupure automatique de pompe (monté/testé)\r\nPressiostat réglé 2 bars',NULL,8.000,0.000,0.000,2,0,0,NULL,212.00000000,424.00000000,33.92000000,0.00000000,0.00000000,457.92000000,0,NULL,NULL,0,0.00000000,NULL,NULL,0,3),(71,22,NULL,NULL,'Fournitures électriques / Cablage Pompe, Pressiostat...)',NULL,8.000,0.000,0.000,2,0,0,NULL,20.00000000,40.00000000,3.20000000,0.00000000,0.00000000,43.20000000,0,NULL,NULL,0,0.00000000,NULL,NULL,0,4),(72,22,NULL,NULL,'Vannes 3 voies F1 1/4\" en polypro noir\r\nFixation par vis inox H8-20 fournies',NULL,8.000,0.000,0.000,4,0,0,NULL,65.00000000,260.00000000,20.80000000,0.00000000,0.00000000,280.80000000,0,NULL,NULL,0,0.00000000,NULL,NULL,0,5),(73,22,NULL,NULL,'Circuit Hydraulique de rinçage (tuyaux, raccords, colliers inox..)',NULL,8.000,0.000,0.000,1,0,0,NULL,553.00000000,553.00000000,44.24000000,0.00000000,0.00000000,597.24000000,0,NULL,NULL,0,0.00000000,NULL,NULL,0,6),(74,22,NULL,NULL,'Centrale régulation pompes en fonction du niveau de produit',NULL,8.000,0.000,0.000,2,0,0,NULL,143.00000000,286.00000000,22.88000000,0.00000000,0.00000000,308.88000000,0,NULL,NULL,0,0.00000000,NULL,NULL,0,7),(75,22,NULL,NULL,'Mains d\'oeuvre de préparation ',NULL,8.000,0.000,0.000,3.5,0,0,50,50.00000000,175.00000000,14.00000000,0.00000000,0.00000000,189.00000000,0,NULL,NULL,0,0.00000000,0.000,0.000,0,8),(76,22,NULL,NULL,'Logistique / transport / mise en service / transfert V4',NULL,8.000,0.000,0.000,2,0,0,NULL,450.00000000,900.00000000,72.00000000,0.00000000,0.00000000,972.00000000,1,NULL,NULL,0,0.00000000,NULL,NULL,0,9),(77,22,NULL,NULL,'Mains d\'oeuvre \"on site\" (deux employés) / contre visite incluse',NULL,8.000,0.000,0.000,16,0,0,90,90.00000000,1440.00000000,115.20000000,0.00000000,0.00000000,1555.20000000,1,NULL,NULL,0,0.00000000,0.000,0.000,0,10),(78,22,NULL,NULL,'Reservoir monobloc en PE Blanc (alimentaire)  / 350 Litres \r\nDim. 99 x 52 x 75 cm\r\n',NULL,8.000,0.000,0.000,2,0,0,507,507.00000000,1014.00000000,81.12000000,0.00000000,0.00000000,1095.12000000,0,NULL,NULL,0,0.00000000,0.000,0.000,0,11),(79,22,NULL,NULL,'Platine support de vanne 70 x 80 inox',NULL,8.000,0.000,0.000,1,0,0,NULL,195.00000000,195.00000000,15.60000000,0.00000000,0.00000000,210.60000000,0,NULL,NULL,0,0.00000000,NULL,NULL,0,12),(81,24,NULL,20,'',NULL,8.000,0.000,0.000,6,0,0,NULL,786.11111000,4716.67000000,377.33000000,0.00000000,0.00000000,5094.00000000,0,NULL,NULL,0,0.00000000,NULL,NULL,0,1),(82,24,NULL,4,'&nbsp;Spray Rouge d&eacute;sinfectant',NULL,8.000,0.000,0.000,25,0,0,NULL,2.73148000,68.29000000,5.46000000,0.00000000,0.00000000,73.75000000,0,NULL,NULL,0,0.00000000,NULL,NULL,0,2),(83,24,NULL,18,'',NULL,0.000,0.000,0.000,25,0,0,NULL,2.73000000,68.25000000,0.00000000,0.00000000,0.00000000,68.25000000,0,NULL,NULL,0,0.00000000,NULL,NULL,0,3),(84,24,NULL,7,'',NULL,8.000,0.000,0.000,4,0,0,NULL,83.33333000,333.33000000,26.67000000,0.00000000,0.00000000,360.00000000,1,NULL,NULL,0,0.00000000,NULL,NULL,0,4),(85,24,NULL,NULL,'Livraison Deutsche Bahn Schenker ',NULL,8.000,0.000,0.000,1,0,0,NULL,300.00000000,300.00000000,24.00000000,0.00000000,0.00000000,324.00000000,1,NULL,NULL,0,0.00000000,NULL,NULL,0,5),(86,25,NULL,127,' Machine Cleanea© / V4 Swiss Pack<br />\r\nGarantie, maintenance, consommable (sel), pièces et mains-d\'oeuvre inclus / 3 Ans',NULL,8.000,0.000,0.000,3,3,805.56,26046.29,26851.85000000,78138.88000000,6251.11000000,0.00000000,0.00000000,84389.99000000,0,NULL,NULL,0,0.00000000,0.000,0.000,0,1),(87,25,NULL,5,'Spray Bleu dégraissant ',NULL,8.000,0.000,0.000,50,100,2.73,0,2.73000000,0.00000000,0.00000000,0.00000000,0.00000000,0.00000000,0,NULL,NULL,0,0.00000000,0.000,0.000,0,2),(88,25,NULL,4,' Spray Rouge désinfectant',NULL,8.000,0.000,0.000,50,100,2.73,0,2.73000000,0.00000000,0.00000000,0.00000000,0.00000000,0.00000000,0,NULL,NULL,0,0.00000000,0.000,0.000,0,3),(92,27,NULL,NULL,'Machine Cleanea  Europa V3-1007 / inondée',NULL,8.000,0.000,0.000,1,0,0,NULL,-2000.00000000,-2000.00000000,-160.00000000,0.00000000,0.00000000,-2160.00000000,0,NULL,NULL,0,0.00000000,NULL,NULL,0,1),(93,27,NULL,127,'&nbsp;Machine Cleanea&copy; / V4 Swiss Pack<br />\r\nGarantie, maintenance, consommable (sel), pi&egrave;ces et mains-d&#39;oeuvre inclus / 3 Ans',NULL,8.000,0.000,0.000,1,10,0,NULL,26851.85185000,24166.67000000,1933.33000000,0.00000000,0.00000000,26100.00000000,0,NULL,NULL,0,0.00000000,NULL,NULL,0,2),(95,28,NULL,5,'Spray Bleu dégraissant ',NULL,8.000,0.000,0.000,50,100,0,NULL,2.73000000,0.00000000,0.00000000,0.00000000,0.00000000,0.00000000,0,NULL,NULL,0,0.00000000,NULL,NULL,0,2),(96,28,NULL,4,' Spray Rouge désinfectant',NULL,8.000,0.000,0.000,50,100,0,NULL,2.73000000,0.00000000,0.00000000,0.00000000,0.00000000,0.00000000,0,NULL,NULL,0,0.00000000,NULL,NULL,0,3),(97,28,NULL,128,'Machine Cleanea V4, Garantie 1 an; ',NULL,8.000,0.000,0.000,3,10,2055,18495,20550.00000000,55485.00000000,4438.80000000,0.00000000,0.00000000,59923.80000000,0,NULL,NULL,0,0.00000000,0.000,0.000,0,1),(98,29,NULL,17,'',NULL,0.000,0.000,0.000,50,0,0,NULL,2.73000000,136.50000000,0.00000000,0.00000000,0.00000000,136.50000000,0,NULL,NULL,0,0.00000000,NULL,NULL,0,1),(99,29,NULL,18,'',NULL,0.000,0.000,0.000,50,0,0,NULL,2.73000000,136.50000000,0.00000000,0.00000000,0.00000000,136.50000000,0,NULL,NULL,0,0.00000000,NULL,NULL,0,2),(100,29,NULL,NULL,'Frais de port exapaq + TVA',NULL,8.000,0.000,0.000,1,0,0,74,74.00000000,74.00000000,5.92000000,0.00000000,0.00000000,79.92000000,1,NULL,NULL,0,0.00000000,0.000,0.000,0,3),(101,30,NULL,18,'',NULL,0.000,0.000,0.000,40,0,0,NULL,2.73000000,109.20000000,0.00000000,0.00000000,0.00000000,109.20000000,0,NULL,NULL,0,0.00000000,NULL,NULL,0,1),(102,30,NULL,17,'',NULL,0.000,0.000,0.000,60,0,0,NULL,2.73000000,163.80000000,0.00000000,0.00000000,0.00000000,163.80000000,0,NULL,NULL,0,0.00000000,NULL,NULL,0,2),(103,30,NULL,NULL,'frais de port',NULL,8.000,0.000,0.000,1,0,0,NULL,74.00000000,74.00000000,5.92000000,0.00000000,0.00000000,79.92000000,1,NULL,NULL,0,0.00000000,NULL,NULL,0,3),(104,31,NULL,2,'&nbsp;Maintenance compl&egrave;te avec consommables / Garantie 1 an pi&egrave;ce et mains d\'oeuvre',NULL,8.000,0.000,0.000,1,0,0,NULL,3055.55556000,3055.56000000,244.44000000,0.00000000,0.00000000,3300.00000000,1,NULL,NULL,0,0.00000000,NULL,NULL,0,1),(106,32,NULL,24,'Garantie constructeur / maintenance / consommable (sel electrolyse, Barrettes Test)\r\nService Intervention 72H ouvrés\r\nDurée 6 mois, Janvier - juin  2013\r\nSites : Globus Lausanne, Globus Genève, Montreux\r\nCIO non suivi, en attente de remplacement',NULL,8.000,0.000,0.000,3,40,610.8,916.2,1527.00000000,2748.60000000,219.89000000,0.00000000,0.00000000,2968.49000000,1,NULL,NULL,0,0.00000000,0.000,0.000,0,1),(107,35,NULL,125,'Cellule generation avril 2012',NULL,8.000,0.000,0.000,1,50,490,490,980.00000000,490.00000000,39.20000000,0.00000000,0.00000000,529.20000000,0,NULL,NULL,0,0.00000000,0.000,0.000,0,1),(108,35,NULL,7,'',NULL,8.000,0.000,0.000,3,0,0,90,90.00000000,270.00000000,21.60000000,0.00000000,0.00000000,291.60000000,1,NULL,NULL,0,0.00000000,0.000,0.000,0,4),(109,35,NULL,122,'',NULL,8.000,0.000,0.000,2,0,0,40,40.00000000,80.00000000,6.40000000,0.00000000,0.00000000,86.40000000,0,NULL,NULL,0,0.00000000,0.000,0.000,0,2),(110,35,NULL,85,'',NULL,8.000,0.000,0.000,1,0,0,580,580.00000000,580.00000000,46.40000000,0.00000000,0.00000000,626.40000000,0,NULL,NULL,0,0.00000000,0.000,0.000,0,3),(111,35,NULL,NULL,'Carte électronique Sel',NULL,8.000,0.000,0.000,1,0,0,NULL,80.00000000,80.00000000,6.40000000,0.00000000,0.00000000,86.40000000,0,NULL,NULL,0,0.00000000,NULL,NULL,0,5),(112,36,NULL,NULL,'Kit 1 reservoir Adjacent 250l + 1 Pompe + 1 Pistolet',NULL,8.000,0.000,0.000,1,0,0,1854,1854.00000000,1854.00000000,148.32000000,0.00000000,0.00000000,2002.32000000,0,NULL,NULL,0,0.00000000,0.000,0.000,0,1),(113,36,NULL,NULL,'Forfait Installation Kit 1 réservoir Adjacent + 1 Pompe + 1 Pistolet ',NULL,8.000,0.000,0.000,1,0,0,250,250.00000000,250.00000000,20.00000000,0.00000000,0.00000000,270.00000000,1,NULL,NULL,0,0.00000000,0.000,0.000,0,2),(114,36,NULL,NULL,'transport France / suisse',NULL,8.000,0.000,0.000,1,0,0,375,375.00000000,375.00000000,30.00000000,0.00000000,0.00000000,405.00000000,1,NULL,NULL,0,0.00000000,0.000,0.000,0,3),(115,37,NULL,12,'Machine Cleanea V3 intégrée (V3 neuve)\r\nMachine standard, sans pompe, sans cuve annexe\r\nForfait spéciale fourniture / livraison / installation',NULL,8.000,0.000,0.000,1,0,0,12200,12200.00000000,12200.00000000,976.00000000,0.00000000,0.00000000,13176.00000000,0,NULL,NULL,0,0.00000000,0.000,0.000,0,1),(117,38,NULL,5,'Spray Bleu dégraissant pour le site Philipp Morris',NULL,8.000,0.000,0.000,30,0,0,2.73,2.73000000,81.90000000,6.55000000,0.00000000,0.00000000,88.45000000,0,NULL,NULL,0,0.00000000,0.000,0.000,0,1),(118,38,NULL,4,' Spray Rouge désinfectant pour le site Philipp Morris',NULL,8.000,0.000,0.000,30,0,0,2.73,2.73000000,81.90000000,6.55000000,0.00000000,0.00000000,88.45000000,0,NULL,NULL,0,0.00000000,0.000,0.000,0,2),(119,38,NULL,4,' Spray Rouge désinfectant pour le site Global Fund',NULL,8.000,0.000,0.000,10,0,0,2.73,2.73000000,27.30000000,2.18000000,0.00000000,0.00000000,29.48000000,0,NULL,NULL,0,0.00000000,0.000,0.000,0,3),(120,38,NULL,5,'Spray Bleu dégraissant ',NULL,8.000,0.000,0.000,10,0,0,2.73,2.73000000,27.30000000,2.18000000,0.00000000,0.00000000,29.48000000,0,NULL,NULL,0,0.00000000,0.000,0.000,0,4),(121,39,NULL,128,'Machine Cleanea V4, Garantie 1 an; ',NULL,8.000,0.000,0.000,1,10,2055,18495,20550.00000000,18495.00000000,1479.60000000,0.00000000,0.00000000,19974.60000000,0,NULL,NULL,0,0.00000000,0.000,0.000,0,1),(122,39,NULL,5,'Spray Bleu dégraissant ',NULL,8.000,0.000,0.000,20,100,2.73,0,2.73000000,0.00000000,0.00000000,0.00000000,0.00000000,0.00000000,0,NULL,NULL,0,0.00000000,0.000,0.000,0,2),(123,39,NULL,4,' Spray Rouge désinfectant',NULL,8.000,0.000,0.000,20,100,2.73,0,2.73000000,0.00000000,0.00000000,0.00000000,0.00000000,0.00000000,0,NULL,NULL,0,0.00000000,0.000,0.000,0,3),(124,39,NULL,130,'',NULL,8.000,0.000,0.000,1,0,0,NULL,280.00000000,280.00000000,22.40000000,0.00000000,0.00000000,302.40000000,1,NULL,NULL,0,0.00000000,NULL,NULL,0,4),(126,39,NULL,NULL,'Forfait installation Cuve et pompe',NULL,8.000,0.000,0.000,1,100,0,NULL,250.00000000,0.00000000,0.00000000,0.00000000,0.00000000,0.00000000,1,NULL,NULL,0,0.00000000,NULL,NULL,0,6),(127,39,NULL,131,'',NULL,0.000,0.000,0.000,1,50,927,927,1854.00000000,927.00000000,0.00000000,0.00000000,0.00000000,927.00000000,0,NULL,NULL,0,0.00000000,0.000,0.000,0,5),(130,42,NULL,131,'',NULL,0.000,0.000,0.000,1,25,463.5,1390.5,1854.00000000,1390.50000000,0.00000000,0.00000000,0.00000000,1390.50000000,0,NULL,NULL,0,0.00000000,0.000,0.000,0,1),(133,45,NULL,4,'&nbsp;Spray Rouge d&eacute;sinfectant',NULL,8.000,0.000,0.000,15,0,0,NULL,2.73148000,40.97000000,3.28000000,0.00000000,0.00000000,44.25000000,0,NULL,NULL,0,0.00000000,NULL,NULL,0,1),(134,46,NULL,38,'Quantité exprimée en tonne - Palette d\'1 tonne\r\nOrganisation de la livraison par Cleanea\r\nLivré sur site le mardi d\'après si la commande est passée avant vendredi midi',NULL,8.000,0.000,0.000,1,0,0,1450,1450.00000000,1450.00000000,116.00000000,0.00000000,0.00000000,1566.00000000,0,NULL,NULL,0,0.00000000,0.000,0.000,0,1),(136,47,NULL,17,'',NULL,8.000,0.000,0.000,1,100,3.8,0,3.80000000,0.00000000,0.00000000,0.00000000,0.00000000,0.00000000,0,NULL,NULL,0,0.00000000,0.000,0.000,0,1),(137,47,NULL,18,'',NULL,8.000,0.000,0.000,1,100,3.8,0,3.80000000,0.00000000,0.00000000,0.00000000,0.00000000,0.00000000,0,NULL,NULL,0,0.00000000,0.000,0.000,0,2),(138,47,NULL,126,'Machine Cleanea V4 pump + Tanks',NULL,8.000,0.000,0.000,1,0,0,NULL,24200.00000000,24200.00000000,1936.00000000,0.00000000,0.00000000,26136.00000000,0,NULL,NULL,0,0.00000000,NULL,NULL,0,3),(139,48,NULL,128,'Machine Cleanea V4 Simple ',NULL,8.000,0.000,0.000,1,0,0,20550,20550.00000000,20550.00000000,1644.00000000,0.00000000,0.00000000,22194.00000000,0,NULL,NULL,0,0.00000000,0.000,0.000,0,1),(142,48,NULL,18,'',NULL,0.000,0.000,0.000,20,0,0,3.8,3.80000000,76.00000000,0.00000000,0.00000000,0.00000000,76.00000000,0,NULL,NULL,0,0.00000000,0.000,0.000,0,2),(143,48,NULL,17,'',NULL,0.000,0.000,0.000,20,0,0,3.8,3.80000000,76.00000000,0.00000000,0.00000000,0.00000000,76.00000000,0,NULL,NULL,0,0.00000000,0.000,0.000,0,3),(144,49,NULL,17,'',NULL,8.000,0.000,0.000,20,0,0,3.8,3.80000000,76.00000000,6.08000000,0.00000000,0.00000000,82.08000000,0,NULL,NULL,0,0.00000000,0.000,0.000,0,1),(145,49,NULL,18,'',NULL,8.000,0.000,0.000,20,0,0,3.8,3.80000000,76.00000000,6.08000000,0.00000000,0.00000000,82.08000000,0,NULL,NULL,0,0.00000000,0.000,0.000,0,2),(147,50,NULL,NULL,'Montage clé en main de test pour machine à laver Miele Professional\r\nLocation du système complet pendant 10 jours',NULL,8.000,0.000,0.000,1,0,0,350,350.00000000,350.00000000,28.00000000,0.00000000,0.00000000,378.00000000,1,NULL,NULL,0,0.00000000,0.000,0.000,0,1),(148,51,NULL,128,'Machine Cleanea V4 Simple&nbsp;',NULL,8.000,0.000,0.000,1,0,0,NULL,20550.00000000,20550.00000000,1644.00000000,0.00000000,0.00000000,22194.00000000,0,NULL,NULL,0,0.00000000,NULL,NULL,0,1),(149,51,NULL,18,'',NULL,8.000,0.000,0.000,20,0,0,3.8,3.80000000,76.00000000,6.08000000,0.00000000,0.00000000,82.08000000,0,NULL,NULL,0,0.00000000,0.000,0.000,0,2),(150,51,NULL,17,'',NULL,8.000,0.000,0.000,20,0,0,3.8,3.80000000,76.00000000,6.08000000,0.00000000,0.00000000,82.08000000,0,NULL,NULL,0,0.00000000,0.000,0.000,0,3),(151,52,NULL,NULL,'Intégration du parfum sur la ligne Alcaline\r\n- Fourniture et installation de la pompe adjuvant\r\n- Fourniture et installation des raccords et tuyaux adéquats\r\n- Connexions électriques et hydrauliques\r\n- Mise en place d’un bidon d’adjuvant parfum\r\n- Mise à jour du Firmware pour dilution à 0,1 %\r\n',NULL,8.000,0.000,0.000,1,0,0,100,100.00000000,100.00000000,8.00000000,0.00000000,0.00000000,108.00000000,0,NULL,NULL,0,0.00000000,0.000,0.000,0,1),(153,52,NULL,133,'Intervention comprenant les frais de déplacement et la main d\'oeuvre sur place',NULL,8.000,0.000,0.000,1,0,0,250,250.00000000,250.00000000,20.00000000,0.00000000,0.00000000,270.00000000,1,NULL,NULL,0,0.00000000,0.000,0.000,0,2),(155,53,NULL,134,'',NULL,8.000,0.000,0.000,3,0,0,NULL,25.00000000,75.00000000,6.00000000,0.00000000,0.00000000,81.00000000,0,NULL,NULL,0,0.00000000,NULL,NULL,0,1),(156,53,NULL,135,'',NULL,8.000,0.000,0.000,3,0,0,NULL,25.00000000,75.00000000,6.00000000,0.00000000,0.00000000,81.00000000,0,NULL,NULL,0,0.00000000,NULL,NULL,0,2),(157,54,NULL,134,'',NULL,8.000,0.000,0.000,3,0,0,60,60.00000000,180.00000000,14.40000000,0.00000000,0.00000000,194.40000000,0,NULL,NULL,0,0.00000000,0.000,0.000,0,1),(158,54,NULL,135,'',NULL,8.000,0.000,0.000,3,0,0,60,60.00000000,180.00000000,14.40000000,0.00000000,0.00000000,194.40000000,0,NULL,NULL,0,0.00000000,0.000,0.000,0,2);

--
-- Table structure for table `llx_rights_def`
--

CREATE TABLE `llx_rights_def` (
  `id` int(11) NOT NULL DEFAULT '0',
  `libelle` varchar(255) DEFAULT NULL,
  `module` varchar(64) DEFAULT NULL,
  `entity` int(11) NOT NULL DEFAULT '1',
  `perms` varchar(50) DEFAULT NULL,
  `subperms` varchar(50) DEFAULT NULL,
  `type` varchar(1) DEFAULT NULL,
  `bydefault` tinyint(4) DEFAULT '0',
  PRIMARY KEY (`id`,`entity`)
) ENGINE=InnoDB DEFAULT CHARSET=utf8;

--
-- Dumping data for table `llx_rights_def`
--



--
-- Table structure for table `llx_societe`
--

CREATE TABLE `llx_societe` (
  `rowid` int(11) NOT NULL AUTO_INCREMENT,
  `statut` tinyint(4) DEFAULT '0',
  `parent` int(11) DEFAULT NULL,
  `tms` timestamp NOT NULL DEFAULT CURRENT_TIMESTAMP ON UPDATE CURRENT_TIMESTAMP,
  `datec` datetime DEFAULT NULL,
  `datea` datetime DEFAULT NULL,
  `nom` varchar(60) DEFAULT NULL,
  `entity` int(11) NOT NULL DEFAULT '1',
  `ref_ext` varchar(60) DEFAULT NULL,
  `ref_int` varchar(60) DEFAULT NULL,
  `code_client` varchar(15) DEFAULT NULL,
  `code_fournisseur` varchar(15) DEFAULT NULL,
  `code_compta` varchar(15) DEFAULT NULL,
  `code_compta_fournisseur` varchar(15) DEFAULT NULL,
  `address` varchar(255) DEFAULT NULL,
  `cp` varchar(10) DEFAULT NULL,
  `ville` varchar(50) DEFAULT NULL,
  `fk_departement` int(11) DEFAULT '0',
  `fk_pays` int(11) DEFAULT '0',
  `tel` varchar(20) DEFAULT NULL,
  `fax` varchar(20) DEFAULT NULL,
  `url` varchar(255) DEFAULT NULL,
  `email` varchar(128) DEFAULT NULL,
  `fk_secteur` int(11) DEFAULT '0',
  `fk_effectif` int(11) DEFAULT '0',
  `fk_typent` int(11) DEFAULT '0',
  `fk_forme_juridique` int(11) DEFAULT '0',
  `fk_currency` int(11) DEFAULT '0',
  `siren` varchar(32) DEFAULT NULL,
  `siret` varchar(32) DEFAULT NULL,
  `ape` varchar(32) DEFAULT NULL,
  `idprof4` varchar(32) DEFAULT NULL,
  `tva_intra` varchar(20) DEFAULT NULL,
  `capital` double DEFAULT NULL,
  `description` text,
  `fk_stcomm` smallint(6) DEFAULT '0',
  `note` text,
  `services` tinyint(4) DEFAULT '0',
  `prefix_comm` varchar(5) DEFAULT NULL,
  `client` tinyint(4) DEFAULT '0',
  `fournisseur` tinyint(4) DEFAULT '0',
  `supplier_account` varchar(32) DEFAULT NULL,
  `fk_prospectlevel` varchar(12) DEFAULT NULL,
  `customer_bad` tinyint(4) DEFAULT '0',
  `customer_rate` double DEFAULT '0',
  `supplier_rate` double DEFAULT '0',
  `fk_user_creat` int(11) DEFAULT NULL,
  `fk_user_modif` int(11) DEFAULT NULL,
  `remise_client` double DEFAULT '0',
  `mode_reglement` tinyint(4) DEFAULT NULL,
  `cond_reglement` tinyint(4) DEFAULT NULL,
  `tva_assuj` tinyint(4) DEFAULT '1',
  `localtax1_assuj` tinyint(4) DEFAULT '0',
  `localtax2_assuj` tinyint(4) DEFAULT '0',
  `gencod` varchar(255) DEFAULT NULL,
  `price_level` int(11) DEFAULT NULL,
  `default_lang` varchar(6) DEFAULT NULL,
  `canvas` varchar(32) DEFAULT NULL,
  `import_key` varchar(14) DEFAULT NULL,
  `status` tinyint(4) DEFAULT '1',
  `logo` varchar(255) DEFAULT NULL,
  PRIMARY KEY (`rowid`),
  UNIQUE KEY `uk_societe_prefix_comm` (`prefix_comm`,`entity`),
  UNIQUE KEY `uk_societe_code_client` (`code_client`,`entity`),
  KEY `idx_societe_user_creat` (`fk_user_creat`),
  KEY `idx_societe_user_modif` (`fk_user_modif`)
) ENGINE=InnoDB AUTO_INCREMENT=138 DEFAULT CHARSET=utf8;

--
-- Dumping data for table `llx_societe`
--

INSERT INTO `llx_societe` VALUES (1,0,NULL,'2013-08-21 07:30:28','2011-02-13 23:20:54','2011-02-14 18:07:10','Blanc & Cie',1,NULL,NULL,NULL,NULL,NULL,NULL,'Avenue de la Borde 17','1000','Lausanne 8',196,6,'0848848128',NULL,'www.blanc-sa.ch','info@blanc.ch',0,5,3,604,0,'','','CH-550-0111500-9','','',300000,NULL,0,'Livr&eacute; sur site Globus Lausanne 21/08/2013',0,NULL,1,0,NULL,NULL,0,0,0,3,3,0,NULL,NULL,1,NULL,NULL,NULL,NULL,'fr_CH',NULL,NULL,1,NULL),(2,0,NULL,'2011-10-03 11:34:19','2011-02-14 18:59:16','2011-10-03 13:34:13','5 a Sec',1,NULL,NULL,NULL,NULL,NULL,NULL,'Route de Jussy 5','1225','Chene-Bourg',181,6,'+41228692444','0041228692449','www.5asec.com',NULL,0,6,2,604,0,'','','CH-660-1985998-5','','',200000,NULL,3,NULL,0,NULL,1,0,NULL,'PL_HIGH',0,0,0,3,3,0,NULL,NULL,1,NULL,NULL,NULL,NULL,'fr_FR',NULL,NULL,1,NULL),(3,0,NULL,'2011-02-14 17:28:42','2011-02-14 19:28:39','2011-02-14 18:28:39','Siva Star Cleaning',1,NULL,NULL,NULL,NULL,NULL,NULL,'Route Antoine Verchère 6','1217','Meyrin',181,6,'0041227827235',NULL,'www.siva-services.com','siva@siva-services.com',0,3,3,600,0,'','','CH-660-1104010-0','','',0,NULL,0,NULL,0,NULL,1,0,NULL,NULL,0,0,0,3,3,0,NULL,NULL,1,NULL,NULL,NULL,NULL,'fr_FR',NULL,NULL,1,NULL),(4,0,NULL,'2013-08-09 15:42:18','2011-02-14 20:14:05','2013-08-09 17:42:18','Lingdar',1,NULL,NULL,NULL,NULL,NULL,NULL,'Galerie Saint Francois A','1003','Lausanne',196,6,'+41213167612',NULL,NULL,NULL,0,2,3,604,0,'','','CH-550.1.049.704-0','','CHE-113.457.148',0,NULL,0,NULL,0,NULL,1,0,NULL,NULL,0,0,0,3,27,0,NULL,NULL,1,NULL,NULL,NULL,NULL,'fr_FR',NULL,NULL,1,NULL),(5,0,NULL,'2012-07-12 13:05:48','2011-02-14 20:31:05','2011-11-21 16:13:47','Viking Industries Inc.',1,NULL,NULL,NULL,'VIKING',NULL,NULL,'501 Pullman Road','32132','Edgewater',208,11,'+13864289800','+13864090360',NULL,NULL,0,2,0,NULL,0,'','','','','',0,NULL,3,NULL,0,NULL,3,1,NULL,NULL,0,0,0,3,3,0,NULL,NULL,0,NULL,NULL,NULL,NULL,'fr_FR',NULL,NULL,1,NULL),(6,0,NULL,'2013-04-15 13:38:08','2011-02-14 23:13:52','2013-04-15 15:38:04','Cleanea SAS',1,NULL,NULL,NULL,NULL,NULL,NULL,'15 rue Saulnier','92800','Puteaux',94,1,NULL,NULL,NULL,'administration@cleanea.com',0,1,3,57,0,'','511 062 614 00','7022Z','511 062 614','FR34511062614',150000,NULL,3,NULL,0,NULL,3,1,NULL,NULL,0,0,0,3,2,0,NULL,NULL,1,NULL,NULL,NULL,NULL,'fr_FR',NULL,NULL,1,NULL),(7,0,NULL,'2012-01-26 13:43:43','2011-02-14 23:31:18','2012-01-11 21:21:24','Starling Hotel & Conference center',1,NULL,NULL,NULL,NULL,NULL,NULL,'Route François-Peyrot 34','1218','Le Grand Saconnex',181,6,'+41227470202',NULL,'www.shgeneva.com',NULL,0,6,2,604,0,'','','CH-660-6639008-7','','',100000,NULL,3,NULL,0,NULL,2,0,NULL,NULL,0,0,0,3,3,0,NULL,NULL,1,NULL,NULL,NULL,NULL,'fr_FR',NULL,NULL,1,NULL),(8,0,NULL,'2013-05-27 14:54:17','2011-02-15 19:00:57','2011-02-15 18:00:57','Aéroport International de Genève',1,NULL,NULL,NULL,NULL,NULL,NULL,'Route de L\'Aéroport 21','1218','Le Grand-Saconnex',181,6,NULL,NULL,NULL,NULL,0,6,2,609,0,'','','CH-660-0866994-9','','',0,NULL,3,'Emplacement machine dans a&eacute;roport :<br />\r\n<br />\r\nHall<br />\r\n<strong>&Agrave; c&ocirc;t&eacute; du&nbsp;</strong><strong>fleuriste &quot;</strong><strong>Fleuriot&quot;</strong><br />\r\nPrendre couloir<br />\r\n<strong>Porte au fond du couloir</strong><br />\r\n<strong>Porte 170</strong><br />\r\n',0,NULL,1,0,NULL,'PL_HIGH',0,0,0,3,3,0,NULL,NULL,1,NULL,NULL,NULL,NULL,'fr_FR',NULL,NULL,1,NULL),(9,0,NULL,'2013-08-07 08:19:37','2011-02-25 17:00:30','2013-08-07 10:19:37','Ecole Hôtelière de Lausanne',1,NULL,NULL,NULL,NULL,NULL,NULL,'Route de Cojonnex 18\r\nLe Chalet-à-Gobet','1000','Lausanne 25',196,6,'0217851111',NULL,NULL,NULL,0,5,2,609,0,'','','CH-550-1004330-2','','CHE-107.035.299',0,NULL,3,NULL,0,NULL,1,1,NULL,NULL,0,0,0,3,27,0,NULL,NULL,1,NULL,NULL,NULL,NULL,'fr_FR',NULL,NULL,1,NULL),(10,0,NULL,'2011-02-25 16:47:43','2011-02-25 18:47:36','2011-02-25 17:47:36','Compass Group',1,NULL,NULL,NULL,NULL,NULL,NULL,'Oberfeldstrasse 14','8302','Kloten',199,6,'0435571111',NULL,NULL,NULL,0,6,2,604,0,'','','CH-550.0.076.073','','',500000,NULL,0,NULL,0,NULL,1,0,NULL,NULL,0,0,0,3,3,0,NULL,NULL,1,NULL,NULL,NULL,NULL,'fr_FR',NULL,NULL,1,NULL),(11,0,NULL,'2011-03-01 14:12:10','2011-03-01 16:02:59','2011-03-01 15:12:04','La rôtisserie',1,NULL,NULL,NULL,NULL,NULL,NULL,'Galerie Marchande Gare CFF\r\nroute de l\'aéroport 25','1215','Cointrin',181,6,'0798327324','0227981604','www.bisa.ch','s.poulet@bisa.ch',0,5,100,604,0,'','','','','',0,NULL,3,NULL,0,NULL,2,0,NULL,'PL_MEDIUM',0,0,0,6,6,0,NULL,NULL,1,NULL,NULL,NULL,NULL,'fr_FR',NULL,NULL,1,NULL),(12,0,NULL,'2011-03-01 14:17:20','2011-03-01 16:14:55','2011-03-01 15:14:56','Mairie de Meyrin',1,NULL,NULL,NULL,NULL,NULL,NULL,'Rue des Boudines 2','1217','Meyrin',181,6,'0227823289','0227828208',NULL,'bernard.vouilloz@meyrin.ch',0,5,100,NULL,0,'','','','','',0,NULL,3,NULL,0,NULL,2,0,NULL,'PL_MEDIUM',0,0,0,6,6,0,NULL,NULL,1,NULL,NULL,NULL,NULL,'fr_FR',NULL,NULL,1,NULL),(13,0,NULL,'2011-03-01 14:27:21','2011-03-01 16:24:03','2011-03-01 15:24:03','Hôtel Warwick',1,NULL,NULL,NULL,NULL,NULL,NULL,'Rue de Lausanne 14','1201','Genève',181,6,'0227168000',NULL,'www.warwickgeneva.com','res.geneva@warwickhotels.com',0,NULL,100,NULL,0,'','','','','',0,NULL,3,NULL,0,NULL,2,0,NULL,'PL_HIGH',0,0,0,6,6,0,NULL,NULL,1,NULL,NULL,NULL,NULL,'fr_FR',NULL,NULL,1,NULL),(14,0,NULL,'2011-03-02 08:40:45','2011-03-02 09:56:28','2011-03-02 09:40:57','Bains de la Gruyere',1,NULL,NULL,NULL,NULL,NULL,NULL,'Gros Plan 30','1637','Charmey',180,6,'+41269276782',NULL,NULL,'technique@bainsdelagruyere.ch',0,4,0,604,0,'','','CH-217-3531204-7','','',8000000,NULL,0,NULL,0,NULL,1,0,NULL,NULL,0,0,0,3,3,0,NULL,NULL,1,NULL,NULL,NULL,NULL,'fr_FR',NULL,NULL,1,NULL),(15,0,NULL,'2011-03-02 09:24:32','2011-03-02 11:24:44','2011-03-02 10:24:44','Evian Royal Resort',1,NULL,NULL,NULL,NULL,NULL,NULL,'Rive Sud du Lac de Geneve BP 8','74501','Evian-les-Bains',76,1,'+33450268500',NULL,'www.evianroyalresort.com',NULL,0,NULL,2,55,0,'','','','','',0,NULL,0,NULL,0,NULL,1,0,NULL,NULL,0,0,0,3,3,0,NULL,NULL,1,NULL,NULL,NULL,NULL,'fr_FR',NULL,NULL,1,NULL),(16,0,NULL,'2011-03-02 11:14:13','2011-03-02 12:35:22','2011-03-02 11:35:22','Manotel',1,NULL,NULL,NULL,NULL,NULL,NULL,'Rue Jean Dassier 8','1201','Geneve',181,6,'+41229098155','+41229098156','www.manotel.com','fgeromin@manotel.com',0,5,3,604,0,'','','CH-660-0209974-6','','',100000,NULL,3,'&nbsp;Groupement de 7 H&ocirc;tels sur Gen&egrave;ve / actuellement Client Johnsson&nbsp;',0,NULL,2,0,NULL,'PL_MEDIUM',0,0,0,3,3,0,NULL,NULL,1,NULL,NULL,NULL,NULL,'fr_FR',NULL,NULL,1,NULL),(17,0,NULL,'2011-03-02 11:12:11','2011-03-02 12:41:32','2011-03-02 11:41:32','Sodexo',1,NULL,NULL,NULL,NULL,NULL,NULL,'Route Suisse 7','1295','Mies',196,6,'+41227554147','+41227554149',NULL,NULL,0,6,2,604,0,'','','CH-660.0.097.977','','',1403000,NULL,3,NULL,0,NULL,2,0,NULL,'PL_HIGH',0,0,0,3,3,0,NULL,NULL,1,NULL,NULL,NULL,NULL,'fr_FR',NULL,NULL,1,NULL),(18,0,NULL,'2011-03-02 11:10:34','2011-03-02 12:49:58','2011-03-02 11:49:58','Vranken-Pommery',1,NULL,NULL,NULL,NULL,NULL,NULL,'Avenue de la Gare 10','1003','Lausanne',196,6,'+41216431313',NULL,NULL,NULL,0,4,2,604,0,'','','CH-020-3024658-1','','',1200000,NULL,3,NULL,0,NULL,2,0,NULL,NULL,0,0,0,3,3,0,NULL,NULL,1,NULL,NULL,NULL,NULL,'fr_FR',NULL,NULL,1,NULL),(19,0,NULL,'2011-03-02 11:10:47','2011-03-02 12:54:57','2011-03-02 11:55:14','Dnata',1,NULL,NULL,NULL,NULL,NULL,NULL,'Route de l\'Aéroport 21, PO Bax 196','1215','Geneve',181,6,'+41228174427',NULL,NULL,NULL,0,6,2,604,0,'','','CH-020-3024658-1','','',1600000,NULL,2,NULL,0,NULL,2,0,NULL,NULL,0,0,0,3,3,0,NULL,NULL,1,NULL,NULL,NULL,NULL,'fr_FR',NULL,NULL,1,NULL),(20,0,NULL,'2013-01-08 13:41:04','2011-03-02 12:59:52','2013-01-08 14:41:00','BLANC Site Globus Geneve',1,NULL,NULL,NULL,NULL,NULL,NULL,'Rue du Rhône 48','1211','Geneve 3',181,6,'+41223195151',NULL,NULL,NULL,0,6,0,604,0,'','','CH-020.3.917.603','','',700000000,NULL,0,NULL,0,NULL,1,0,NULL,NULL,0,0,0,3,2,0,NULL,NULL,1,NULL,NULL,NULL,NULL,'fr_FR',NULL,NULL,1,NULL),(21,0,NULL,'2012-04-03 12:36:20','2011-03-02 13:07:36','2011-03-02 12:07:36','Manufacture Roger Dubuis',1,NULL,NULL,NULL,NULL,NULL,NULL,'Rue Andre De Garrini','1217','Meyrin',181,6,'+41227832828',NULL,'www.rogerdubuis.com',NULL,0,6,3,604,0,'','','CH-660-0717995-7','','',10000000,NULL,3,NULL,0,NULL,2,0,NULL,NULL,0,0,0,3,3,0,NULL,NULL,1,NULL,NULL,NULL,NULL,'fr_FR',NULL,NULL,1,NULL),(22,0,NULL,'2011-03-02 11:11:47','2011-03-02 13:10:18','2011-03-02 12:10:18','Manor',1,NULL,NULL,NULL,NULL,NULL,NULL,'Grands Magasins Geneve\r\nRue de Cornavin 6\r\nCP 1976','1211','Geneve 1',181,6,'+41229094646',NULL,'www.manor.ch',NULL,0,6,2,604,0,'','','CH-270.3.003.869','','',50000000,NULL,3,NULL,0,NULL,2,0,NULL,'PL_HIGH',0,0,0,3,3,0,NULL,NULL,1,NULL,NULL,NULL,NULL,'fr_FR',NULL,NULL,1,NULL),(23,0,NULL,'2011-03-11 09:37:40','2011-03-02 18:48:33','2011-03-02 17:48:33','Blancpain SA',1,NULL,NULL,NULL,NULL,NULL,NULL,'Rue de l\'Etang 6','1094','Paudex',196,6,'0217963636',NULL,'www.blancpain.com','alain.delamuraz@blancpain.com',0,5,2,604,0,'','','ch-550-0058505-8','','',100,NULL,3,NULL,0,'blp',2,0,NULL,NULL,0,0,0,11,11,0,NULL,NULL,1,NULL,NULL,NULL,NULL,'fr_FR',NULL,NULL,1,NULL),(24,0,NULL,'2011-03-08 09:38:06','2011-03-08 11:38:02','2011-03-08 10:38:02','Thomas Knoesel',1,NULL,NULL,NULL,NULL,NULL,NULL,'Riant Coteau 132','1196','Gland',196,6,NULL,NULL,NULL,'thomas.knosel@manpower.ch',0,NULL,8,600,0,'','','','','',0,NULL,0,NULL,0,NULL,0,1,NULL,NULL,0,0,0,3,3,0,NULL,NULL,0,NULL,NULL,NULL,NULL,'fr_FR',NULL,NULL,1,NULL),(25,0,NULL,'2011-03-13 14:23:58','2011-03-13 16:11:07','2011-03-13 15:11:08','Parking management services',1,NULL,NULL,NULL,NULL,NULL,NULL,'Parking Management Services\r\nChemin du Chêne 7D','1020','Renens',196,6,'0216372071',NULL,'www.pms-parkings.ch','dgrobety@pms-parkings.ch',0,NULL,0,NULL,0,'','','','','',0,NULL,3,NULL,0,NULL,2,0,NULL,'PL_HIGH',0,0,0,12,12,0,NULL,NULL,1,NULL,NULL,NULL,NULL,'fr_FR',NULL,NULL,1,NULL),(26,0,NULL,'2011-03-13 14:25:38','2011-03-13 16:21:36','2011-03-13 15:25:17','Grisoni-zaugg',1,NULL,NULL,NULL,NULL,NULL,NULL,'Rue du Pont','1630','Bulle',180,6,'+41269198310',NULL,'www.grisoni-zaugg.ch','info@grisoni-zaugg.ch',0,6,2,604,0,'','','','','',0,NULL,3,NULL,0,NULL,2,0,NULL,'PL_MEDIUM',0,0,0,12,12,0,NULL,NULL,1,NULL,NULL,NULL,NULL,'fr_FR',NULL,NULL,1,NULL),(27,0,NULL,'2011-03-22 10:44:57','2011-03-14 08:57:34','2011-03-14 07:57:34','HSGzander',1,NULL,NULL,NULL,NULL,NULL,NULL,'HSG Zander (Schweiz) AG\r\nalte Winterthurerstrasse 14b','8304','Wallisellen',199,6,'+41445674038',NULL,'www.hsgzander.ch','rolf.boller@hsgzander.ch',0,5,2,604,0,'','','','','',0,NULL,3,NULL,0,NULL,2,0,NULL,NULL,0,0,0,12,12,0,NULL,NULL,1,NULL,NULL,NULL,NULL,'fr_FR',NULL,NULL,1,NULL),(28,0,NULL,'2011-03-14 08:22:52','2011-03-14 10:20:30','2011-03-14 09:20:30','Nespresso',1,NULL,NULL,NULL,NULL,NULL,NULL,'Ch. Messidor 5','1006','Lausanne',196,6,'+41217969915',NULL,NULL,'Alexandre.Bolay@nespresso.com',0,6,2,604,0,'','','','','',0,NULL,3,NULL,0,NULL,2,0,NULL,NULL,0,0,0,12,12,0,NULL,NULL,1,NULL,NULL,NULL,NULL,'fr_FR',NULL,NULL,1,NULL),(29,0,NULL,'2011-03-14 10:25:39','2005-01-07 03:22:52','2005-01-07 02:22:52','Registre du Commerce',1,NULL,NULL,NULL,NULL,NULL,NULL,'Rue du Puits Saint Pierre 4\r\nCase Postale 3597','1211','Geneve',181,6,'+41225468879','+41225468861',NULL,'steve.baudin@etat.ge.ch',0,NULL,5,NULL,0,'','','','','457833',0,NULL,0,NULL,0,NULL,0,1,NULL,NULL,0,0,0,3,3,0,NULL,NULL,1,NULL,NULL,NULL,NULL,'fr_FR',NULL,NULL,1,NULL),(30,0,NULL,'2011-03-14 10:35:05','2005-01-07 03:32:19','2005-01-07 02:32:19','DaPrint',1,NULL,NULL,NULL,NULL,NULL,NULL,'Rte de Preverenges 10\r\nCP 46','1026',NULL,196,6,NULL,NULL,NULL,'info@daprint.ch',0,NULL,3,606,0,'','','','','',20000,NULL,0,NULL,0,NULL,0,1,NULL,NULL,0,0,0,3,3,0,NULL,NULL,1,NULL,NULL,NULL,NULL,'fr_FR',NULL,NULL,1,NULL),(31,0,NULL,'2011-06-08 07:11:25','2011-03-14 19:43:00','2011-06-08 09:11:21','Garderie la Boironette',1,NULL,NULL,NULL,NULL,NULL,NULL,'Route du Boiron 19','1260','Nyon',196,6,'+41223655190',NULL,NULL,NULL,0,5,3,608,0,'','','','','',0,NULL,3,NULL,0,NULL,1,0,NULL,NULL,0,0,0,3,3,0,NULL,NULL,1,NULL,NULL,NULL,NULL,'fr_FR',NULL,NULL,1,NULL),(32,0,NULL,'2011-03-15 16:19:01','2011-03-15 12:32:38','2011-03-15 11:32:38','Paleo',1,NULL,NULL,NULL,NULL,NULL,NULL,'Route de Saint-Cergue 312','1260','Nyon',196,6,'+41223651010','+41223651020',NULL,NULL,0,5,3,608,0,'','','','','',0,NULL,3,NULL,0,NULL,2,0,NULL,'PL_MEDIUM',0,0,0,3,3,0,NULL,NULL,1,NULL,NULL,NULL,NULL,'fr_FR',NULL,NULL,1,NULL),(33,0,NULL,'2011-03-15 16:53:09','2011-03-15 17:44:28','2011-03-15 17:53:02','Swatch',1,NULL,NULL,NULL,NULL,NULL,NULL,'Faubourg du Lac 6\r\nCase Postale','2501','Bienne',177,6,'032/3436811',NULL,NULL,NULL,0,6,2,604,0,'','','CH-073.3.002.499','','',0,NULL,3,NULL,0,'swtch',2,0,NULL,NULL,0,0,0,11,3,0,NULL,NULL,1,NULL,NULL,NULL,NULL,'fr_FR',NULL,NULL,1,NULL),(35,0,NULL,'2011-03-15 17:32:02','2011-03-15 19:29:25','2011-03-15 18:29:25','Centre patronal',1,NULL,NULL,NULL,NULL,NULL,NULL,'Route du Lac 2','1094','Paudex',196,6,'+41217963300',NULL,'www.centrepatronal.ch',NULL,0,4,5,608,0,'','','CH-550-1052752-4','','',0,NULL,3,NULL,0,NULL,2,0,NULL,NULL,0,0,0,3,3,0,NULL,NULL,1,NULL,NULL,NULL,NULL,'fr_FR',NULL,NULL,1,NULL),(36,0,NULL,'2012-01-11 20:20:32','2011-03-15 19:46:00','2012-01-11 21:20:31','Beau-Rivage Hotel Geneve',1,NULL,NULL,NULL,NULL,NULL,NULL,'Quai du Mont-Blanc 13','1201','Genève',181,6,'+41227166841',NULL,NULL,NULL,0,5,3,604,0,'','','CH-660-0647986-4','','',600000,NULL,3,NULL,0,NULL,2,0,NULL,NULL,0,0,0,3,3,0,NULL,NULL,1,NULL,NULL,NULL,NULL,'fr_FR',NULL,NULL,1,NULL),(37,0,NULL,'2011-03-16 18:04:50','2011-03-15 19:55:09','2011-03-15 19:03:53','Airbus Industrie Toulouse',1,NULL,NULL,NULL,NULL,NULL,NULL,'1 Rond-Point Maurice Bellonte','31700','Blagnac',33,1,'+33561933333',NULL,NULL,NULL,0,6,2,56,0,'','','','','',0,NULL,3,'&nbsp;Demande aupr&egrave;s de M. Hassan pour passage des normes a&eacute;ronautiques.',0,NULL,2,0,NULL,NULL,0,0,0,3,3,0,NULL,NULL,1,NULL,NULL,NULL,NULL,'fr_FR',NULL,NULL,1,NULL),(38,0,NULL,'2011-03-16 08:29:26','2011-03-16 10:29:23','2011-03-16 09:29:23','Pomathios',1,NULL,NULL,NULL,NULL,NULL,NULL,'Route de Saint-Cergue 40B','1260','Nyon',196,6,'0792059529',NULL,NULL,NULL,0,NULL,0,600,0,'','','','','',0,NULL,0,NULL,0,NULL,0,1,NULL,NULL,0,0,0,3,3,0,NULL,NULL,1,NULL,NULL,NULL,NULL,'fr_FR',NULL,NULL,1,NULL),(39,0,NULL,'2011-03-21 09:51:09','2011-03-18 16:55:01','2011-03-18 15:55:02','Ville de Lausanne',1,NULL,NULL,NULL,NULL,NULL,NULL,'Ch. de l\'Usine à Gaz 19','1020','Renens',196,6,'+41213152250','+41213158020',NULL,'jacqueline.cavin@lausanne.ch',0,6,5,609,0,'','','','','',0,NULL,3,NULL,0,NULL,3,0,NULL,NULL,0,0,0,5,5,0,NULL,NULL,1,NULL,NULL,NULL,NULL,'fr_FR',NULL,NULL,1,NULL),(40,0,NULL,'2012-07-12 07:13:46','2011-03-21 13:27:50','2012-07-12 09:13:46','Manor AG',1,NULL,NULL,NULL,NULL,NULL,NULL,'Rue de L\'industrie 68\r\nCP 384','1030','Bussigny-Lausanne',196,6,'+41217065699',NULL,'www.manor.ch',NULL,0,NULL,2,604,0,'','','CH-270.3.003.869','','',50000000,NULL,3,NULL,0,NULL,2,0,NULL,NULL,0,0,0,3,3,0,NULL,NULL,1,NULL,NULL,NULL,NULL,'fr_FR',NULL,NULL,1,NULL),(41,0,NULL,'2011-03-22 18:22:24','2011-03-22 20:22:16','2011-03-22 19:22:16','Manpower',1,NULL,NULL,NULL,NULL,NULL,NULL,'4 Rue Winkelried','1201','Genève',181,6,'+41583072080','+41583072089',NULL,NULL,0,6,2,604,0,'','','CH-660-1537997-9','','252381',10000000,NULL,0,NULL,0,NULL,0,1,NULL,NULL,0,0,0,3,3,0,NULL,NULL,1,NULL,NULL,NULL,NULL,'fr_CH',NULL,NULL,1,NULL),(42,0,NULL,'2011-03-28 07:58:22','2011-03-28 11:58:19','2011-03-28 09:58:19','Cleaning Service SA',1,NULL,NULL,NULL,NULL,NULL,NULL,'Ch. de la Gottrause 10','1023','Crissier',196,6,'+41216344404','+41216344409',NULL,'francis.lecomte@cleaning-service.ch',0,NULL,0,604,0,'','','CH-660.0.088.970','','',0,NULL,0,NULL,0,NULL,1,0,NULL,NULL,0,0,0,5,5,0,NULL,NULL,1,NULL,NULL,NULL,NULL,'fr_CH',NULL,NULL,1,NULL),(43,0,NULL,'2013-01-08 13:36:53','2011-03-30 00:49:35','2013-01-08 14:36:49','BLANC EMS Résidence de la Poterie',1,NULL,NULL,NULL,NULL,NULL,NULL,'Rue de la Poterie 35','1202','Genève',181,6,'+41227081919',NULL,NULL,NULL,0,NULL,3,609,0,'','','CH-660-0053978-7','','',0,NULL,3,NULL,0,NULL,1,0,NULL,NULL,0,0,0,3,2,0,NULL,NULL,1,NULL,NULL,NULL,NULL,'fr_CH',NULL,NULL,1,NULL),(44,0,NULL,'2011-04-12 13:36:33','2011-04-05 16:41:42','2011-04-05 14:41:42','Hotel du Theatre',1,NULL,NULL,NULL,NULL,NULL,NULL,'Rue Haldimann 5','1400','Yverdon-les-bains',196,6,'+41244246000',NULL,NULL,NULL,0,4,3,602,0,'','','CH-550-1056617-2','','',0,NULL,2,NULL,0,NULL,2,0,NULL,NULL,0,0,0,3,3,0,NULL,NULL,1,NULL,NULL,NULL,NULL,'fr_CH',NULL,NULL,1,NULL),(45,0,NULL,'2011-04-14 14:57:00','2011-04-14 18:56:53','2011-04-14 16:56:53','JHD',1,NULL,NULL,NULL,NULL,NULL,NULL,'Chemin des Champs-Courbes 1','1024','Ecublens',196,6,NULL,NULL,NULL,'yves.jotterand@jhd.ch',0,NULL,3,606,0,'','','ch-550-0169153-6','','',20000,NULL,0,NULL,0,'JHD',2,0,NULL,NULL,0,0,0,11,11,0,NULL,NULL,1,NULL,NULL,NULL,NULL,'fr_CH',NULL,NULL,1,NULL),(46,0,NULL,'2011-04-18 08:19:54','2011-04-18 12:19:50','2011-04-18 10:19:50','CARFLO',1,NULL,NULL,NULL,NULL,NULL,NULL,'133 Chemin de Beauversant','69230','Saint Genis Laval',71,1,NULL,NULL,'www.carflo.fr','sperion@carflo.fr',0,NULL,3,54,0,'489034173','','','','',80000,NULL,0,NULL,0,NULL,0,1,NULL,NULL,0,0,0,3,3,0,NULL,NULL,0,NULL,NULL,NULL,NULL,'fr_CH',NULL,NULL,1,NULL),(47,0,NULL,'2011-05-05 18:14:09','2011-04-28 12:32:10','2011-04-28 10:32:10','Etat de Vaud',1,NULL,NULL,NULL,NULL,NULL,NULL,'Département des infrastructures \r\nPlace de la Riponne 10','1014','Lausanne',196,6,'+41213167483',NULL,NULL,NULL,0,NULL,0,609,0,'','','','','',0,NULL,3,NULL,0,NULL,2,0,NULL,NULL,0,0,0,3,3,0,NULL,NULL,0,NULL,NULL,NULL,NULL,'fr_CH',NULL,NULL,1,NULL),(48,0,NULL,'2011-05-02 08:21:59','2011-05-02 12:21:55','2011-05-02 10:21:55','AXA',1,NULL,NULL,NULL,NULL,NULL,NULL,'Versicherungen AG','8401','Winterthur',199,6,'+41244635252',NULL,NULL,'stephane.guex@axa.ch',0,NULL,2,604,0,'','','CH-020.9.002.726','','',0,NULL,0,NULL,0,NULL,0,1,NULL,NULL,0,0,0,3,3,0,NULL,NULL,1,NULL,NULL,NULL,NULL,'fr_CH',NULL,NULL,1,NULL),(49,0,NULL,'2011-05-23 09:20:39','2011-05-23 11:20:35','2011-05-23 11:20:35','Distriflac',1,NULL,NULL,NULL,NULL,NULL,NULL,'Rue d\'Andrimont 159 B','4820','Dison',0,2,'+3287394324',NULL,NULL,'commande@distriflac.be',0,1,3,201,0,'001-516922-46','','','','0433.712.536',0,NULL,0,NULL,0,NULL,0,1,NULL,NULL,0,0,0,3,3,0,NULL,NULL,1,NULL,NULL,NULL,NULL,'fr_CH',NULL,NULL,1,NULL),(50,0,NULL,'2011-05-23 11:22:07','2011-05-23 13:22:02','2011-05-23 13:22:03','Bundesamt für Gesundheit',1,NULL,NULL,NULL,NULL,NULL,NULL,'','3003','Bern',177,6,NULL,NULL,NULL,NULL,0,6,0,NULL,0,'','','','','',0,NULL,0,NULL,0,NULL,0,1,NULL,NULL,0,0,0,3,3,0,NULL,NULL,0,NULL,NULL,NULL,NULL,'fr_CH',NULL,NULL,1,NULL),(51,0,NULL,'2011-05-25 07:37:03','2011-05-25 09:37:00','2011-05-25 09:37:00','France Express',1,NULL,NULL,NULL,NULL,NULL,NULL,'Z.A de Monternoz BP 18','01960','Peronnas',2,1,'+33474321696',NULL,NULL,NULL,0,NULL,3,55,0,'','95750349300125','','','',0,NULL,0,NULL,0,NULL,0,1,NULL,NULL,0,0,0,3,3,0,NULL,NULL,0,NULL,NULL,NULL,NULL,'fr_CH',NULL,NULL,1,NULL),(52,0,NULL,'2011-05-26 09:57:05','2011-05-26 11:57:00','2011-05-26 11:57:00','Reuge',1,NULL,NULL,NULL,NULL,NULL,NULL,'Route de Meyrin 283','1217','Meyrin',181,6,'+41792005843',NULL,NULL,NULL,0,NULL,8,600,0,'','','','','',0,NULL,0,NULL,0,NULL,0,1,NULL,NULL,0,0,0,3,3,0,NULL,NULL,1,NULL,NULL,NULL,NULL,'fr_CH',NULL,NULL,1,NULL),(53,0,NULL,'2011-05-31 13:55:42','2011-05-31 09:02:25','2011-05-31 09:02:25','Nickel',1,NULL,NULL,NULL,NULL,NULL,NULL,'Sacré coeur 3 VDN','10228','Dakar',0,22,'+221338608500','+221338608600',NULL,'ndoffenefall@nickel.sn',0,6,3,NULL,0,'','','','','',0,NULL,3,NULL,0,NULL,2,0,NULL,NULL,0,0,0,3,3,0,NULL,NULL,1,NULL,NULL,NULL,NULL,'fr_CH',NULL,NULL,1,NULL),(54,0,NULL,'2011-06-08 17:24:57','2011-06-08 19:24:49','2011-06-08 19:24:49','UPS United Parcel Service S.A',1,NULL,NULL,NULL,NULL,NULL,NULL,'Postfach 155','4030','Basel',178,6,NULL,NULL,NULL,NULL,0,6,2,604,0,'','','','','',0,NULL,0,NULL,0,NULL,0,1,NULL,NULL,0,0,0,3,3,0,NULL,NULL,1,NULL,NULL,NULL,NULL,'fr_CH',NULL,NULL,1,NULL),(55,0,NULL,'2011-06-10 06:52:56','2011-06-10 08:44:23','2011-06-10 08:52:53','Samuel Badoux',1,NULL,NULL,NULL,NULL,NULL,NULL,'Ch. Des Morettes 8','1197','Prangins',196,6,'+41223613272',NULL,NULL,NULL,0,NULL,0,600,0,'','','','','',0,NULL,0,NULL,0,'M.',0,1,NULL,NULL,0,0,0,3,3,0,NULL,NULL,0,NULL,NULL,NULL,NULL,'fr_CH',NULL,NULL,1,NULL),(56,0,NULL,'2011-06-24 21:28:05','2011-06-16 19:24:55','2011-06-16 19:24:55','Quebec Home\'s Wood',1,NULL,NULL,NULL,NULL,NULL,NULL,'11 Route de Croth','28260','Sore-Moussel',30,1,'+33237380038',NULL,NULL,NULL,0,4,3,55,0,'','','','','',0,NULL,3,NULL,0,NULL,2,0,NULL,NULL,0,0,0,3,3,0,NULL,NULL,1,NULL,NULL,NULL,NULL,'fr_CH',NULL,NULL,1,NULL),(57,0,NULL,'2012-02-14 07:06:18','2011-06-23 12:07:49','2012-02-14 08:06:18','Select Service Partner (Suisse) SA',1,NULL,NULL,NULL,NULL,NULL,NULL,'Route de l\'Aéroport 13\r\nCP 736','1215','Genève 15',181,6,'+41228174611','+41228174616','www.foodtravelexperts.com',NULL,0,6,2,604,0,'','','CH-020.3.029.550','','',6550000,NULL,3,NULL,0,NULL,3,0,NULL,NULL,0,0,0,3,3,0,NULL,NULL,1,NULL,NULL,NULL,NULL,'fr_CH',NULL,NULL,1,NULL),(58,0,NULL,'2011-06-24 21:27:57','2011-06-23 13:56:01','2011-06-23 13:56:01','ISS Facility Services',1,NULL,NULL,NULL,NULL,NULL,NULL,'Route des Jeunes 6','1227','Carouge',181,6,'+41223071827',NULL,'www.iss.ch',NULL,0,6,2,604,0,'','','CH-020.3.006.499','','',2750000,NULL,3,NULL,0,NULL,2,0,NULL,NULL,0,0,0,3,3,0,NULL,NULL,1,NULL,NULL,NULL,NULL,'fr_CH',NULL,NULL,1,NULL),(59,0,NULL,'2011-06-24 21:27:53','2011-06-23 14:06:17','2011-06-23 14:06:17','Proprio Services',1,NULL,NULL,NULL,NULL,NULL,NULL,'29-31 Route de l\'Aéroport\r\nCase Postale 776','1215','Genève 15',181,6,'+41227993500',NULL,NULL,NULL,0,5,3,604,0,'','','CH-660-0909009-4','','',100000,NULL,3,NULL,0,NULL,2,0,NULL,NULL,0,0,0,3,3,0,NULL,NULL,1,NULL,NULL,NULL,NULL,'fr_CH',NULL,NULL,1,NULL),(60,0,NULL,'2011-06-24 21:27:47','2011-06-24 22:38:19','2011-06-24 22:38:19','Nestlé Nespresso',1,NULL,NULL,NULL,NULL,NULL,NULL,'Route du Lac 3','1094','Paudex',196,6,'+41213217878',NULL,'www.nespresso.com',NULL,0,6,2,604,0,'','','CH-550-0098954-3','','',2000000,NULL,3,NULL,0,NULL,2,0,NULL,NULL,0,0,0,3,3,0,NULL,NULL,1,NULL,NULL,NULL,NULL,'fr_CH',NULL,NULL,1,NULL),(61,0,NULL,'2011-07-04 13:47:43','2011-07-04 15:11:05','2011-07-04 15:47:37','Administration Fédérale des Contributions',1,NULL,NULL,NULL,NULL,NULL,NULL,'Division Principale de la TVA','3003','Berne',177,6,'+41313258260',NULL,NULL,NULL,0,6,5,609,0,'','','','','',0,NULL,0,NULL,0,'AFC',0,1,NULL,NULL,0,0,0,3,3,0,NULL,NULL,1,NULL,NULL,NULL,NULL,'fr_CH',NULL,NULL,1,NULL),(62,0,NULL,'2011-07-04 13:24:24','2011-07-04 15:24:18','2011-07-04 15:24:18','Publex Fiduciaire Sàrl',1,NULL,NULL,NULL,NULL,NULL,NULL,'Route des Jeunes 9','1227','Les Acacias Genève',181,6,'+41223086120',NULL,NULL,'yh@publexfiduciaire.ch',0,1,3,606,0,'','','','','',20000,NULL,0,NULL,0,NULL,0,1,NULL,NULL,0,0,0,3,3,0,NULL,NULL,1,NULL,NULL,NULL,NULL,'fr_CH',NULL,NULL,1,NULL),(63,0,NULL,'2011-08-02 14:32:52','2011-07-27 13:22:22','2011-07-27 13:25:49','Nicolet Engineering',1,NULL,NULL,NULL,NULL,NULL,NULL,'Ch. de l\'Orio 30 A','1032','Romanel',196,6,'+41216417530','+41216417532',NULL,'pascal.mauroux@nicolet-engineering.com',0,3,2,604,0,'','','','','',0,NULL,3,NULL,0,NULL,3,0,NULL,NULL,0,0,0,3,3,0,NULL,NULL,1,NULL,NULL,NULL,NULL,'fr_CH',NULL,NULL,1,NULL),(64,0,NULL,'2011-09-01 14:06:35','2011-09-01 16:01:35','2011-09-01 16:01:35','Thermes de Val-d\'Illiez',1,NULL,NULL,NULL,NULL,NULL,NULL,'','1873','Val d\'Illiez',197,6,'+41798000142',NULL,NULL,'philippe@thermes-parc.com',0,NULL,3,604,0,'','','CH-660.0.388.997','','',100000,NULL,3,NULL,0,NULL,2,0,NULL,NULL,0,0,0,3,3,0,NULL,NULL,1,NULL,NULL,NULL,NULL,'fr_CH',NULL,NULL,1,NULL),(65,0,NULL,'2011-09-19 20:03:01','2011-09-19 22:02:52','2011-09-19 22:02:52','Reutersward',1,NULL,NULL,NULL,NULL,NULL,NULL,'Stallvägen 31','245 63','HJÄRUP',0,20,'0046733900014',NULL,NULL,NULL,0,1,8,NULL,0,'','','','','',0,NULL,0,NULL,0,NULL,1,0,NULL,NULL,0,0,0,3,3,0,NULL,NULL,0,NULL,NULL,NULL,NULL,'fr_CH',NULL,NULL,1,NULL),(66,0,NULL,'2011-10-26 06:28:34','2011-10-13 09:08:26','2011-10-13 09:08:26','Hôtel des Bergues',1,NULL,NULL,NULL,NULL,NULL,NULL,'33 Quai des Bergues','1201','Genève',181,6,'+41229087670','+41229087403','www.fourseasons.com',NULL,0,5,3,604,0,'','','CH-170-9000308-8','','',40000000,NULL,3,NULL,0,NULL,2,0,NULL,NULL,0,0,0,3,3,0,NULL,NULL,1,NULL,NULL,NULL,NULL,'fr_CH',NULL,NULL,1,NULL),(67,0,NULL,'2011-11-10 08:47:35','2011-10-13 09:13:16','2011-11-10 09:47:35','Power of One',1,NULL,NULL,NULL,NULL,NULL,NULL,'2 Pandan Valley # 07-201','597626','Singapore',0,29,'+6564670049','+6564675994','www.cleanea.com','hadi.ismail@cleanea.com',0,1,3,NULL,0,'200708635N','','','','',20000,NULL,3,NULL,0,NULL,3,0,NULL,NULL,0,0,0,3,2,0,NULL,NULL,1,NULL,NULL,NULL,NULL,'fr_CH',NULL,NULL,1,NULL),(68,0,NULL,'2013-01-08 13:29:22','2011-10-13 10:27:29','2013-01-08 14:29:19','BLANC Site Comité International Olympique',1,NULL,NULL,NULL,NULL,NULL,NULL,'Chateau de Vidy','1007','Lausanne',196,6,'+41216216111','+41216216216',NULL,NULL,0,NULL,3,609,0,'','','','','',0,NULL,0,NULL,0,NULL,1,0,NULL,NULL,0,0,0,3,2,0,NULL,NULL,1,NULL,NULL,NULL,NULL,'fr_CH',NULL,NULL,1,NULL),(69,0,NULL,'2011-10-20 16:56:09','2011-10-20 18:50:05','2011-10-20 18:50:05','Vacheron Constantin',1,NULL,NULL,NULL,NULL,NULL,NULL,'10 Chemin du Tourbillon\r\nCase postale 95','1228','Plan-les-ouates',181,6,'+41229302005',NULL,NULL,NULL,0,6,2,604,0,'','','','','',10000000,NULL,3,NULL,0,NULL,2,0,NULL,NULL,0,0,0,3,3,0,NULL,NULL,1,NULL,NULL,NULL,NULL,'fr_CH',NULL,NULL,1,NULL),(70,0,NULL,'2011-10-28 13:07:01','2011-10-28 15:07:00','2011-10-28 15:07:00','DB Schenker Schweiz AG',1,NULL,NULL,NULL,NULL,NULL,NULL,'','5074','Eiken',178,6,'+41585895300',NULL,NULL,NULL,0,NULL,2,604,0,'','','','','',1000000,NULL,0,NULL,0,NULL,0,1,NULL,NULL,0,0,0,3,3,0,NULL,NULL,1,NULL,NULL,NULL,NULL,'fr_CH',NULL,NULL,1,NULL),(71,0,NULL,'2011-10-28 14:04:15','2011-10-28 16:04:14','2011-10-28 16:04:14','Revena',1,NULL,NULL,NULL,NULL,NULL,NULL,'Chemin du Village 17','1012','Lausanne-Chailly',196,6,'+41225349603',NULL,'www.revena.com','fjp@revena.com',0,1,3,606,0,'','','','','',20000,NULL,0,NULL,0,NULL,0,1,NULL,NULL,0,0,0,3,3,0,NULL,NULL,1,NULL,NULL,NULL,NULL,'fr_CH',NULL,NULL,1,NULL),(72,0,NULL,'2011-11-01 10:18:31','2011-11-01 11:18:31','2011-11-01 11:18:31','Jetivia',1,NULL,NULL,NULL,NULL,NULL,NULL,'Route de la Galaise 32\r\nCase postale 245','1228','Plan-les-ouates',181,6,'+41229297100',NULL,NULL,'info@jetivia.ch',0,1,3,604,0,'','','','','',0,NULL,0,NULL,0,NULL,0,1,NULL,NULL,0,0,0,3,3,0,NULL,NULL,1,NULL,NULL,NULL,NULL,'fr_CH',NULL,NULL,1,NULL),(73,0,NULL,'2012-01-18 09:37:50','2011-11-01 12:23:54','2012-01-18 10:37:50','Administration Fiscale Cantonale GE',1,NULL,NULL,NULL,NULL,NULL,NULL,'26, rue du Stand\r\nCase Postale 3937','1211','Geneve 3',181,6,NULL,NULL,NULL,NULL,0,6,5,609,0,'','','','','',0,NULL,0,NULL,0,NULL,3,1,NULL,NULL,0,0,0,3,3,0,NULL,NULL,0,NULL,NULL,NULL,NULL,'fr_CH',NULL,NULL,1,NULL),(74,0,NULL,'2011-11-01 11:32:59','2011-11-01 12:32:59','2011-11-01 12:32:59','Administration Federale des Douanes',1,NULL,NULL,NULL,NULL,NULL,NULL,'Geneve Routes SD Port Franc\r\nCase Postale','1211','Geneve 26',181,6,NULL,NULL,NULL,NULL,0,6,5,609,0,'','','','','',0,NULL,0,NULL,0,NULL,0,1,NULL,NULL,0,0,0,3,3,0,NULL,NULL,1,NULL,NULL,NULL,NULL,'fr_CH',NULL,NULL,1,NULL),(75,0,NULL,'2011-11-01 11:38:30','2011-11-01 12:38:29','2011-11-01 12:38:29','Credit Suisse SA',1,NULL,NULL,NULL,NULL,NULL,NULL,'Rue de Lausanne 17','1211','Geneve',181,6,NULL,NULL,NULL,NULL,0,6,2,604,0,'','','','','',0,NULL,0,NULL,0,NULL,0,1,NULL,NULL,0,0,0,3,3,0,NULL,NULL,1,NULL,NULL,NULL,NULL,'fr_CH',NULL,NULL,1,NULL),(76,0,NULL,'2011-11-11 11:02:46','2011-11-11 11:46:32','2011-11-11 11:50:37','BBraun Medical S.A',1,NULL,NULL,NULL,NULL,NULL,NULL,'Hospital Care\r\nRoute de Sorge 9','1023','Crissier',196,6,'+41582585507',NULL,NULL,NULL,0,6,2,604,0,'','','CH-100.3.014.592-7','','',13000000,NULL,3,NULL,0,NULL,2,0,NULL,NULL,0,0,0,3,3,0,NULL,NULL,1,NULL,NULL,NULL,NULL,'fr_CH',NULL,NULL,1,NULL),(77,0,NULL,'2011-11-14 10:32:05','2011-11-14 11:30:55','2011-11-14 11:30:55','DaPrint',1,NULL,NULL,NULL,NULL,NULL,NULL,'Route de Preverenges 10\r\nCase Postale 46','1026','Denges',196,6,'+41215584888',NULL,NULL,'info@daprint.ch',0,1,3,606,0,'','','','','CHE-497.586.563 TVA',20000,NULL,0,'Toutes impressions de qualit&eacute;',0,NULL,0,1,NULL,NULL,0,0,0,3,3,0,NULL,NULL,1,NULL,NULL,NULL,NULL,'fr_CH',NULL,NULL,1,NULL),(78,0,NULL,'2011-11-14 10:40:12','2011-11-14 11:40:12','2011-11-14 11:40:12','Von Bergen',1,NULL,NULL,NULL,NULL,NULL,NULL,'Rte de l\'Industrie 94\r\nCP 167','1564','Domdidier',184,6,'+41266766060',NULL,NULL,'info@vonbergensa.ch',0,4,3,604,0,'','','','','TVA 445278',100000,NULL,0,NULL,0,NULL,0,1,NULL,NULL,0,0,0,3,3,0,NULL,NULL,1,NULL,NULL,NULL,NULL,'fr_CH',NULL,NULL,1,NULL),(79,0,NULL,'2011-11-28 15:45:26','2011-11-21 16:56:36','2011-11-21 17:01:36','Moevenpick',1,NULL,NULL,NULL,NULL,NULL,NULL,'c/o Mövenpick Hotel Zürich-Airport\r\nWalter Mittelholzerstrasse 8','8152','Glattbrugg',199,6,'+41448088170',NULL,NULL,NULL,0,6,2,604,0,'','','','','',20000000,NULL,3,NULL,0,NULL,2,0,NULL,NULL,0,0,0,3,3,0,NULL,NULL,1,NULL,NULL,NULL,NULL,'fr_CH',NULL,NULL,1,NULL),(80,0,NULL,'2011-12-15 08:03:46','2011-12-05 09:11:26','2011-12-05 09:11:26','Hopitaux Universitaires de Geneve',1,NULL,NULL,NULL,NULL,NULL,NULL,'Rue Micheli-du-Crest 24','1211','Geneve 14',181,6,'+41223826314','+41223826340',NULL,'jean-marie.bellossat@hcuge.ch',0,6,2,609,0,'','','','','',0,NULL,3,NULL,0,NULL,2,0,NULL,NULL,0,0,0,3,3,0,NULL,NULL,0,NULL,NULL,NULL,NULL,'fr_CH',NULL,NULL,1,NULL),(81,0,NULL,'2012-01-26 13:43:55','2012-01-13 11:26:58','2012-01-13 11:26:58','FitnessPark Eichstätte Zug',1,NULL,NULL,NULL,NULL,NULL,NULL,'Baarerstrasse 53','6300','Zug',198,6,'0417111313',NULL,'www.freizeitanlangen.ch',NULL,0,3,2,604,0,'','','','','',0,NULL,3,NULL,0,NULL,2,0,NULL,NULL,0,0,0,4,4,0,NULL,NULL,1,NULL,NULL,NULL,NULL,'de_DE',NULL,NULL,1,NULL),(82,0,NULL,'2013-08-16 07:18:02','2012-01-26 08:44:21','2012-01-26 08:44:21','MPM Facility service SA',1,NULL,NULL,NULL,NULL,NULL,NULL,'Rue Blavignac 10','1227','Carouge',181,6,'+41223436555',NULL,NULL,'j.planas@mpmnet.ch',0,5,3,604,0,'','','CH-660.0.859.995-3','','',100000,NULL,3,'appel le 4 janvier<br />\r\nsympa<br />\r\nclaude Joy doit passer d&eacute;poser etiquette',0,NULL,1,0,NULL,NULL,0,0,0,3,3,0,NULL,NULL,1,NULL,NULL,NULL,NULL,'fr_CH',NULL,NULL,1,NULL),(83,0,NULL,'2012-01-26 10:40:55','2012-01-26 11:40:54','2012-01-26 11:40:54','FER CIAM 106.1',1,NULL,NULL,NULL,'088.549-00',NULL,NULL,'Rue de Saint Jean 98','1211','Geneve 11',181,6,'+41227153353',NULL,NULL,NULL,0,5,5,609,0,'','','','','',0,NULL,0,NULL,0,NULL,0,1,NULL,NULL,0,0,0,3,3,0,NULL,NULL,1,NULL,NULL,NULL,NULL,'fr_CH',NULL,NULL,1,NULL),(84,0,NULL,'2012-04-05 09:08:56','2012-02-04 11:04:27','2012-03-13 11:34:36','Les Bains de Saillon',1,NULL,NULL,NULL,NULL,NULL,NULL,'Route du Centre Themal','1913','Saillon',197,6,'0041277431140','0041277431176','www.baisdesaillon.ch','info@baisdesaillon.ch',0,NULL,0,NULL,0,'','','','','',0,NULL,3,NULL,0,NULL,3,0,NULL,NULL,0,0,0,4,3,0,NULL,NULL,1,NULL,NULL,NULL,NULL,'fr_CH',NULL,NULL,1,NULL),(85,0,NULL,'2012-04-02 09:48:14','2012-02-04 11:12:12','2012-03-13 11:25:05','Burgerbad',1,NULL,NULL,NULL,NULL,NULL,NULL,'Rathausstrasse 32','3954','Leuk',197,6,'0041274722020','0041274722021','www.burgerbad.ch','info@burgerbad.ch',0,NULL,0,NULL,0,'','','','','',0,NULL,3,NULL,0,NULL,3,0,NULL,NULL,0,0,0,4,3,0,NULL,NULL,1,NULL,NULL,NULL,NULL,'de_DE',NULL,NULL,1,NULL),(86,0,NULL,'2012-02-17 15:30:36','2012-02-17 16:30:29','2012-02-17 16:30:29','Hotel Beau Rivage Lausanne',1,NULL,NULL,NULL,NULL,NULL,NULL,'','1000','Lausanne 6',196,6,'+41216133333',NULL,NULL,NULL,0,5,3,604,0,'','','CH-550-1001451-0','','',24,NULL,3,NULL,0,NULL,2,0,NULL,NULL,0,0,0,3,3,0,NULL,NULL,1,NULL,NULL,NULL,NULL,'fr_CH',NULL,NULL,1,NULL),(87,0,NULL,'2012-04-05 08:37:02','2012-03-01 16:24:16','2012-03-01 16:24:16','Organisation Mondiale de la Santé',1,NULL,NULL,NULL,NULL,NULL,NULL,'20 avenue Appia','1211','Geneve 27',181,6,'0227913224',NULL,NULL,'leechb@who.int',0,6,2,609,0,'','','','','',0,NULL,3,NULL,0,NULL,2,0,NULL,NULL,0,0,0,3,3,0,NULL,NULL,0,NULL,NULL,NULL,NULL,'fr_CH',NULL,NULL,1,NULL),(88,0,NULL,'2012-04-10 20:37:12','2012-03-09 17:04:46','2012-04-10 22:37:12','Compass Group',1,NULL,NULL,NULL,NULL,NULL,NULL,'Oberfeldstrasse 14','8302','Kloten',199,6,'0041435571111','0041435571110',NULL,NULL,0,6,2,604,0,'','','','','',0,NULL,0,NULL,0,NULL,1,0,NULL,NULL,0,0,0,4,3,0,NULL,NULL,1,NULL,NULL,NULL,NULL,'fr_CH',NULL,NULL,1,NULL),(89,0,NULL,'2012-07-12 13:05:36','2012-03-13 17:36:27','2012-03-13 17:36:27','Mifroma',1,NULL,NULL,NULL,NULL,NULL,NULL,'route du Plattiez 11','1670','Ursy',180,6,'+41219091111',NULL,NULL,NULL,0,6,2,604,0,'','','CH-217.0.330.043-9','','',3000000,NULL,3,NULL,0,NULL,2,0,NULL,NULL,0,0,0,3,3,0,NULL,NULL,1,NULL,NULL,NULL,NULL,'fr_CH',NULL,NULL,1,NULL),(90,0,NULL,'2012-04-02 14:43:49','2012-04-02 16:41:32','2012-04-02 16:41:33','SGM Consulting',1,NULL,NULL,NULL,NULL,NULL,NULL,'Rue Louis de Savoie 78','1110','Morges',196,6,'+41218047550','+41218047551',NULL,'luc.hantson@sgmconsulting.ch',0,2,3,NULL,0,'','','','','',100000,NULL,3,NULL,0,NULL,3,1,NULL,NULL,0,0,0,3,3,0,NULL,NULL,1,NULL,NULL,NULL,NULL,'fr_CH',NULL,NULL,1,NULL),(91,0,NULL,'2013-01-08 13:30:33','2012-04-04 18:06:54','2013-01-08 14:30:29','ISS Site Ecole Polytechnique Federale de Lausanne',1,NULL,NULL,NULL,NULL,NULL,NULL,'Station 1','1015','Lausanne',196,6,NULL,NULL,NULL,NULL,0,6,2,609,0,'','','','','',0,NULL,3,NULL,0,NULL,3,0,NULL,NULL,0,0,0,3,2,0,NULL,NULL,1,NULL,NULL,NULL,NULL,'fr_CH',NULL,NULL,1,NULL),(92,0,NULL,'2012-04-04 17:37:14','2012-04-04 18:52:41','2012-04-04 19:37:03','Alliance',1,NULL,NULL,NULL,NULL,NULL,NULL,'EPFL\r\nQuartier de l\'innovation\r\nBatiment J','1015','Lausanne',196,6,'+41216933575',NULL,NULL,'andre.droux@alliance-tt.ch',0,4,3,604,0,'','','','','',0,NULL,3,NULL,0,NULL,3,1,NULL,NULL,0,0,0,3,3,0,NULL,NULL,1,NULL,NULL,NULL,NULL,'fr_CH',NULL,NULL,1,NULL),(93,0,NULL,'2012-04-10 20:58:47','2012-04-04 19:52:52','2012-04-04 19:52:52','Confederation Suisse',1,NULL,NULL,NULL,NULL,NULL,NULL,'Departement Federal de l\'Economie\r\nEffingerstrasse 27','3003','Bern',177,6,NULL,NULL,NULL,NULL,0,6,5,609,0,'','','','','',0,NULL,3,NULL,0,NULL,3,1,NULL,NULL,0,0,0,3,3,0,NULL,NULL,0,NULL,NULL,NULL,NULL,'fr_CH',NULL,NULL,1,NULL),(94,0,NULL,'2012-04-10 18:10:09','2012-04-10 20:10:09','2012-04-10 20:10:09','DSV Logistics SA',1,NULL,NULL,NULL,NULL,NULL,NULL,'Via Passeggiata 24','6828','Balerna',194,6,NULL,NULL,NULL,NULL,0,6,3,604,0,'','','','','',0,NULL,0,NULL,0,NULL,0,1,NULL,NULL,0,0,0,3,3,0,NULL,NULL,1,NULL,NULL,NULL,NULL,'fr_CH',NULL,NULL,1,NULL),(95,0,NULL,'2012-04-10 19:09:42','2012-04-10 21:09:41','2012-04-10 21:09:41','Me Beaumont Eric',1,NULL,NULL,NULL,NULL,NULL,NULL,'Rue de Candolle 116','1205','Geneve',181,6,'+41223204747',NULL,'www.oher.ch','eb@oher.ch',0,3,3,600,0,'','','','','',0,NULL,0,NULL,0,NULL,0,1,NULL,NULL,0,0,0,3,3,0,NULL,NULL,1,NULL,NULL,NULL,NULL,'fr_CH',NULL,NULL,1,NULL),(96,0,NULL,'2012-04-13 11:58:03','2012-04-13 13:57:15','2012-04-13 13:58:02','Burnier & Noverraz',1,NULL,NULL,NULL,NULL,NULL,NULL,'Rue Cesar-Soulié 3\r\nCase Postale 1064','1260','Nyon',196,6,'+41223609080',NULL,NULL,NULL,0,2,3,604,0,'','','','','',0,NULL,0,NULL,0,NULL,0,1,NULL,NULL,0,0,0,3,3,0,NULL,NULL,1,NULL,NULL,NULL,NULL,'fr_CH',NULL,NULL,1,NULL),(97,0,NULL,'2012-04-13 19:13:40','2012-04-13 21:13:39','2012-04-13 21:13:39','Etablissement Cantonal d\'Assurance',1,NULL,NULL,NULL,NULL,NULL,NULL,'Rue Juste Olivier 5 Bis\r\nCase Postale 1150','1260','Nyon',196,6,NULL,NULL,NULL,NULL,0,6,5,609,0,'','','','','',0,NULL,0,NULL,0,NULL,0,1,NULL,NULL,0,0,0,3,3,0,NULL,NULL,1,NULL,NULL,NULL,NULL,'fr_CH',NULL,NULL,1,NULL),(98,0,NULL,'2012-06-11 17:49:16','2012-05-24 12:39:19','2012-06-11 19:49:15','CNordic AB',1,NULL,NULL,NULL,NULL,NULL,NULL,'C/O Pontus Reuterswärd\r\nStallvägen 31','24563','Hjärup',0,20,'+4673-3900014',NULL,NULL,'pontus@cleanea.com',0,1,3,NULL,0,'556890-7074','','','','',100000,NULL,3,NULL,0,NULL,3,1,NULL,NULL,0,0,0,3,3,0,NULL,NULL,1,NULL,NULL,NULL,NULL,'fr_CH',NULL,NULL,1,NULL),(99,0,NULL,'2012-07-12 12:52:45','2012-06-07 11:43:42','2012-06-07 11:49:27','CICR',1,NULL,NULL,NULL,NULL,NULL,NULL,'19, avenue de la Paix','1202','Genève',181,6,'0227346001',NULL,NULL,NULL,0,6,2,609,0,'','','','','',0,NULL,3,NULL,0,NULL,2,0,NULL,NULL,0,0,0,22,22,0,NULL,NULL,1,NULL,NULL,NULL,NULL,'fr_CH',NULL,NULL,1,NULL),(100,0,NULL,'2012-07-12 12:52:24','2012-06-07 11:52:20','2012-06-07 11:53:36','Etat de Genève',1,NULL,NULL,NULL,NULL,NULL,NULL,'4, rue de l\'Hôtel de Ville','1204','Genève',181,6,'0224182460',NULL,NULL,NULL,0,NULL,2,NULL,0,'','','','','',0,NULL,3,NULL,0,NULL,2,0,NULL,NULL,0,0,0,22,22,0,NULL,NULL,1,NULL,NULL,NULL,NULL,'fr_CH',NULL,NULL,1,NULL),(101,0,NULL,'2012-07-12 12:52:14','2012-06-20 11:49:04','2012-06-20 11:49:06','Clinique la Tour',1,NULL,NULL,NULL,NULL,NULL,NULL,'avenue J.-D.-Maillard 3','1217','Meyrin',181,6,'0227196161',NULL,NULL,NULL,0,NULL,0,NULL,0,'','','','','',0,NULL,3,NULL,0,NULL,3,0,NULL,NULL,0,0,0,22,22,0,NULL,NULL,1,NULL,NULL,NULL,NULL,'fr_CH',NULL,NULL,1,NULL),(102,0,NULL,'2012-06-21 13:10:38','2012-06-21 15:05:08','2012-06-21 15:10:38','ATRADUIRE',1,NULL,NULL,NULL,NULL,NULL,NULL,'Immeuble le Richelieu\r\n10 Blvd Carnot','21000','Dijon',23,1,NULL,NULL,'www.atraduire.com','france@atraduire.com',0,NULL,3,54,0,'','','','','',0,NULL,0,NULL,0,NULL,0,1,NULL,NULL,0,0,0,3,3,0,NULL,NULL,1,NULL,NULL,NULL,NULL,'fr_CH',NULL,NULL,1,NULL),(103,0,NULL,'2013-07-08 07:17:55','2012-07-05 16:30:37','2013-07-08 09:17:53','ISS Facility Services SA',1,NULL,NULL,NULL,NULL,NULL,NULL,'Avenue des Baumettes 23','1020','Renens',196,6,'+41587878705',NULL,NULL,NULL,0,6,2,604,0,'','','CH-550.1.032.299-7','','CHE-116.272.071',0,NULL,0,NULL,0,NULL,1,1,NULL,NULL,0,0,0,3,27,0,NULL,NULL,1,NULL,NULL,NULL,NULL,'fr_CH',NULL,NULL,1,NULL),(104,0,NULL,'2012-07-20 13:59:54','2012-07-17 15:03:23','2012-07-17 15:06:51','Hotel President Wilson',1,NULL,NULL,NULL,NULL,NULL,NULL,'Quai Wilson 47','1211','Geneve 21',181,6,'+41229066666','+41227324993',NULL,NULL,0,5,3,604,0,'','','CH-660.0.049.960-6','','',5000000,NULL,3,NULL,0,NULL,3,0,NULL,NULL,0,0,0,3,3,0,NULL,NULL,1,NULL,NULL,NULL,NULL,'fr_CH',NULL,NULL,1,NULL),(105,0,NULL,'2012-08-08 08:05:03','2012-07-17 18:08:04','2012-07-17 18:08:04','Spanish Wax',1,NULL,NULL,NULL,NULL,NULL,NULL,'Cleanea Eastern Europe Master Franchisee\r\nRue des Grenadiers 2','1700','Fribourg',180,6,NULL,NULL,NULL,'zoltan.p.david@gmail.com',0,3,3,606,0,'','','CH-217.3.539.592-7','','',20000,NULL,3,NULL,0,NULL,3,1,NULL,NULL,0,0,0,3,3,0,NULL,NULL,1,NULL,NULL,NULL,NULL,'fr_CH',NULL,NULL,1,NULL),(106,0,NULL,'2012-08-08 08:05:11','2012-07-19 10:40:24','2012-07-19 10:57:38','Initial Suisse SA',1,NULL,NULL,NULL,NULL,NULL,NULL,'9 Chemin de l\'Ancien-Péage','1290','Versoix',181,6,NULL,NULL,NULL,NULL,0,3,3,604,0,'','','CH-241.3.007.607-6','','',250000,NULL,3,NULL,0,NULL,3,0,NULL,NULL,0,0,0,3,3,0,NULL,NULL,1,NULL,NULL,NULL,NULL,'fr_CH',NULL,NULL,1,NULL),(107,0,NULL,'2012-07-27 14:46:47','2012-07-27 16:46:46','2012-07-27 16:46:46','Kaiser Kraft',1,NULL,NULL,NULL,NULL,NULL,NULL,'Rue des Jordils 40','1025','Saint Sulpice',196,6,'+41216952288',NULL,NULL,'vente@kaiserkraft.ch',0,4,3,604,0,'','','','','',0,NULL,0,NULL,0,NULL,0,1,NULL,NULL,0,0,0,3,3,0,NULL,NULL,1,NULL,NULL,NULL,NULL,'fr_CH',NULL,NULL,1,NULL),(108,0,NULL,'2012-08-30 12:44:19','2012-08-13 11:01:22','2012-08-30 14:44:19','Etat de Genève',1,NULL,NULL,NULL,NULL,NULL,NULL,'Collège de la Colombière\r\nChemin de la Colombière 9','1290','vernier',181,6,'+41223079500',NULL,NULL,NULL,0,NULL,0,NULL,0,'','','','','',0,NULL,3,NULL,0,NULL,3,1,NULL,NULL,0,0,0,22,22,0,NULL,NULL,1,NULL,NULL,NULL,NULL,'fr_CH',NULL,NULL,1,NULL),(109,0,NULL,'2012-08-30 12:22:57','2012-08-13 11:04:28','2012-08-30 14:22:56','Ville de Vernier',1,NULL,NULL,NULL,NULL,NULL,NULL,'Rue du Village 9','1214','vernier',181,6,'+41223060606','+41223060660',NULL,NULL,0,NULL,0,NULL,0,'','','','','',0,NULL,3,NULL,0,NULL,3,1,NULL,NULL,0,0,0,22,22,0,NULL,NULL,1,NULL,NULL,NULL,NULL,'fr_CH',NULL,NULL,1,NULL),(110,0,NULL,'2012-08-30 12:14:03','2012-08-13 11:06:46','2012-08-30 14:14:02','HSG Zander (Suisse) SA',1,NULL,NULL,NULL,NULL,NULL,NULL,'Route des Jeunes 9','1227','Les Acacias Genève',181,6,'+41223084777',NULL,NULL,'inforomandie@hsgzander.ch',0,NULL,0,NULL,0,'','','','','',0,NULL,3,NULL,0,NULL,3,1,NULL,NULL,0,0,0,22,22,0,NULL,NULL,1,NULL,NULL,NULL,NULL,'fr_CH',NULL,NULL,1,NULL),(111,0,NULL,'2012-08-13 14:25:47','2012-08-13 16:24:53','2012-08-13 16:25:47','Emil Frey',1,NULL,NULL,NULL,NULL,NULL,NULL,'Route de Champs Colin 1','1260','Nyon',196,6,'+41223651616',NULL,NULL,NULL,0,6,3,604,0,'','','','','231 398',0,NULL,0,NULL,0,NULL,0,1,NULL,NULL,0,0,0,3,3,0,NULL,NULL,1,NULL,NULL,NULL,NULL,'fr_CH',NULL,NULL,1,NULL),(112,0,NULL,'2012-10-25 07:00:58','2012-10-25 08:54:34','2012-10-25 09:00:57','Hotel Kempinsky',1,NULL,NULL,NULL,NULL,NULL,NULL,'Quai du Mont-Blanc 19','1201','Genève',181,6,NULL,NULL,NULL,NULL,0,5,3,604,0,'','','','','',0,NULL,3,NULL,0,NULL,3,0,NULL,NULL,0,0,0,3,3,0,NULL,NULL,1,NULL,NULL,NULL,NULL,'fr_CH',NULL,NULL,1,NULL),(113,0,NULL,'2013-06-28 08:21:11','2012-11-01 15:42:09','2013-06-18 13:14:24','ONET Genève - Site Global Fund to Fight AIDS',1,NULL,NULL,NULL,NULL,NULL,NULL,'Monsieur Julien Ponsot\r\nresponsable  Qualité Sécurité Environnement\r\nrue Alexandre-Gavard, 16','1227','Carouge',181,6,NULL,NULL,NULL,NULL,0,6,3,604,0,'','','','','',0,NULL,3,'Chemin de Blandonnet 8<br />\r\nCH-1214 Vernier<br />\r\n<br />\r\nMaintenance &agrave; facturer',0,NULL,1,0,NULL,NULL,0,0,0,3,27,0,NULL,NULL,1,NULL,NULL,NULL,NULL,'fr_CH',NULL,NULL,1,NULL),(114,0,NULL,'2013-01-08 13:39:16','2013-01-08 14:39:12','2013-01-08 14:39:12','BLANC Site Montreux palace',1,NULL,NULL,NULL,NULL,NULL,NULL,'',NULL,NULL,0,6,NULL,NULL,NULL,NULL,0,NULL,0,NULL,0,'','','','','',0,NULL,0,NULL,0,NULL,1,0,NULL,NULL,0,0,0,2,2,0,NULL,NULL,1,NULL,NULL,NULL,NULL,'fr_CH',NULL,NULL,1,NULL),(115,0,NULL,'2013-01-08 13:41:34','2013-01-08 14:41:30','2013-01-08 14:41:30','BLANC Site Globus Lausanne',1,NULL,NULL,NULL,NULL,NULL,NULL,'',NULL,NULL,0,6,NULL,NULL,NULL,NULL,0,NULL,0,NULL,0,'','','','','',0,NULL,0,NULL,0,NULL,1,0,NULL,NULL,0,0,0,2,2,0,NULL,NULL,1,NULL,NULL,NULL,NULL,'fr_CH',NULL,NULL,1,NULL),(116,0,NULL,'2013-06-28 08:22:30','2013-05-07 10:29:19','2013-06-18 13:11:45','ONET Lausanne - Site Migros Romanel/Lausanne',1,NULL,NULL,NULL,NULL,NULL,NULL,'Chemin du Château, 3','1023','Crissier',196,6,NULL,NULL,NULL,NULL,0,NULL,0,NULL,0,'','','','','',0,NULL,0,'En F&eacute;lezin<br />\r\nCH-1032 Romanel sur Lausanne<br />\r\n<br />\r\nMaintenance &agrave; facturer',0,NULL,1,1,NULL,NULL,0,0,0,21,27,0,NULL,NULL,1,NULL,NULL,NULL,NULL,'fr_CH',NULL,NULL,1,NULL),(117,0,NULL,'2013-05-07 15:09:42','2013-05-07 17:09:38','2013-05-07 17:09:38','DIEMAND',1,NULL,NULL,NULL,NULL,NULL,NULL,'Avenue de Provence 18','1000','Lausanne 20',196,6,'+41216200100',NULL,NULL,NULL,0,NULL,0,NULL,0,'','','','','',0,NULL,0,NULL,0,NULL,0,1,NULL,NULL,0,0,0,2,2,0,NULL,NULL,1,NULL,NULL,NULL,NULL,'fr_CH',NULL,NULL,1,NULL),(118,0,NULL,'2013-05-07 15:14:54','2013-05-07 17:14:49','2013-05-07 17:14:50','Tribunal Cantonal',1,NULL,NULL,NULL,NULL,NULL,NULL,'','1014','Lausanne',196,6,NULL,NULL,NULL,NULL,0,NULL,0,NULL,0,'','','','','',0,NULL,0,NULL,0,NULL,0,1,NULL,NULL,0,0,0,2,2,0,NULL,NULL,1,NULL,NULL,NULL,NULL,'fr_CH',NULL,NULL,1,NULL),(119,0,NULL,'2013-06-14 15:05:37','2013-06-07 15:40:05','2013-06-14 17:05:32','CJ Logistique',1,NULL,NULL,NULL,NULL,NULL,NULL,'Case postale 205','2002','Neuchâtel',186,6,'+41327240953',NULL,'www.cjlogistique.ch','info@cjlogistique.ch',0,NULL,0,NULL,0,'','','','','CHE-114.811.382',0,NULL,0,NULL,0,NULL,0,1,NULL,NULL,0,0,0,27,27,0,NULL,NULL,1,NULL,NULL,NULL,NULL,'fr_CH',NULL,NULL,1,NULL),(120,0,NULL,'2013-06-10 13:30:31','2013-06-10 15:30:27','2013-06-10 15:30:27','Briner & Brunisholz',1,NULL,NULL,NULL,NULL,NULL,NULL,'Cours des Bastions 5','1205','Geneve',181,6,'+41228191080','+41228191089','www.bblaw.ch','mail@bblaw.ch',0,NULL,0,NULL,0,'','','','','',0,NULL,0,NULL,0,NULL,0,1,NULL,NULL,0,0,0,27,27,0,NULL,NULL,1,NULL,NULL,NULL,NULL,'fr_CH',NULL,NULL,1,NULL),(121,0,NULL,'2013-06-10 14:53:00','2013-06-10 16:52:56','2013-06-10 16:52:56','Ville de Genève',1,NULL,NULL,NULL,NULL,NULL,NULL,'Rue Pierre-Fatio 17\r\nCase Postale 3693','1211','Geneve 3',181,6,'+41224186194','+41224186171',NULL,NULL,0,NULL,0,NULL,0,'','','','','',0,NULL,0,NULL,0,NULL,0,1,NULL,NULL,0,0,0,27,27,0,NULL,NULL,1,NULL,NULL,NULL,NULL,'fr_CH',NULL,NULL,1,NULL),(122,0,NULL,'2013-06-10 15:18:39','2013-06-10 17:18:34','2013-06-10 17:18:34','Charpiot Transports',1,NULL,NULL,NULL,NULL,NULL,NULL,'Case Postale 76','2926','Boncourt',0,6,'+41324755275',NULL,NULL,NULL,0,NULL,0,NULL,0,'','','','','',0,NULL,0,NULL,0,NULL,0,1,NULL,NULL,0,0,0,27,27,0,NULL,NULL,1,NULL,NULL,NULL,NULL,'fr_CH',NULL,NULL,1,NULL),(124,0,NULL,'2013-06-18 11:18:31','2013-06-14 15:12:29','2013-06-18 13:16:07','ONET Lausanne - Site Philip Morris Lausanne',1,NULL,NULL,NULL,NULL,NULL,NULL,'',NULL,NULL,0,6,NULL,NULL,NULL,NULL,0,NULL,0,NULL,0,'','','','','',0,NULL,0,'Avenue de Rhodanie 50<br />\r\nCH-1007 Lausanne',0,NULL,1,0,NULL,NULL,0,0,0,27,27,0,NULL,NULL,1,NULL,NULL,NULL,NULL,'fr_CH',NULL,NULL,1,NULL),(125,0,NULL,'2013-06-28 08:21:34','2013-06-14 15:52:16','2013-06-18 13:16:29','ONET Genève - Site Philip Morris Neuchâtel',1,NULL,NULL,NULL,NULL,NULL,NULL,'',NULL,NULL,0,6,NULL,NULL,NULL,NULL,0,NULL,0,NULL,0,'','','','','',0,NULL,0,'Quai Jeanrenaud 3<br />\r\nCH-2000 Neuch&acirc;tel<br />\r\n<br />\r\nMaintenance &agrave; facturer<br />\r\n<br />\r\n',0,NULL,1,1,NULL,NULL,0,0,0,27,27,0,NULL,NULL,1,NULL,NULL,NULL,NULL,'fr_CH',NULL,NULL,1,NULL),(126,0,NULL,'2013-06-24 07:36:02','2013-06-14 16:02:44','2013-06-24 09:33:50','BLANC Site EMS Les Pins',1,NULL,NULL,NULL,NULL,NULL,NULL,'',NULL,NULL,0,6,NULL,NULL,NULL,NULL,0,NULL,0,NULL,0,'','','','','',0,NULL,0,NULL,0,NULL,3,1,NULL,NULL,0,0,0,27,27,0,NULL,NULL,1,NULL,NULL,NULL,NULL,'fr_CH',NULL,NULL,1,NULL),(127,0,NULL,'2013-06-18 16:44:28','2013-06-18 18:44:23','2013-06-18 18:44:23','PSE',1,NULL,NULL,NULL,NULL,NULL,NULL,'PSE-C','1015','Lausanne',196,6,NULL,NULL,NULL,NULL,0,NULL,0,NULL,0,'','','','','',0,NULL,0,NULL,0,NULL,0,1,NULL,NULL,0,0,0,27,27,0,NULL,NULL,1,NULL,NULL,NULL,NULL,'fr_CH',NULL,NULL,1,NULL),(128,0,NULL,'2013-06-18 16:48:23','2013-06-18 18:48:18','2013-06-18 18:48:18','EPFL - Domaine IT',1,NULL,NULL,NULL,NULL,NULL,NULL,'Station 8','1015','Lausanne',196,6,NULL,NULL,NULL,NULL,0,NULL,0,NULL,0,'','','','','',0,NULL,0,NULL,0,NULL,0,1,NULL,NULL,0,0,0,27,27,0,NULL,NULL,1,NULL,NULL,NULL,NULL,'fr_CH',NULL,NULL,1,NULL),(129,0,NULL,'2013-06-19 12:39:32','2013-06-19 14:39:28','2013-06-19 14:39:28','Frais S Schmaltz',1,NULL,NULL,NULL,NULL,NULL,NULL,'',NULL,NULL,0,6,NULL,NULL,NULL,NULL,0,NULL,0,NULL,0,'','','','','',0,NULL,0,NULL,0,NULL,0,1,NULL,NULL,0,0,0,27,27,0,NULL,NULL,1,NULL,NULL,NULL,NULL,'fr_CH',NULL,NULL,1,NULL),(130,0,NULL,'2013-06-19 12:39:45','2013-06-19 14:39:42','2013-06-19 14:39:42','Frais JC Pruvost',1,NULL,NULL,NULL,NULL,NULL,NULL,'',NULL,NULL,0,6,NULL,NULL,NULL,NULL,0,NULL,0,NULL,0,'','','','','',0,NULL,0,NULL,0,NULL,0,1,NULL,NULL,0,0,0,27,27,0,NULL,NULL,1,NULL,NULL,NULL,NULL,'fr_CH',NULL,NULL,1,NULL),(131,0,NULL,'2013-07-15 08:42:37','2013-07-15 10:42:35','2013-07-15 10:42:35','Saxoprint',1,NULL,NULL,NULL,NULL,NULL,NULL,'Seefeldstrasse 69','8008','Zürich',199,6,NULL,NULL,NULL,NULL,0,NULL,0,604,0,'','','','CH-020.3.036.600-8','',0,NULL,0,NULL,0,NULL,0,1,NULL,NULL,0,0,0,27,27,0,NULL,NULL,1,NULL,NULL,NULL,NULL,'fr_CH',NULL,NULL,1,NULL),(132,0,NULL,'2013-07-15 09:49:03','2013-07-15 11:49:00','2013-07-15 11:49:00','Presto Café Services',1,NULL,NULL,NULL,NULL,NULL,NULL,'Route d\'Arnier 4','1092','Belmont sur Lausanne',0,6,'+41217215220',NULL,NULL,NULL,0,NULL,0,604,0,'','','','','',0,NULL,0,NULL,0,NULL,0,1,NULL,NULL,0,0,0,27,27,0,NULL,NULL,1,NULL,NULL,NULL,NULL,'fr_CH',NULL,NULL,1,NULL),(133,0,NULL,'2013-08-15 07:17:51','2013-08-15 09:17:51','2013-08-15 09:17:51','EMS Les Pins',1,NULL,NULL,NULL,NULL,NULL,NULL,'Chemin de l\'Erse 2','1218','Le Grand Saconnex',181,6,'+41225954100','+41225954199',NULL,NULL,0,NULL,0,NULL,0,'','','','','',0,NULL,0,NULL,0,NULL,3,1,NULL,NULL,0,0,0,27,27,0,NULL,NULL,1,NULL,NULL,NULL,NULL,'fr_CH',NULL,NULL,1,NULL),(134,0,NULL,'2013-08-27 07:49:04','2013-08-19 09:48:00','2013-08-27 09:49:04','Cercle des Agriculteurs de Genève & environs',1,NULL,NULL,NULL,NULL,NULL,NULL,'Rue des Sablières 15\r\nZimeysa','1217','Satigny',181,6,NULL,NULL,NULL,NULL,0,NULL,0,NULL,0,'','','','','',0,NULL,0,NULL,0,NULL,0,1,NULL,NULL,0,0,0,27,27,0,NULL,NULL,1,NULL,NULL,NULL,NULL,'fr_CH',NULL,NULL,1,NULL),(135,0,NULL,'2013-08-19 11:43:56','2013-08-19 13:43:21','2013-08-19 13:43:56','CADES',1,NULL,NULL,NULL,NULL,NULL,NULL,'Rue de Morges 24\r\nCase postale','1023','Crissier',196,6,'+41217060303','+41217060309','www.cades.ch','info@cades.ch',0,NULL,0,NULL,0,'','','CHE-107.592.306','CH-550.0.080.442-3','CHE-107.592.306',0,NULL,0,NULL,0,NULL,3,1,NULL,NULL,0,0,0,27,27,0,NULL,NULL,1,NULL,NULL,NULL,NULL,'fr_CH',NULL,NULL,1,NULL),(136,0,NULL,'2013-08-27 08:00:30','2013-08-27 10:00:30','2013-08-27 10:00:30','Inocs Sàrl',1,NULL,NULL,NULL,NULL,NULL,NULL,'Route de Chavannes 27D','1007','Lausanne',196,6,'+41786589316',NULL,NULL,NULL,0,NULL,0,NULL,0,'','','','','',0,NULL,0,NULL,0,NULL,3,1,NULL,NULL,0,0,0,27,27,0,NULL,NULL,1,NULL,NULL,NULL,NULL,'fr_CH',NULL,NULL,1,NULL),(137,0,NULL,'2013-09-02 07:33:43','2013-09-02 09:33:43','2013-09-02 09:33:43','Vitsolnet',1,NULL,NULL,NULL,NULL,NULL,NULL,'Avenue Wendt 16','1203','Genève',181,6,NULL,NULL,NULL,NULL,0,NULL,0,604,0,'','','CHE-103.227.871','CH-660.0.253.984-6','CHE-103.227.871',50000,NULL,0,NULL,0,NULL,3,1,NULL,NULL,0,0,0,27,27,0,NULL,NULL,1,NULL,NULL,NULL,NULL,'fr_CH',NULL,NULL,1,NULL);

--
-- Table structure for table `llx_societe_address`
--

CREATE TABLE `llx_societe_address` (
  `rowid` int(11) NOT NULL AUTO_INCREMENT,
  `datec` datetime DEFAULT NULL,
  `tms` timestamp NOT NULL DEFAULT CURRENT_TIMESTAMP ON UPDATE CURRENT_TIMESTAMP,
  `label` varchar(30) DEFAULT NULL,
  `fk_soc` int(11) DEFAULT '0',
  `name` varchar(60) DEFAULT NULL,
  `address` varchar(255) DEFAULT NULL,
  `cp` varchar(10) DEFAULT NULL,
  `ville` varchar(50) DEFAULT NULL,
  `fk_pays` int(11) DEFAULT '0',
  `tel` varchar(20) DEFAULT NULL,
  `fax` varchar(20) DEFAULT NULL,
  `note` text,
  `fk_user_creat` int(11) DEFAULT NULL,
  `fk_user_modif` int(11) DEFAULT NULL,
  PRIMARY KEY (`rowid`)
) ENGINE=InnoDB DEFAULT CHARSET=utf8;

--
-- Dumping data for table `llx_societe_address`
--


--
-- Table structure for table `llx_societe_commerciaux`
--

CREATE TABLE `llx_societe_commerciaux` (
  `rowid` int(11) NOT NULL AUTO_INCREMENT,
  `fk_soc` int(11) DEFAULT NULL,
  `fk_user` int(11) DEFAULT NULL,
  PRIMARY KEY (`rowid`),
  UNIQUE KEY `uk_societe_commerciaux` (`fk_soc`,`fk_user`)
) ENGINE=InnoDB AUTO_INCREMENT=137 DEFAULT CHARSET=utf8;

--
-- Dumping data for table `llx_societe_commerciaux`
--

INSERT INTO `llx_societe_commerciaux` VALUES (1,1,3),(2,2,3),(3,3,3),(4,4,5),(5,5,2),(6,6,2),(7,7,3),(8,8,3),(9,9,3),(10,10,3),(11,11,6),(12,12,6),(13,13,6),(14,14,3),(15,15,2),(16,16,3),(17,17,3),(18,18,3),(19,19,3),(20,20,3),(21,21,3),(22,22,3),(23,23,11),(24,25,12),(25,26,12),(26,27,12),(27,28,12),(28,29,3),(29,30,3),(30,32,3),(31,33,11),(32,34,3),(33,35,3),(34,36,3),(35,37,3),(36,38,3),(37,39,5),(102,40,3),(39,41,3),(40,42,5),(41,43,3),(42,44,12),(43,45,11),(44,46,3),(45,47,3),(46,48,3),(47,49,3),(48,50,3),(49,51,3),(50,52,3),(51,53,3),(52,54,3),(53,55,3),(54,56,3),(55,57,3),(56,58,3),(57,59,3),(58,60,12),(59,61,3),(60,62,3),(61,63,3),(62,64,3),(63,65,3),(64,66,3),(65,67,3),(66,68,3),(67,69,18),(68,70,3),(69,71,3),(70,72,3),(71,73,3),(72,74,3),(73,75,3),(74,76,3),(75,77,3),(76,78,3),(77,79,3),(78,80,3),(79,81,4),(80,82,3),(81,83,3),(82,84,4),(83,85,4),(84,86,3),(85,87,3),(86,88,4),(87,89,3),(88,90,3),(89,91,3),(90,92,3),(91,93,3),(92,94,3),(93,95,3),(94,96,3),(95,97,3),(96,98,3),(97,99,22),(98,100,22),(99,101,22),(100,102,3),(101,103,3),(103,104,3),(104,105,3),(105,106,3),(106,107,3),(107,108,22),(108,109,22),(109,110,22),(110,111,3),(111,112,3),(112,113,3),(113,114,2),(114,115,2),(115,116,21),(116,117,2),(117,118,2),(118,119,27),(119,120,27),(120,121,27),(121,122,27),(122,123,27),(123,124,27),(124,125,27),(125,126,27),(126,127,27),(127,128,27),(128,129,27),(129,130,27),(130,131,27),(131,132,27),(132,133,27),(133,134,27),(134,135,27),(135,136,27),(136,137,27);

--
-- Table structure for table `llx_societe_extrafields`
--

CREATE TABLE `llx_societe_extrafields` (
  `rowid` int(11) NOT NULL AUTO_INCREMENT,
  `tms` timestamp NOT NULL DEFAULT CURRENT_TIMESTAMP ON UPDATE CURRENT_TIMESTAMP,
  `fk_object` int(11) NOT NULL,
  PRIMARY KEY (`rowid`),
  KEY `idx_societe_extrafields` (`fk_object`)
) ENGINE=InnoDB DEFAULT CHARSET=latin1;

--
-- Dumping data for table `llx_societe_extrafields`
--


--
-- Table structure for table `llx_societe_log`
--

CREATE TABLE `llx_societe_log` (
  `id` int(11) NOT NULL AUTO_INCREMENT,
  `datel` datetime DEFAULT NULL,
  `fk_soc` int(11) DEFAULT NULL,
  `fk_statut` int(11) DEFAULT NULL,
  `fk_user` int(11) DEFAULT NULL,
  `author` varchar(30) DEFAULT NULL,
  `label` varchar(128) DEFAULT NULL,
  PRIMARY KEY (`id`)
) ENGINE=InnoDB DEFAULT CHARSET=utf8;

--
-- Dumping data for table `llx_societe_log`
--


--
-- Table structure for table `llx_societe_prices`
--

CREATE TABLE `llx_societe_prices` (
  `rowid` int(11) NOT NULL AUTO_INCREMENT,
  `fk_soc` int(11) DEFAULT '0',
  `tms` timestamp NULL DEFAULT NULL,
  `datec` datetime DEFAULT NULL,
  `fk_user_author` int(11) DEFAULT NULL,
  `price_level` tinyint(4) DEFAULT '1',
  PRIMARY KEY (`rowid`)
) ENGINE=InnoDB DEFAULT CHARSET=utf8;

--
-- Dumping data for table `llx_societe_prices`
--


--
-- Table structure for table `llx_societe_remise`
--

CREATE TABLE `llx_societe_remise` (
  `rowid` int(11) NOT NULL AUTO_INCREMENT,
  `fk_soc` int(11) NOT NULL,
  `tms` timestamp NOT NULL DEFAULT CURRENT_TIMESTAMP ON UPDATE CURRENT_TIMESTAMP,
  `datec` datetime DEFAULT NULL,
  `fk_user_author` int(11) DEFAULT NULL,
  `remise_client` double(6,3) NOT NULL DEFAULT '0.000',
  `note` text,
  PRIMARY KEY (`rowid`)
) ENGINE=InnoDB DEFAULT CHARSET=utf8;

--
-- Dumping data for table `llx_societe_remise`
--


--
-- Table structure for table `llx_societe_remise_except`
--

CREATE TABLE `llx_societe_remise_except` (
  `rowid` int(11) NOT NULL AUTO_INCREMENT,
  `fk_soc` int(11) NOT NULL,
  `datec` datetime DEFAULT NULL,
  `amount_ht` double(24,8) NOT NULL,
  `amount_tva` double(24,8) NOT NULL DEFAULT '0.00000000',
  `amount_ttc` double(24,8) NOT NULL DEFAULT '0.00000000',
  `tva_tx` double(6,3) NOT NULL DEFAULT '0.000',
  `fk_user` int(11) NOT NULL,
  `fk_facture_line` int(11) DEFAULT NULL,
  `fk_facture` int(11) DEFAULT NULL,
  `fk_facture_source` int(11) DEFAULT NULL,
  `description` varchar(255) NOT NULL,
  PRIMARY KEY (`rowid`),
  KEY `idx_societe_remise_except_fk_user` (`fk_user`),
  KEY `idx_societe_remise_except_fk_soc` (`fk_soc`),
  KEY `idx_societe_remise_except_fk_facture_line` (`fk_facture_line`),
  KEY `idx_societe_remise_except_fk_facture` (`fk_facture`),
  KEY `idx_societe_remise_except_fk_facture_source` (`fk_facture_source`),
  CONSTRAINT `fk_societe_remise_fk_facture` FOREIGN KEY (`fk_facture`) REFERENCES `llx_facture` (`rowid`),
  CONSTRAINT `fk_societe_remise_fk_facture_line` FOREIGN KEY (`fk_facture_line`) REFERENCES `llx_facturedet` (`rowid`),
  CONSTRAINT `fk_societe_remise_fk_facture_source` FOREIGN KEY (`fk_facture_source`) REFERENCES `llx_facture` (`rowid`),
  CONSTRAINT `fk_societe_remise_fk_soc` FOREIGN KEY (`fk_soc`) REFERENCES `llx_societe` (`rowid`),
  CONSTRAINT `fk_societe_remise_fk_user` FOREIGN KEY (`fk_user`) REFERENCES `llx_user` (`rowid`)
) ENGINE=InnoDB AUTO_INCREMENT=4 DEFAULT CHARSET=utf8;

--
-- Dumping data for table `llx_societe_remise_except`
--

INSERT INTO `llx_societe_remise_except` VALUES (1,67,'2011-12-05 13:17:36',4920.00000000,0.00000000,4920.00000000,0.000,3,NULL,NULL,27,'(CREDIT_NOTE)'),(2,1,'2013-06-18 13:35:35',833.33000000,66.67000000,900.00000000,8.000,2,NULL,NULL,94,'(CREDIT_NOTE)'),(3,1,'2013-06-18 13:38:04',541.67000000,43.33000000,585.00000000,8.000,27,NULL,65,95,'(CREDIT_NOTE)');

--
-- Table structure for table `llx_societe_rib`
--

CREATE TABLE `llx_societe_rib` (
  `rowid` int(11) NOT NULL AUTO_INCREMENT,
  `fk_soc` int(11) NOT NULL,
  `datec` datetime DEFAULT NULL,
  `tms` timestamp NOT NULL DEFAULT CURRENT_TIMESTAMP ON UPDATE CURRENT_TIMESTAMP,
  `label` varchar(30) DEFAULT NULL,
  `bank` varchar(255) DEFAULT NULL,
  `code_banque` varchar(7) DEFAULT NULL,
  `code_guichet` varchar(6) DEFAULT NULL,
  `number` varchar(255) DEFAULT NULL,
  `cle_rib` varchar(5) DEFAULT NULL,
  `bic` varchar(10) DEFAULT NULL,
  `iban_prefix` varchar(34) DEFAULT NULL,
  `domiciliation` varchar(255) DEFAULT NULL,
  `proprio` varchar(60) DEFAULT NULL,
  `adresse_proprio` varchar(255) DEFAULT NULL,
  PRIMARY KEY (`rowid`)
) ENGINE=InnoDB AUTO_INCREMENT=2 DEFAULT CHARSET=utf8;

--
-- Dumping data for table `llx_societe_rib`
--

INSERT INTO `llx_societe_rib` VALUES (1,6,'2011-03-14 10:53:01','2011-03-14 09:53:42',NULL,'HSBC ','','','00500132796','','CCFRFRPP05','FR7630056000500050013279648','Paris / St Augustin','Cleanea SAS','Rue Jacotot 13\r\nFR - 92800 Puteaux ');

--
-- Table structure for table `llx_socpeople`
--

CREATE TABLE `llx_socpeople` (
  `rowid` int(11) NOT NULL AUTO_INCREMENT,
  `datec` datetime DEFAULT NULL,
  `tms` timestamp NOT NULL DEFAULT CURRENT_TIMESTAMP ON UPDATE CURRENT_TIMESTAMP,
  `fk_soc` int(11) DEFAULT NULL,
  `entity` int(11) NOT NULL DEFAULT '1',
  `civilite` varchar(6) DEFAULT NULL,
  `name` varchar(50) DEFAULT NULL,
  `firstname` varchar(50) DEFAULT NULL,
  `address` varchar(255) DEFAULT NULL,
  `cp` varchar(25) DEFAULT NULL,
  `ville` varchar(255) DEFAULT NULL,
  `fk_departement` int(11) DEFAULT NULL,
  `fk_pays` int(11) DEFAULT '0',
  `birthday` date DEFAULT NULL,
  `poste` varchar(80) DEFAULT NULL,
  `phone` varchar(30) DEFAULT NULL,
  `phone_perso` varchar(30) DEFAULT NULL,
  `phone_mobile` varchar(30) DEFAULT NULL,
  `fax` varchar(30) DEFAULT NULL,
  `email` varchar(255) DEFAULT NULL,
  `jabberid` varchar(255) DEFAULT NULL,
  `priv` smallint(6) NOT NULL DEFAULT '0',
  `fk_user_creat` int(11) DEFAULT '0',
  `fk_user_modif` int(11) DEFAULT NULL,
  `note` text,
  `default_lang` varchar(6) DEFAULT NULL,
  `canvas` varchar(32) DEFAULT NULL,
  `import_key` varchar(14) DEFAULT NULL,
  PRIMARY KEY (`rowid`),
  KEY `idx_socpeople_fk_soc` (`fk_soc`),
  KEY `idx_socpeople_fk_user_creat` (`fk_user_creat`),
  CONSTRAINT `fk_socpeople_fk_soc` FOREIGN KEY (`fk_soc`) REFERENCES `llx_societe` (`rowid`),
  CONSTRAINT `fk_socpeople_user_creat_user_rowid` FOREIGN KEY (`fk_user_creat`) REFERENCES `llx_user` (`rowid`)
) ENGINE=InnoDB AUTO_INCREMENT=96 DEFAULT CHARSET=utf8;

--
-- Dumping data for table `llx_socpeople`
--

INSERT INTO `llx_socpeople` VALUES (1,'2011-02-14 18:01:34','2012-04-05 07:22:42',2,1,'MR','Pillonel','Didier','Route de Jussy 5','1225','Chêne-Bourg',181,6,'1969-04-05','Directeur Développement International','+41228692444','','+41765583314','','didier.pillonel@5asec.com','',0,3,3,'',NULL,NULL,NULL),(2,'2011-02-14 18:04:38','2011-02-14 17:04:42',2,1,'MR','Grande','Eric','Route de Jussy 5','1225','Chêne-Bourg',181,6,NULL,'Responsable Technique','+41228692437','','+41763841645','','eric.grande@5asec.com','',0,3,3,'',NULL,NULL,NULL),(3,'2011-02-14 19:26:49','2013-01-04 14:03:04',4,1,'MR','Schallenbaum','Markus','Gallerie Saint Francois A','1003','Lausanne',196,6,NULL,'Directeur / Administrateur','+792106803','','','','Markuscook@hotmail.com','',0,3,2,'',NULL,NULL,NULL),(4,'2011-02-15 18:02:44','2011-02-15 17:04:11',8,1,'MR','Gaspos','Nicolas','Route de l\'Aéroport 21','1218','Le Grand-Saconnex',181,6,NULL,'Directeur Infrastructures et Planifications','+41227177200','','','','nicolas.gaspoz@gva.ch','',0,3,3,'Via Nathalie Panot / Aznar (jean-marc)',NULL,NULL,NULL),(5,'2011-02-15 18:07:29','2011-02-15 17:07:36',7,1,'MR','Patermo','Marc','Route François-Peyrot 34','1218','Le Grand-Saconnex',181,6,NULL,'Directeur Financier','+41227470204','','','','m.patermo@shgeneva.ch','',0,3,3,'',NULL,NULL,NULL),(6,'2011-02-15 18:09:58','2011-02-15 17:10:05',7,1,'MME','Dupont','Marina','Route François-Peyrot 34','1218','Le Grand-Saconnex',181,6,NULL,'Directrice des Ressources Humaines','+41227470203','','','','m.dupont@shgeneva.ch','',0,3,3,'ISO 9001 / 14001',NULL,NULL,NULL),(7,'2011-02-25 16:20:20','2011-03-02 09:40:22',9,1,'MME','Fernandez','Isabelle','Le Chalet-à-Gobet Case Postale 37','1000','Lausanne',196,6,NULL,'Gouvernante Générale','+41217851211','','','','isabelle.fernandez@ehl.ch','',0,3,3,'',NULL,NULL,NULL),(8,'2011-02-25 18:03:31','2011-02-25 17:03:39',10,1,'MR','Boesch','Hans','Oberfeldstrasse 14','8302','Kloten',199,6,NULL,'CEO','','','+41792863509','','','',1,3,3,'',NULL,NULL,NULL),(9,'2011-03-01 15:09:40','2011-03-01 14:09:45',11,1,'MR','JOYE','Dominique','Boulangerie Industrielle Bisa S.A.\r\n154, route de Thonon','1222','Vésenaz',181,6,NULL,'Directeur des magasins','0228559700','','0798006726','0227720102','d.joye@bisa.ch','',0,6,6,'',NULL,NULL,NULL),(10,'2011-03-01 15:16:56','2011-03-01 14:17:01',12,1,'MR','VOUILLOZ','Bernard','rue des boudines 2\r\ncp 367','1217','meyrin',181,6,NULL,'responsable des installations sportives - services des sports','0227823289','','','0227828208','bernard.vouilloz@meyrin.ch','',0,6,6,'',NULL,NULL,NULL),(11,'2011-03-01 15:26:41','2011-03-02 09:39:38',13,1,'MR','ROLLIN','Michel','Rue de Lausanne 14','1201','Genève',181,6,NULL,'Directeur','0227168000','','','0227168001','mrollin@warwickhotels.com','',0,6,3,'',NULL,NULL,NULL),(12,'2011-03-02 11:46:49','2011-03-02 10:46:37',17,1,'MR','Bonelli','Franck','Route Suisse 7','1295','Mies',196,6,NULL,'Head of Sales & Operations','+41227554147','','+41799607294','','franck.bonelli@sodexo.com','',0,3,3,'Contact Willy / Ancien élève école hôtelière SL',NULL,NULL,NULL),(13,'2011-03-02 11:51:54','2011-03-02 10:51:41',18,1,'MR','Liotier','Jean-Marc','Avenue de la Gare 10 ','1003','Lausanne',196,6,NULL,'Responsable des ventes Suisse','','','+41792914247','','jm.liotier@vrankenpommery.ch','',0,3,3,'Ex Ecole Hôtelière',NULL,NULL,NULL),(14,'2011-03-14 09:22:32','2011-03-14 08:22:24',28,1,'MR','Bolay','Alexandre','Ch. Messidor 5','1006','Lausanne',196,6,NULL,'Technical and Quality Director','+41 21 796 99 15','','','','','',1,12,12,'',NULL,NULL,NULL),(15,'2011-03-15 11:46:01','2011-03-15 10:46:05',32,1,'MR','Cucheval','Christophe','Route de Saint-Cergue 312','1260','Nyon 1',196,6,NULL,'Coordination nettoyage','+41223651157','','','+223651020','christophe.cucheval@paleo.ch','',0,3,3,'',NULL,NULL,NULL),(16,'2011-03-15 16:48:08','2012-06-09 14:07:59',33,1,'MME','Scheidegger','','Faubourg du Lac 6\r\nCase Postale','2501','Bienne',177,6,NULL,'Secrétaire du CEO de ','+41323436705','','','','','',0,11,3,'',NULL,NULL,NULL),(17,'2011-03-15 18:31:37','2011-03-15 17:31:45',35,1,'MR','De Piante','Giorgio','Route du Lac 2','1094','Paudex',196,6,NULL,'Chef de l\'Organisation','+41217963300','','','+41217963311','gdepiante@centrepatronal.ch','',0,3,3,'',NULL,NULL,NULL),(18,'2011-03-15 18:38:54','2011-03-15 17:39:01',13,1,'MME','Baillargeon','','Rue de Lausanne 14','1201','Geneve',181,6,NULL,'Cost Controler','+41227168000','','','','','',0,3,3,'',NULL,NULL,NULL),(19,'2011-03-15 18:47:34','2011-03-15 17:47:41',36,1,'MR','Pilot','Arnaud','Quai du Mont-Blanc 13','1201','Geneve',181,6,NULL,'Gouvernant Général','+41227166841','','','','housekeeping@beau-rivage.ch','',0,3,3,'',NULL,NULL,NULL),(20,'2011-03-15 18:55:55','2011-03-15 17:56:03',37,1,'MR','Hassan','Philippe','','','',NULL,6,NULL,'Brooker','','','','','','',0,3,3,'',NULL,NULL,NULL),(21,'2011-03-18 16:03:10','2011-03-18 15:03:16',39,1,'MME','Cavin','Jacqueline','Ch. de l\'Usine à Gaz 19','1020','Renens',196,6,NULL,'responsable achats','+41 21 315 22 50','','','+41 21 315 80 20','jacqueline.cavin@lausanne.ch','',0,5,5,'',NULL,NULL,NULL),(22,'2011-03-21 12:30:27','2011-03-21 11:30:32',40,1,'MR','Antonucci','Paolo','Rue de l\'industrie 68','1030','Bussigny-Lausanne',196,6,NULL,'Abteilungleiter Facility & Services SR','+41217065644','','+41792916358','','paolo.antonucci@manor.ch','',0,3,3,'Par Christian Coppey / N2 de Maus WPO',NULL,NULL,NULL),(23,'2011-03-22 11:43:47','2011-03-22 10:43:52',31,1,'MME','Freymond','Viviane','Route du Boiron 19','1260','Nyon',196,6,NULL,'Directrice','+41223621340','','','','info@laboironette.ch','',0,3,3,'Via Alain Anderegg',NULL,NULL,NULL),(24,'2011-03-28 10:01:27','2011-03-28 08:01:30',42,1,'MR','Lecomte','Francis','Ch. de la Gottrause 10','1023','Crissier',196,6,NULL,'','+41 21 634 44 04','','+41 79 671 99 03','+41 21 634 44 09','francis.lecomte@cleaning-service.ch','',0,5,5,'',NULL,NULL,NULL),(25,'2011-03-28 13:45:59','2011-03-28 11:46:05',25,1,'MME','Grobety','Doris','Chemin du Chene 7D','1020','Renens',196,6,NULL,'Directrice','+41216372071','','','','dgrobety@pms-parkings.ch','',0,3,3,'Via Didier Pillonel',NULL,NULL,NULL),(26,'2011-03-29 22:51:55','2011-03-29 20:52:05',43,1,'MME','Dos Santos','Maria','Rue de la Poterie 35','1202','Genève',181,6,NULL,'Intendante Générale','+41227081990','','','','maria.dossantos@vesperale.ch','',0,3,3,'',NULL,NULL,NULL),(27,'2011-04-28 10:34:23','2011-04-28 08:34:27',47,1,'MR','Rossin','Thierry','Place de la Riponne 10','1014','Lausanne',196,6,NULL,'Chef d\'exploitation Districts','+41213167464','','+41793592042','','thierry.rossin@vd.ch','',0,3,3,'',NULL,NULL,NULL),(28,'2011-04-28 10:34:32','2011-04-28 08:34:36',47,1,'MR','Rossin','Thierry','Place de la Riponne 10','1014','Lausanne',196,6,NULL,'Chef d\'exploitation Districts','+41213167464','','+41793592042','','thierry.rossin@vd.ch','',0,3,3,'',NULL,NULL,NULL),(29,'2011-04-28 10:40:53','2011-04-28 08:40:56',47,1,'MR','Moccand','Philippe','Département des infrastructures\r\nPlace de la Riponne 10','1014','Lausanne',196,6,NULL,'Chef d\'Exploitation Lausanne','+41213167483','','+41763621144','','philippe.moccand@vd.ch','',0,3,3,'',NULL,NULL,NULL),(30,'2011-05-31 09:06:01','2011-05-31 07:06:04',53,1,'MR','Fall','Coumba Ndoffene','Sacré Coeur 3 VDN','10228','Dakar',NULL,22,NULL,'Directeur Commercial','','','+221776390038','','ndoffenefall@nickel.sn','',0,3,3,'Via Mamour Dioum',NULL,NULL,NULL),(31,'2011-06-07 09:28:56','2011-06-28 09:14:11',7,1,'MME','Mottier','Anne-Marie','','','',181,6,NULL,'Gouvernante Générale','+41227470276','','+41763623831','','a.mottier@shgeneva.ch','',0,3,3,'',NULL,NULL,NULL),(32,'2011-06-14 10:06:47','2011-06-14 08:06:51',8,1,'MR','Teuscher','Denis','CP 100','1215','Genève 15',181,6,NULL,'Responsable de Projets','+41227177464','','','','denis.teuscher@gva.ch','',0,3,3,'',NULL,NULL,NULL),(33,'2011-06-16 19:26:44','2011-06-16 17:26:51',56,1,'MR','Borget','Stephane','11 Route de Croth \r\n','28260','Sorel-Moussel',30,1,NULL,'Directeur','+33237380038','','','','s.borget@qhw-inc.com','',0,3,3,'',NULL,NULL,NULL),(34,'2011-06-23 12:08:53','2011-06-23 10:08:58',57,1,'MR','Voûte','Lancelot','','','',NULL,6,NULL,'Cost controler','','','+41798800943','','lancelot.voute@ssp-ch.com','',0,3,3,'',NULL,NULL,NULL),(35,'2011-06-23 13:57:39','2011-06-23 11:57:44',58,1,'MR','Favre','Thierry','Route des Jeunes 6','1227','Carouge',181,6,NULL,'','+41223071827','','+41793700402','','thierry.favre@iss.ch','',0,3,3,'Responsable secteur publiques / Aeroport AIG',NULL,NULL,NULL),(36,'2011-06-23 13:58:24','2011-06-23 12:00:06',58,1,'MR','Favier Bosson','Christophe','Succursale de Crissier\r\nRoute de Prilly 23','1023','Crissier',196,6,NULL,'Directeur Suisse Romande','+41223071822','','','','christophe.favier-bosson@issworld.com','',0,3,3,'',NULL,NULL,NULL),(37,'2011-06-23 14:09:47','2011-06-23 12:09:52',59,1,'MR','Zagaria','Riccardo','Route de l\'Aéroport 29-31\r\nCase Postale 776','1215','Genève 15',181,6,NULL,'Directeur Technique','+41227993500','','+41799638177','','rz@proprio-services.com','',0,3,3,'Via AIG',NULL,NULL,NULL),(38,'2011-06-24 22:40:17','2011-06-24 20:40:26',60,1,'MR','Bolay','Alexandre John','Route du Lac 3','1094','Paudex',196,6,NULL,'Directeur Technique et qualité Suisse','+41213217800','','+41792969545','','alexandre.bolay@nespresso.com','',0,3,3,'VIa Didier Pillonel',NULL,NULL,NULL),(39,'2011-08-05 11:18:06','2011-08-05 09:18:10',2,1,'MR','Martin','Fernando','1-3 Route de Jussy','1225','Ch^ne-Bourg',181,6,NULL,'Group Technical Manager','','','+34619207706','','fernando.martin@5asec.com','',0,3,3,'DCI International SA',NULL,NULL,NULL),(40,'2011-09-19 22:02:53','2011-09-19 20:03:01',65,1,'','Reutersward','','Stallvägen 31','245 63','HJÄRUP',NULL,NULL,NULL,'','','','','','','',0,3,3,'',NULL,NULL,NULL),(41,'2011-10-13 09:10:06','2011-10-13 07:10:08',66,1,'MR','Rebelo','Luis','33 Quai des Bergues','1201','Genève',181,6,NULL,'Chef Stewarding','+41229087670','','','','luis.rebelo@fourseasons.com','',0,3,3,'Via Nicolas Bellaton',NULL,NULL,NULL),(42,'2011-10-13 09:16:17','2011-10-13 07:16:18',67,1,'MR','Ismail','Hadi','2 Pandan Valley, #07-201','597626','Singapore',NULL,29,NULL,'Président','+6564670049','','+6598160400','','hadi.ismail@cleanea.com','',0,3,3,'Master Franchisee Asia',NULL,NULL,NULL),(43,'2011-10-20 18:52:12','2011-10-20 16:55:35',69,1,'MME','Casalotto','Muriel','10 Chemin du Tourbillion','1228','Plan-les-Ouates',181,6,NULL,'Facilities Manager','+41229302170','','','','muriel.casalotto@vacheron-constantin.com','',0,3,3,'',NULL,NULL,NULL),(44,'2011-10-20 21:42:03','2011-10-20 19:45:27',8,1,'MR','Placa','Giuseppe','Case Postale 100','1215','Geneve 15',181,6,NULL,'Gestionnaire de Prestations d\'entretien','+41227177549','','+41797054521','','giuseppe.placa@gva.ch','',0,3,3,'',NULL,NULL,NULL),(45,'2011-11-11 11:48:34','2011-11-11 10:48:35',76,1,'MR','Ronchi','Patrick','Route de Sorge 9','1023','Crissier',196,6,NULL,'Responsable nettoyage / decontamination','+41582585507','','','','patrick.ronchi@bbraun.com','',0,3,3,'',NULL,NULL,NULL),(46,'2011-11-21 16:58:15','2011-11-21 15:58:16',79,1,'MR','Peres','Jean Gabriel','Mövenpick Hotels & Resorts\r\nc/o Mövenpick Hotel Zürich-Airport\r\nWalter Mittelholzerstrasse 8','8152','Glattbrugg',199,6,NULL,'CEO','+41 44 808 81 70','','','','Jean-Gabriel.Peres@moevenpick.com','',0,3,3,'',NULL,NULL,NULL),(47,'2011-11-21 17:03:34','2011-11-21 16:03:35',79,1,'MR','Flury','Stefan','Mövenpick Hotels & Resorts\r\nc/o Mövenpick Hotel Zürich-Airport\r\nWalter Mittelholzerstrasse 8','8152','Glattbrugg',199,6,NULL,'COO Switzerland','+41 44 808 81 70','','','','Stefan.Flury@moevenpick.com','',0,3,3,'',NULL,NULL,NULL),(48,'2011-11-21 17:05:35','2011-11-21 16:05:35',79,1,'MR','Landry','Dominique','Moevenpick Hotel Lausanne\r\n4 Avenue de Rhodanie','1000','Lausanne 6',196,6,NULL,'Dir. de la Restauration Moevenpick','+41216127612','','','','dominique.landry@moevenpick.com','',0,3,3,'',NULL,NULL,NULL),(49,'2011-12-05 09:12:36','2011-12-05 08:13:23',80,1,'MR','Bellossat','Jean-Marie','Avenue de la Roseraie 70','1205','Genève',181,6,NULL,'Acheteur / Achat généraux','+41223826328','','','','jean-marie.bellossat@hcuge.ch','',0,3,3,'',NULL,NULL,NULL),(50,'2011-12-05 09:23:00','2011-12-05 08:23:00',2,1,'MME','Geismar','Carol','Dry Clean International DCI SA\r\n1-3 Route de Jussy','1225','Chene-Bourg',181,6,NULL,'International Development Manager','+41228608040','','+41791030891','','carol.geismar@5asec.com','',0,3,3,'Italie',NULL,NULL,NULL),(51,'2011-12-05 09:25:20','2012-02-21 07:26:11',9,1,'MME','Strub-Cordero','Christine','Le Chalet-à-Gobet\r\nCase Postale 37','1000','Lausanne 25',196,6,NULL,'Purchasing Manager','+41217851262','','','','christine.strub@ehl.ch','',0,3,3,'',NULL,NULL,NULL),(52,'2011-12-15 09:18:41','2011-12-15 08:18:41',80,1,'MR','Pasquier','Frederic','','','',181,6,NULL,'Responsable Qualité HUG','','','004179 689 99 62','','frederic.pasquier@hcuge.ch','',0,3,3,'',NULL,NULL,NULL),(53,'2012-02-04 11:07:23','2012-02-08 14:51:23',84,1,'MR','Raymond','Michel','Route du Cente Thermal','1913','Saillon',197,6,NULL,'Responsable service Technique','0041277431140','','0041792138234','0041277431176','technique@bainsdesaillon.ch','',0,4,3,'',NULL,NULL,NULL),(54,'2012-02-04 11:14:37','2012-02-04 10:14:37',85,1,'MR','Roten','Mauro','Rathausstrasse 32 \r\n','3954','Leuk',197,6,NULL,'Techniser Leiter','0041274722020','','0041794755145','0041274722021','mauro.roten@burgerbad.ch','',0,4,4,'',NULL,NULL,NULL),(55,'2012-02-08 16:01:09','2012-02-08 15:01:09',25,1,'MME','Beaubis','Fanny','Ch. du Chêne 7D - CP 138 ','1020','Renens',196,6,NULL,'Marketing','+41 21 637 23 86','','','','tran@pms-parkings.ch','',0,3,3,'',NULL,NULL,NULL),(56,'2012-02-17 16:36:17','2012-02-17 15:36:19',86,1,'MME','Ducoloné','Vanessa-Nadège','','1000','Lausanne 6',196,6,NULL,'Purchasing Manager','+41216133396','','+41793095541','','vn.ducolone@brp.ch','',0,3,3,'',NULL,NULL,NULL),(57,'2012-02-28 14:37:48','2012-02-28 13:37:48',1,1,'MR','Charmey','Bains','Les bains de la Gruyere\r\nGros-Plan 30','1650','Charmey',180,6,NULL,'','','','','','','',0,3,3,'',NULL,NULL,NULL),(58,'2012-03-09 17:12:03','2012-03-09 16:12:03',88,1,'MR','Wymann','Markus','Oberfeldstrasse 14','8302','Kloten',199,6,NULL,'Process-& Quality Management Consultant / Internal Auditor','0041435571051','','0041797769233','0041435571051','markus.wymann@compass-group.ch','',0,4,4,'',NULL,NULL,NULL),(59,'2012-03-09 17:14:29','2012-03-09 16:14:29',88,1,'MR','Schmutz','Chrisophe','Oberfeldstrasse 14','8302','Kloten',199,6,NULL,'Quality & Safety Auditor','0041435571040','','0041797204620','','christophe.schmutz@compass-group.ch','',0,4,4,'',NULL,NULL,NULL),(60,'2012-03-15 17:21:47','2012-03-15 16:21:48',9,1,'MR','Jaton','Jean-Pierre','Le Chalet-à-Gobet\r\nCase Postale 37','1000','Lausanne 25',196,6,NULL,'Responsable des Infrastructures OP','+41217851157','','+41799582951','','jean-pierre-jaton@ehl.ch','',0,3,3,'',NULL,NULL,NULL),(61,'2012-03-22 11:42:10','2012-03-22 10:42:11',1,1,'','Bains de Lavey','','','','lavey les bains',NULL,6,NULL,'','','','','','','',0,3,3,'',NULL,NULL,NULL),(62,'2012-04-02 16:49:29','2012-04-02 14:49:30',90,1,'MR','Hantson','Luc-Pascal','Rue Louis de Savoie 78','1110','Morges',196,6,NULL,'Partner','+41218047550','','+41 79 100 95 16','','luc.hantson@sgmconsulting.ch','',0,3,3,'',NULL,NULL,NULL),(63,'2012-04-03 13:53:10','2012-04-03 11:53:10',6,1,'MR','Deslandes','Max','','','',NULL,6,NULL,'','','','','','','',0,3,3,'',NULL,NULL,NULL),(64,'2012-04-04 18:11:19','2012-04-04 16:21:56',91,1,'MR','Vollichard','Philippe','EPFL - VPPL\r\nBuiling CE - CE 0612','1015','',196,6,NULL,'Sustainability Officier','+41216933663','','','','philippe.vollichard@epfl.ch','',0,3,3,'',NULL,NULL,NULL),(65,'2012-04-04 18:26:32','2012-04-04 16:28:55',91,1,'MR','Monney','Laurent','Domaine Immobilier - Infrastructures\r\nEPFL PL DII - Intendance\r\nBS 121 / Batiment BS\r\nStation 4','1015','Lausanne',196,6,NULL,'Chef de Service','+41216933641','','+41795938723','','laurent.monney@epfl.ch','',0,3,3,'',NULL,NULL,NULL),(66,'2012-04-04 18:32:55','2012-04-04 16:32:56',91,1,'MR','Monney','Denis','Domaine Immobilier et Infrastructures\r\nEPFL PL DII-I\r\nCE 1 017 / Centre Est\r\nStation 10','1015','Lausanne',196,6,NULL,'Chef Concierge','+41216933045','','','','denis.monney@epfl.ch','',0,3,3,'',NULL,NULL,NULL),(67,'2012-04-04 18:54:55','2012-04-04 16:54:55',92,1,'MR','Droux','Andre','EPFL \r\nQuartier de l\'Innovation\r\nBatiment J','1015','Lausanne',196,6,NULL,'Conseiller Technologique','+41216933575','','','','andre.droux@alliance-tt.ch','',0,3,3,'',NULL,NULL,NULL),(68,'2012-04-04 19:55:36','2012-04-04 17:55:36',93,1,'MME','Stotzer','Helen','OFFT DFE\r\nEiffingerstrasse 27','3003','Bern',177,6,NULL,'Resp Communication','+41313222124','','+41796390250','','helen.stotzer@bbt.admin.ch','',0,3,3,'',NULL,NULL,NULL),(69,'2012-04-18 08:56:10','2012-04-18 06:56:12',80,1,'MME','Beaud-Peiry','Brigitte','Rue Gabrielle-Perret-Gentil 4','1211','Geneve 14',181,6,NULL,'Service Propreté hygiène','+41223826821','','','','brigitte.beaud-peiry@hcuge.ch','',0,3,3,'',NULL,NULL,NULL),(70,'2012-06-04 15:59:46','2012-06-04 13:59:46',9,1,'','Depart. des Finances','','Case Postale 37','1000','Lausanne 25',196,6,NULL,'','','','','','','',0,3,3,'',NULL,NULL,NULL),(71,'2012-06-07 11:48:58','2012-06-07 09:49:00',99,1,'MR','Saugy','Christian','19 avenue de la Paix','1201','Genève',181,6,NULL,'chef adjoint département finance&administration','022 734 60 01','','','','csaugy@icrc.org','',0,22,22,'',NULL,NULL,NULL),(72,'2012-06-07 11:56:24','2012-06-07 09:56:25',100,1,'MME','Kunzler','Michèle','','','',NULL,6,NULL,'Conseillère d\'Etat','','','','','','',0,22,22,'',NULL,NULL,NULL),(73,'2012-06-20 11:51:17','2012-06-20 09:51:17',101,1,'MME','Da Rocha','Selema','','1217','Meyrin',181,6,NULL,'Responsable achat entretien','022 719 61 61','','','','','',0,22,22,' à contacter début septembre 2012',NULL,NULL,NULL),(74,'2012-07-12 09:23:37','2012-07-12 07:23:37',22,1,'MR','Aeberli','Urs','Baslerstrasse 50\r\nPostfach 32','8066','Zürich',199,6,NULL,'Directeur d\'exploitation des centres commerciaux','+41444973579','','+41792265801','+41444973657','u.aeberli@maus.ch','',0,3,3,'Via Manor Bussigny et Christian Coppet',NULL,NULL,NULL),(75,'2012-07-12 12:00:51','2013-01-08 13:38:19',1,1,'','BLANC site Montreux Palace','','','','',196,6,NULL,'','','','','','','',0,3,2,'',NULL,NULL,NULL),(76,'2012-07-12 12:01:11','2012-07-12 10:01:11',1,1,'','CIO','','','','',196,6,NULL,'','','','','','','',0,3,3,'',NULL,NULL,NULL),(77,'2012-07-17 15:08:06','2012-07-17 13:08:06',104,1,'MR','Genot','Matthieu','Quai Wilson 47','1211','Geneve 21',181,6,NULL,'Resp. des Achats','+41229066011','','','','m.genot@hotelpwilson.com','',0,3,3,'',NULL,NULL,NULL),(78,'2012-07-19 11:03:40','2012-07-19 09:03:40',106,1,'MR','Liardon','Serge','Route de l\'ancien Péage 9','12','Versoix',181,6,NULL,'Directeur Suisse','','','','','','',0,3,3,'',NULL,NULL,NULL),(79,'2012-08-22 15:38:26','2012-08-22 13:38:27',23,1,'MR','Cretin','Ludovic','Rue Piguet 17\r\nCP 123','1347','Le Sentier',196,6,NULL,'Resp. Service Bâtiment','+41218451659','','','','ludovic.cretin@blancpain.com','',0,3,3,'',NULL,NULL,NULL),(80,'2012-08-30 14:16:05','2012-08-30 12:16:05',9,1,'MR','Iannotti','Franco','Le Chalet à Gobet\r\nCase Postale 37','1000','Lausanne',196,6,NULL,'Operator Housekeeping','+41217851296','','+41787100740','','franco.iannotti@ehl.ch','',0,3,3,'',NULL,NULL,NULL),(81,'2012-08-30 14:17:34','2012-08-30 12:17:35',110,1,'MME','Fonseca','Isaurinda','Route des Jeunes 9','1227','Les Acacias Genève',181,6,NULL,'Responsable des Achats','+4122 308 47 77','','','+ 41 22 306 47 70','isaurinda.fonseca@hsgzander.ch','',0,22,22,'visite les 22 et 29 août 2012\r\ndoit nous recontacter',NULL,NULL,NULL),(82,'2012-08-30 14:30:06','2012-08-30 12:30:07',109,1,'MR','BIOLLEY','Jean-Luc','Via Monnet 3','1214','vernier',181,6,NULL,'Responsable des équipements','+4122 306 07 00','','','+ 41 22 306 07 01','jlbiolley@vernier.ch','',0,22,22,'',NULL,NULL,NULL),(83,'2012-08-30 14:35:25','2012-08-30 12:35:25',109,1,'MR','BIOLLEY','Jean-Luc','Via Monnet 3','','',181,6,NULL,'Responsable des équipements','+4122 306 07 00','','','+ 41 22 306 07 01','jlbiolley@vernier.ch','',0,22,22,'',NULL,NULL,NULL),(84,'2012-08-30 14:49:39','2012-08-30 12:49:40',108,1,'MR','DECRIND','Philippe','Chemin de la Colombière','1290','Versoix',181,6,NULL,'responsable des achats','','','+41 79508 42 92','','philippe.decrind@etat.ge.ch','',0,22,22,'s\'occupe de l\'achat des materiaux d\'entretien  pour l ensemble des collèges université de Genève',NULL,NULL,NULL),(85,'2012-10-25 09:04:55','2012-10-25 10:59:55',112,1,'MR','Demierre','Joêl','Quai du Mont-Blanc 19','1201','Genève',181,6,NULL,'','','','','','','',0,3,3,'',NULL,NULL,NULL),(86,'2012-12-27 15:25:23','2012-12-27 14:25:27',82,1,'MR','Marques Dos Santos','Fernando Manuel','','','',NULL,6,NULL,'technicien machine cleanea','+44223436555','','','','','',0,21,21,'',NULL,NULL,NULL),(87,'2013-01-04 15:11:58','2013-01-04 14:12:38',4,1,'','Femme de ménage','Maria','','','',NULL,6,NULL,'','+41762933719','','+41762933719','','','',0,2,2,'',NULL,NULL,NULL),(88,'2013-01-08 14:28:10','2013-01-08 13:28:13',20,1,'MR','RUIZ','','','','',NULL,6,NULL,'Inspectteur Blanc','','','0041794774610','','','',0,2,2,'',NULL,NULL,NULL),(89,'2013-01-08 14:31:49','2013-01-08 13:31:53',91,1,'','COUTELIER','Pascal','','','',NULL,6,NULL,'Chef de secteur','+41799640440','','','','','',0,2,2,'',NULL,NULL,NULL),(90,'2013-01-08 14:35:54','2013-01-23 13:47:08',43,1,'MR','CARNEIRO','Carlos','','','',NULL,6,NULL,'inspecteur Blanc','+41794774621','','+41794774621','','','',0,2,15,'',NULL,NULL,NULL),(91,'2013-01-24 18:20:40','2013-01-24 17:20:45',4,1,'','resp du site','carole','','','',NULL,6,NULL,'','','','+41794555957','','','',0,2,2,'',NULL,NULL,NULL),(92,'2013-01-28 12:14:17','2013-01-28 11:14:20',31,1,'','CATIOPO','Amelia','','','',NULL,6,NULL,'resp intendance sous Prashunt','','','','','','',0,2,2,'',NULL,NULL,NULL),(93,'2013-02-05 10:31:05','2013-02-05 09:31:41',113,1,'','MABUYA','Baudoin','','','',NULL,6,NULL,'','0041 79 4 57 33 59','','0041 79 4 57 33 59','','','',0,2,2,'',NULL,NULL,NULL),(94,'2013-05-07 17:10:31','2013-05-07 15:10:36',117,1,'MR','GIL','Miguel','','','',NULL,6,NULL,'','021 620 01 35','','','','','',0,2,2,'',NULL,NULL,NULL),(95,'2013-09-16 11:48:53','2013-09-16 09:48:53',82,1,'MR','Pedro','','','','',NULL,6,NULL,'technicien - responsable de site','0797983095','','','','','',0,21,21,'',NULL,NULL,NULL);

--
-- Table structure for table `llx_stock_mouvement`
--

CREATE TABLE `llx_stock_mouvement` (
  `rowid` int(11) NOT NULL AUTO_INCREMENT,
  `tms` timestamp NOT NULL DEFAULT CURRENT_TIMESTAMP ON UPDATE CURRENT_TIMESTAMP,
  `datem` datetime DEFAULT NULL,
  `fk_product` int(11) NOT NULL,
  `fk_entrepot` int(11) NOT NULL,
  `value` int(11) DEFAULT NULL,
  `price` float(13,4) DEFAULT '0.0000',
  `type_mouvement` smallint(6) DEFAULT NULL,
  `fk_user_author` int(11) DEFAULT NULL,
  `label` varchar(128) DEFAULT NULL,
  PRIMARY KEY (`rowid`),
  KEY `idx_stock_mouvement_fk_product` (`fk_product`),
  KEY `idx_stock_mouvement_fk_entrepot` (`fk_entrepot`)
) ENGINE=InnoDB AUTO_INCREMENT=138 DEFAULT CHARSET=utf8;

--
-- Dumping data for table `llx_stock_mouvement`
--

INSERT INTO `llx_stock_mouvement` VALUES (1,'2011-02-21 07:46:46','2011-02-21 08:46:44',1,1,3,0.0000,0,3,''),(2,'2011-03-03 08:46:01','2011-03-03 09:46:13',5,1,20,0.0000,0,3,''),(3,'2011-03-03 08:46:15','2011-03-03 09:46:27',4,1,20,0.0000,0,3,''),(4,'2011-05-23 09:35:46','2011-05-23 11:35:42',5,1,360,0.0000,0,3,''),(5,'2011-05-23 09:36:39','2011-05-23 11:36:35',4,1,360,0.0000,0,3,''),(6,'2011-05-26 11:47:20','2011-05-26 13:47:15',1,1,1,0.0000,0,3,''),(7,'2011-05-26 11:48:05','2011-05-26 13:48:00',1,1,-3,0.0000,1,3,'Vendue'),(8,'2011-05-26 11:49:19','2011-05-26 13:49:14',9,1,1,0.0000,0,3,''),(9,'2011-08-11 08:39:15','2011-08-11 10:39:11',1,1,5,0.0000,0,3,'Machines HS'),(10,'2012-04-19 13:35:58','2012-04-19 15:35:58',31,1,1,0.0000,0,6,''),(11,'2012-04-19 14:43:39','2012-04-19 16:43:38',124,1,6,0.0000,0,6,''),(12,'2012-04-19 14:44:15','2012-04-19 16:44:15',123,1,1,0.0000,0,6,''),(13,'2012-04-19 14:44:32','2012-04-19 16:44:31',122,1,2,0.0000,0,6,''),(14,'2012-04-19 14:44:53','2012-04-19 16:44:53',121,1,1,0.0000,0,6,''),(15,'2012-04-19 14:45:16','2012-04-19 16:45:16',120,1,5,0.0000,0,6,''),(16,'2012-04-19 14:45:31','2012-04-19 16:45:31',119,1,1,0.0000,0,6,''),(17,'2012-04-19 14:46:01','2012-04-19 16:46:01',118,1,8,0.0000,0,6,''),(18,'2012-04-19 14:46:35','2012-04-19 16:46:34',117,1,4,0.0000,0,6,''),(19,'2012-04-19 14:46:56','2012-04-19 16:46:55',116,1,2,0.0000,0,6,''),(20,'2012-04-19 14:47:13','2012-04-19 16:47:12',115,1,1,0.0000,0,6,''),(21,'2012-04-19 14:47:32','2012-04-19 16:47:31',114,1,1,0.0000,0,6,''),(22,'2012-04-19 14:47:54','2012-04-19 16:47:53',113,1,2,0.0000,0,6,''),(23,'2012-04-19 14:48:14','2012-04-19 16:48:14',112,1,6,0.0000,0,6,''),(24,'2012-04-19 14:48:45','2012-04-19 16:48:44',111,1,1,0.0000,0,6,''),(25,'2012-04-19 14:49:07','2012-04-19 16:49:06',110,1,1,0.0000,0,6,''),(26,'2012-04-19 14:49:25','2012-04-19 16:49:25',109,1,1,0.0000,0,6,''),(27,'2012-04-19 14:52:25','2012-04-19 16:52:24',68,1,2,0.0000,0,6,''),(28,'2012-04-19 14:52:45','2012-04-19 16:52:45',69,1,44,0.0000,0,6,''),(29,'2012-04-19 14:53:02','2012-04-19 16:53:01',70,1,3,0.0000,0,6,''),(30,'2012-04-19 14:53:17','2012-04-19 16:53:17',71,1,1,0.0000,0,6,''),(31,'2012-04-19 14:53:44','2012-04-19 16:53:43',72,1,3,0.0000,0,6,''),(32,'2012-04-19 14:54:04','2012-04-19 16:54:03',73,1,3,0.0000,0,6,''),(33,'2012-04-19 14:54:22','2012-04-19 16:54:21',74,1,1,0.0000,0,6,''),(34,'2012-04-19 14:54:58','2012-04-19 16:54:58',32,1,1,0.0000,0,6,''),(35,'2012-04-19 14:55:21','2012-04-19 16:55:20',75,1,5,0.0000,0,6,''),(36,'2012-04-19 14:55:46','2012-04-19 16:55:45',76,1,12,0.0000,0,6,''),(37,'2012-04-19 14:57:31','2012-04-19 16:57:31',77,1,9,0.0000,0,6,''),(38,'2012-04-19 14:58:01','2012-04-19 16:58:00',78,1,2,0.0000,0,6,''),(39,'2012-04-19 14:58:19','2012-04-19 16:58:19',79,1,2,0.0000,0,6,''),(40,'2012-04-19 14:58:56','2012-04-19 16:58:55',80,1,2,0.0000,0,6,''),(41,'2012-04-19 14:59:10','2012-04-19 16:59:10',81,1,5,0.0000,0,6,''),(42,'2012-04-19 14:59:28','2012-04-19 16:59:27',82,1,1,0.0000,0,6,''),(43,'2012-04-19 14:59:44','2012-04-19 16:59:43',83,1,1,0.0000,0,6,''),(44,'2012-04-19 14:59:59','2012-04-19 16:59:59',84,1,1,0.0000,0,6,''),(45,'2012-04-19 15:00:00','2012-04-19 16:59:59',84,1,1,0.0000,0,6,''),(46,'2012-04-19 15:00:18','2012-04-19 17:00:17',85,1,1,0.0000,0,6,''),(47,'2012-04-19 15:00:38','2012-04-19 17:00:37',87,1,1,0.0000,0,6,''),(48,'2012-04-19 15:00:56','2012-04-19 17:00:55',86,1,2,0.0000,0,6,''),(49,'2012-04-19 15:01:23','2012-04-19 17:01:23',88,1,2,0.0000,0,6,''),(50,'2012-04-19 15:01:41','2012-04-19 17:01:41',89,1,4,0.0000,0,6,''),(51,'2012-04-19 15:02:05','2012-04-19 17:02:04',90,1,34,0.0000,0,6,''),(52,'2012-04-19 15:02:27','2012-04-19 17:02:26',91,1,21,0.0000,0,6,''),(53,'2012-04-19 15:02:41','2012-04-19 17:02:41',92,1,7,0.0000,0,6,''),(54,'2012-04-19 15:03:03','2012-04-19 17:03:02',93,1,12,0.0000,0,6,''),(55,'2012-04-19 15:03:25','2012-04-19 17:03:25',94,1,5,0.0000,0,6,''),(56,'2012-04-19 15:03:51','2012-04-19 17:03:50',95,1,0,0.0000,0,6,''),(57,'2012-04-19 15:04:08','2012-04-19 17:04:08',96,1,2,0.0000,0,6,''),(58,'2012-04-19 15:04:32','2012-04-19 17:04:31',97,1,2,0.0000,0,6,''),(59,'2012-04-19 15:04:59','2012-04-19 17:04:58',98,1,1,0.0000,0,6,''),(60,'2012-04-19 15:05:16','2012-04-19 17:05:15',99,1,1,0.0000,0,6,''),(61,'2012-04-19 15:05:38','2012-04-19 17:05:37',100,1,4,0.0000,0,6,''),(62,'2012-04-19 15:05:55','2012-04-19 17:05:54',101,1,1,0.0000,0,6,''),(63,'2012-04-19 15:06:11','2012-04-19 17:06:10',102,1,2,0.0000,0,6,''),(64,'2012-04-19 15:06:29','2012-04-19 17:06:28',103,1,1,0.0000,0,6,''),(65,'2012-04-19 15:06:56','2012-04-19 17:06:56',104,1,4,0.0000,0,6,''),(66,'2012-04-19 15:07:14','2012-04-19 17:07:14',105,1,3,0.0000,0,6,''),(67,'2012-04-19 15:07:34','2012-04-19 17:07:34',106,1,1,0.0000,0,6,''),(68,'2012-04-19 15:07:52','2012-04-19 17:07:51',107,1,1,0.0000,0,6,''),(69,'2012-04-19 15:08:13','2012-04-19 17:08:12',108,1,2,0.0000,0,6,''),(70,'2012-04-19 15:08:56','2012-04-19 17:08:55',33,1,1,0.0000,0,6,''),(71,'2012-04-19 15:09:19','2012-04-19 17:09:18',35,1,1,0.0000,0,6,''),(72,'2012-04-19 15:09:38','2012-04-19 17:09:37',35,1,1,0.0000,0,6,''),(73,'2012-04-19 15:10:06','2012-04-19 17:10:05',36,1,1,0.0000,0,6,''),(74,'2012-04-19 15:10:36','2012-04-19 17:10:35',41,1,5,0.0000,0,6,''),(75,'2012-04-19 15:10:48','2012-04-19 17:10:47',40,1,6,0.0000,0,6,''),(76,'2012-04-19 15:11:26','2012-04-19 17:11:26',42,1,2,0.0000,0,6,''),(77,'2012-04-19 15:11:50','2012-04-19 17:11:49',44,1,1,0.0000,0,6,''),(78,'2012-04-19 15:12:03','2012-04-19 17:12:03',43,1,1,0.0000,0,6,''),(79,'2012-04-19 15:12:28','2012-04-19 17:12:28',45,1,9,0.0000,0,6,''),(80,'2012-04-19 15:12:57','2012-04-19 17:12:56',46,1,2,0.0000,0,6,''),(81,'2012-04-19 15:13:18','2012-04-19 17:13:17',47,1,7,0.0000,0,6,''),(82,'2012-04-19 15:13:44','2012-04-19 17:13:43',48,1,41,0.0000,0,6,''),(83,'2012-04-19 15:14:17','2012-04-19 17:14:16',49,1,23,0.0000,0,6,''),(84,'2012-04-19 15:14:34','2012-04-19 17:14:33',50,1,31,0.0000,0,6,''),(85,'2012-04-19 15:14:53','2012-04-19 17:14:53',51,1,4,0.0000,0,6,''),(86,'2012-04-19 15:15:10','2012-04-19 17:15:09',52,1,1,0.0000,0,6,''),(87,'2012-04-19 15:15:50','2012-04-19 17:15:49',54,1,2,0.0000,0,6,''),(88,'2012-04-19 15:16:08','2012-04-19 17:16:08',55,1,6,0.0000,0,6,''),(89,'2012-04-19 15:16:29','2012-04-19 17:16:29',56,1,1,0.0000,0,6,''),(90,'2012-04-19 15:16:53','2012-04-19 17:16:53',58,1,6,0.0000,0,6,''),(91,'2012-04-19 15:17:13','2012-04-19 17:17:12',57,1,4,0.0000,0,6,''),(92,'2012-04-19 15:17:31','2012-04-19 17:17:30',59,1,2,0.0000,0,6,''),(93,'2012-04-19 15:17:58','2012-04-19 17:17:57',60,1,1,0.0000,0,6,''),(94,'2012-04-19 15:18:16','2012-04-19 17:18:16',61,1,7,0.0000,0,6,''),(95,'2012-04-19 15:18:38','2012-04-19 17:18:38',62,1,1,0.0000,0,6,''),(96,'2012-04-19 15:19:12','2012-04-19 17:19:12',63,1,8,0.0000,0,6,''),(97,'2012-04-19 15:19:27','2012-04-19 17:19:27',64,1,2,0.0000,0,6,''),(98,'2012-04-19 15:19:41','2012-04-19 17:19:40',65,1,1,0.0000,0,6,''),(99,'2012-04-19 15:19:58','2012-04-19 17:19:58',66,1,1,0.0000,0,6,''),(100,'2012-04-19 15:20:24','2012-04-19 17:20:23',67,1,1,0.0000,0,6,''),(101,'2012-04-19 15:22:08','2012-04-19 17:22:07',53,1,50,0.0000,0,6,''),(102,'2012-04-25 12:00:43','2012-04-25 14:00:42',121,1,-1,0.0000,1,6,''),(103,'2012-04-26 07:41:40','2012-04-26 09:41:39',33,1,1,0.0000,0,6,''),(104,'2012-04-26 07:42:47','2012-04-26 09:42:47',34,1,2,0.0000,0,6,''),(105,'2012-04-26 07:43:43','2012-04-26 09:43:42',51,1,2,0.0000,0,6,''),(106,'2012-04-26 07:44:20','2012-04-26 09:44:19',94,1,30,0.0000,0,6,''),(107,'2012-04-26 08:57:24','2012-04-26 10:57:24',65,1,4,0.0000,0,6,''),(108,'2012-04-26 08:58:41','2012-04-26 10:58:40',63,1,4,0.0000,0,6,''),(109,'2012-05-05 06:21:47','2012-05-05 08:21:47',125,1,1,0.0000,0,6,''),(110,'2012-05-05 06:21:49','2012-05-05 08:21:49',125,1,1,0.0000,0,6,''),(111,'2012-05-05 06:22:11','2012-05-05 08:22:11',125,1,-1,0.0000,1,6,''),(112,'2012-05-17 05:40:28','2012-05-17 07:40:28',33,1,1,0.0000,0,6,''),(113,'2012-05-17 05:40:56','2012-05-17 07:40:55',36,1,1,0.0000,0,6,''),(114,'2012-05-17 07:49:03','2012-05-17 09:49:03',48,1,-1,0.0000,1,6,''),(115,'2012-06-05 09:30:42','2012-06-05 11:30:42',92,1,-2,0.0000,1,6,''),(116,'2012-06-05 12:08:06','2012-06-05 14:08:05',36,1,-1,0.0000,1,6,''),(117,'2012-06-18 15:42:59','2012-06-18 17:42:59',62,1,-1,0.0000,1,6,''),(118,'2012-06-18 15:43:27','2012-06-18 17:43:26',120,1,-2,0.0000,1,6,''),(119,'2012-06-18 15:43:50','2012-06-18 17:43:49',90,1,-6,0.0000,1,6,''),(120,'2012-06-18 15:44:31','2012-06-18 17:44:30',112,1,-4,0.0000,1,6,''),(121,'2012-06-18 15:44:58','2012-06-18 17:44:58',92,1,-2,0.0000,1,6,''),(122,'2012-06-18 17:07:23','2012-06-18 19:07:22',63,1,-4,0.0000,1,6,''),(123,'2012-06-18 17:08:35','2012-06-18 19:08:34',32,1,2,0.0000,0,6,''),(124,'2012-06-18 17:08:36','2012-06-18 19:08:36',32,1,2,0.0000,0,6,''),(125,'2012-06-18 17:08:38','2012-06-18 19:08:37',32,1,2,0.0000,0,6,''),(126,'2012-06-18 17:08:55','2012-06-18 19:08:54',32,1,-4,0.0000,1,6,''),(127,'2012-06-29 11:33:19','2012-06-29 13:33:18',90,1,-11,0.0000,1,6,''),(128,'2012-06-29 11:33:58','2012-06-29 13:33:57',98,1,-2,0.0000,1,6,''),(129,'2012-07-10 18:29:32','2012-07-10 20:29:31',36,1,-1,0.0000,1,6,''),(130,'2012-07-10 18:30:45','2012-07-10 20:30:44',48,1,-1,0.0000,1,6,''),(131,'2012-07-11 12:36:40','2012-07-11 14:36:39',105,1,-2,0.0000,1,6,''),(132,'2012-07-22 15:28:27','2012-07-22 17:28:26',45,1,-1,0.0000,1,6,''),(133,'2012-07-25 15:17:52','2012-07-25 17:17:51',125,1,4,0.0000,0,6,''),(134,'2012-07-28 20:03:29','2012-07-28 22:03:28',45,1,-1,0.0000,1,6,''),(135,'2012-07-28 20:04:11','2012-07-28 22:04:10',63,1,-2,0.0000,1,6,''),(136,'2012-08-23 11:32:45','2012-08-23 13:32:45',45,1,-1,0.0000,1,6,''),(137,'2012-09-11 08:36:06','2012-09-11 10:36:05',45,1,-1,0.0000,1,6,'');

--
-- Table structure for table `llx_texts`
--

CREATE TABLE `llx_texts` (
  `rowid` int(11) NOT NULL AUTO_INCREMENT,
  `module` varchar(32) DEFAULT NULL,
  `typemodele` varchar(32) DEFAULT NULL,
  `sortorder` smallint(6) DEFAULT NULL,
  `private` smallint(6) NOT NULL DEFAULT '0',
  `fk_user` int(11) DEFAULT NULL,
  `title` varchar(128) DEFAULT NULL,
  `filename` varchar(128) DEFAULT NULL,
  `content` text,
  `tms` timestamp NOT NULL DEFAULT CURRENT_TIMESTAMP ON UPDATE CURRENT_TIMESTAMP,
  PRIMARY KEY (`rowid`)
) ENGINE=InnoDB DEFAULT CHARSET=utf8;

--
-- Dumping data for table `llx_texts`
--


--
-- Table structure for table `llx_transaction_bplc`
--

CREATE TABLE `llx_transaction_bplc` (
  `rowid` int(11) NOT NULL AUTO_INCREMENT,
  `tms` timestamp NOT NULL DEFAULT CURRENT_TIMESTAMP ON UPDATE CURRENT_TIMESTAMP,
  `ipclient` varchar(20) DEFAULT NULL,
  `num_transaction` varchar(10) DEFAULT NULL,
  `date_transaction` varchar(10) DEFAULT NULL,
  `heure_transaction` varchar(10) DEFAULT NULL,
  `num_autorisation` varchar(10) DEFAULT NULL,
  `cle_acceptation` varchar(5) DEFAULT NULL,
  `code_retour` int(11) DEFAULT NULL,
  `ref_commande` int(11) DEFAULT NULL,
  PRIMARY KEY (`rowid`)
) ENGINE=InnoDB DEFAULT CHARSET=utf8;

--
-- Dumping data for table `llx_transaction_bplc`
--


--
-- Table structure for table `llx_tva`
--

CREATE TABLE `llx_tva` (
  `rowid` int(11) NOT NULL AUTO_INCREMENT,
  `tms` timestamp NOT NULL DEFAULT CURRENT_TIMESTAMP ON UPDATE CURRENT_TIMESTAMP,
  `datep` date DEFAULT NULL,
  `datev` date DEFAULT NULL,
  `amount` double NOT NULL DEFAULT '0',
  `label` varchar(255) DEFAULT NULL,
  `entity` int(11) NOT NULL DEFAULT '1',
  `note` text,
  `fk_bank` int(11) DEFAULT NULL,
  `fk_user_creat` int(11) DEFAULT NULL,
  `fk_user_modif` int(11) DEFAULT NULL,
  PRIMARY KEY (`rowid`)
) ENGINE=InnoDB DEFAULT CHARSET=utf8;

--
-- Dumping data for table `llx_tva`
--


--
-- Table structure for table `llx_user_alert`
--

CREATE TABLE `llx_user_alert` (
  `rowid` int(11) NOT NULL AUTO_INCREMENT,
  `type` int(11) DEFAULT NULL,
  `fk_contact` int(11) DEFAULT NULL,
  `fk_user` int(11) DEFAULT NULL,
  PRIMARY KEY (`rowid`)
) ENGINE=InnoDB AUTO_INCREMENT=2 DEFAULT CHARSET=utf8;

--
-- Dumping data for table `llx_user_alert`
--

INSERT INTO `llx_user_alert` VALUES (1,1,1,3);

--
-- Table structure for table `llx_user_clicktodial`
--

CREATE TABLE `llx_user_clicktodial` (
  `fk_user` int(11) NOT NULL,
  `login` varchar(32) DEFAULT NULL,
  `pass` varchar(64) DEFAULT NULL,
  `poste` varchar(20) DEFAULT NULL,
  PRIMARY KEY (`fk_user`)
) ENGINE=InnoDB DEFAULT CHARSET=utf8;

--
-- Dumping data for table `llx_user_clicktodial`
--


--
-- Table structure for table `llx_user_entrepot`
--

CREATE TABLE `llx_user_entrepot` (
  `rowid` int(11) NOT NULL AUTO_INCREMENT,
  `fk_entrepot` int(10) unsigned DEFAULT NULL,
  `fk_user` int(10) unsigned DEFAULT NULL,
  `consult` smallint(5) unsigned DEFAULT NULL,
  `send` smallint(5) unsigned DEFAULT NULL,
  PRIMARY KEY (`rowid`)
) ENGINE=InnoDB DEFAULT CHARSET=utf8;

--
-- Dumping data for table `llx_user_entrepot`
--


--
-- Table structure for table `llx_user_param`
--

CREATE TABLE `llx_user_param` (
  `fk_user` int(11) NOT NULL,
  `entity` int(11) NOT NULL DEFAULT '1',
  `param` varchar(64) NOT NULL,
  `value` varchar(255) NOT NULL,
  UNIQUE KEY `uk_user_param` (`fk_user`,`param`,`entity`)
) ENGINE=InnoDB DEFAULT CHARSET=utf8;

--
-- Dumping data for table `llx_user_param`
--

INSERT INTO `llx_user_param` VALUES (4,1,'MAIN_LANG_DEFAULT','de_DE'),(7,1,'MAIN_LANG_DEFAULT','it_IT'),(27,1,'MAIN_BOXES_0','1');

--
-- Table structure for table `llx_user_rights`
--

CREATE TABLE `llx_user_rights` (
  `rowid` int(11) NOT NULL AUTO_INCREMENT,
  `fk_user` int(11) NOT NULL,
  `fk_id` int(11) NOT NULL,
  PRIMARY KEY (`rowid`),
  UNIQUE KEY `uk_user_rights` (`fk_user`,`fk_id`),
  CONSTRAINT `fk_user_rights_fk_user_user` FOREIGN KEY (`fk_user`) REFERENCES `llx_user` (`rowid`)
) ENGINE=InnoDB AUTO_INCREMENT=1890 DEFAULT CHARSET=utf8;

--
-- Dumping data for table `llx_user_rights`
--

INSERT INTO `llx_user_rights` VALUES (1687,1,11),(1656,1,12),(1663,1,13),(1668,1,14),(1675,1,15),(1680,1,16),(1688,1,19),(1186,1,31),(1171,1,32),(1179,1,34),(1187,1,38),(1262,1,81),(1227,1,82),(1235,1,84),(1242,1,86),(1247,1,87),(1255,1,88),(1263,1,89),(1803,1,111),(1764,1,112),(1772,1,113),(1780,1,114),(1788,1,115),(1796,1,116),(1804,1,117),(1719,1,121),(1704,1,122),(1712,1,125),(1720,1,126),(1643,1,151),(1628,1,152),(1636,1,153),(1644,1,154),(1526,1,171),(1511,1,172),(1519,1,173),(1527,1,178),(1498,1,251),(1422,1,252),(1427,1,253),(1434,1,254),(1439,1,255),(1447,1,256),(1727,1,262),(1751,1,281),(1736,1,282),(1744,1,283),(1752,1,286),(1454,1,341),(1458,1,342),(1462,1,343),(1466,1,344),(1490,1,351),(1475,1,352),(1483,1,353),(1491,1,354),(1499,1,358),(1214,1,531),(1199,1,532),(1207,1,534),(1215,1,538),(1550,1,700),(1535,1,701),(1543,1,702),(1551,1,703),(1322,1,1181),(1370,1,1182),(1331,1,1183),(1339,1,1184),(1347,1,1185),(1355,1,1186),(1363,1,1187),(1371,1,1188),(1410,1,1231),(1383,1,1232),(1391,1,1233),(1399,1,1234),(1406,1,1235),(1411,1,1236),(1695,1,1321),(1270,1,1421),(1078,1,2401),(1071,1,2402),(1079,1,2403),(1098,1,2411),(1091,1,2412),(1099,1,2413),(1570,1,2501),(1563,1,2503),(1571,1,2515),(1689,2,11),(1658,2,12),(1664,2,13),(1670,2,14),(1676,2,15),(1682,2,16),(1690,2,19),(1188,2,31),(1173,2,32),(1181,2,34),(1189,2,38),(1264,2,81),(1229,2,82),(1237,2,84),(1243,2,86),(1249,2,87),(1257,2,88),(1265,2,89),(1805,2,111),(1766,2,112),(1774,2,113),(1782,2,114),(1790,2,115),(1798,2,116),(1806,2,117),(1721,2,121),(1706,2,122),(1714,2,125),(1722,2,126),(1645,2,151),(1630,2,152),(1638,2,153),(1646,2,154),(1528,2,171),(1513,2,172),(1521,2,173),(1529,2,178),(1500,2,251),(1423,2,252),(1429,2,253),(1435,2,254),(1441,2,255),(1449,2,256),(1728,2,262),(1753,2,281),(1738,2,282),(1746,2,283),(1754,2,286),(1455,2,341),(1459,2,342),(1463,2,343),(1467,2,344),(1492,2,351),(1477,2,352),(1485,2,353),(1493,2,354),(1501,2,358),(1216,2,531),(1201,2,532),(1209,2,534),(1217,2,538),(1552,2,700),(1537,2,701),(1545,2,702),(1553,2,703),(1323,2,1181),(1372,2,1182),(1333,2,1183),(1341,2,1184),(1349,2,1185),(1357,2,1186),(1365,2,1187),(1373,2,1188),(1412,2,1231),(1385,2,1232),(1393,2,1233),(1401,2,1234),(1407,2,1235),(1413,2,1236),(1696,2,1321),(1271,2,1421),(1080,2,2401),(1073,2,2402),(1081,2,2403),(1100,2,2411),(1093,2,2412),(1101,2,2413),(1572,2,2501),(1565,2,2503),(1573,2,2515),(1691,3,11),(1665,3,13),(1677,3,15),(1684,3,16),(1190,3,31),(1175,3,32),(1183,3,34),(40,3,36),(1191,3,38),(1266,3,81),(1231,3,82),(1239,3,84),(1244,3,86),(1251,3,87),(1259,3,88),(1267,3,89),(1807,3,111),(1768,3,112),(1776,3,113),(1784,3,114),(1792,3,115),(1800,3,116),(1808,3,117),(1723,3,121),(1708,3,122),(1716,3,125),(1724,3,126),(1647,3,151),(1632,3,152),(1640,3,153),(1648,3,154),(1530,3,171),(1515,3,172),(1523,3,173),(1531,3,178),(1424,3,252),(1436,3,254),(1729,3,262),(1755,3,281),(1740,3,282),(1748,3,283),(1756,3,286),(32,3,300),(31,3,301),(33,3,302),(1456,3,341),(1464,3,343),(1468,3,344),(1494,3,351),(1479,3,352),(1487,3,353),(1495,3,354),(1218,3,531),(1203,3,532),(1211,3,534),(1219,3,538),(1554,3,700),(1539,3,701),(1547,3,702),(1555,3,703),(1324,3,1181),(1374,3,1182),(1335,3,1183),(1343,3,1184),(1351,3,1185),(1359,3,1186),(1367,3,1187),(1375,3,1188),(1414,3,1231),(1387,3,1232),(1395,3,1233),(1408,3,1235),(1415,3,1236),(1272,3,1421),(1082,3,2401),(1075,3,2402),(1083,3,2403),(1102,3,2411),(1095,3,2412),(1103,3,2413),(1574,3,2501),(1567,3,2503),(1575,3,2515),(10,4,251),(13,5,251),(14,5,255),(15,5,256),(83,5,1004),(1848,6,11),(1849,6,12),(1062,6,31),(1063,6,32),(16,6,251),(1064,6,342),(1065,6,343),(1057,6,1001),(1058,6,1002),(1060,6,1004),(1061,6,1005),(1043,6,1181),(1044,6,1182),(1045,6,1183),(1046,6,1184),(1047,6,1185),(1048,6,1186),(1049,6,1187),(1051,6,1231),(1052,6,1232),(1053,6,1233),(1055,6,1235),(22,8,251),(43,10,11),(44,10,21),(45,10,31),(46,10,36),(47,10,41),(48,10,61),(49,10,81),(50,10,91),(51,10,95),(52,10,97),(53,10,101),(54,10,111),(55,10,121),(56,10,161),(57,10,170),(58,10,221),(59,10,241),(60,10,244),(61,10,251),(64,10,262),(65,10,281),(66,10,300),(67,10,331),(68,10,332),(69,10,333),(70,10,531),(71,10,536),(72,10,1001),(73,10,1004),(74,10,1101),(75,10,1181),(76,10,1182),(77,10,1201),(78,10,1231),(79,10,2401),(80,10,2500),(81,10,2501),(82,10,2515),(84,11,11),(85,11,21),(86,11,31),(87,11,36),(88,11,41),(89,11,61),(90,11,81),(94,11,101),(96,11,121),(97,11,161),(98,11,170),(99,11,221),(100,11,241),(101,11,244),(102,11,251),(105,11,262),(106,11,281),(107,11,300),(108,11,331),(109,11,332),(110,11,333),(111,11,531),(112,11,536),(113,11,1001),(114,11,1004),(115,11,1101),(116,11,1181),(117,11,1182),(118,11,1201),(119,11,1231),(120,11,2401),(121,11,2500),(122,11,2501),(123,11,2515),(124,12,11),(125,12,21),(126,12,31),(127,12,36),(128,12,41),(129,12,61),(130,12,81),(134,12,101),(136,12,121),(137,12,161),(138,12,170),(139,12,221),(140,12,241),(141,12,244),(142,12,251),(145,12,262),(146,12,281),(147,12,300),(148,12,331),(149,12,332),(150,12,333),(151,12,531),(152,12,536),(153,12,1001),(154,12,1004),(155,12,1101),(156,12,1181),(157,12,1182),(158,12,1201),(159,12,1231),(160,12,2401),(161,12,2500),(162,12,2501),(163,12,2515),(204,14,11),(205,14,21),(206,14,31),(207,14,36),(208,14,41),(209,14,61),(210,14,81),(211,14,91),(212,14,95),(213,14,97),(214,14,101),(215,14,111),(216,14,121),(217,14,161),(218,14,170),(219,14,221),(220,14,241),(221,14,244),(222,14,251),(223,14,255),(224,14,256),(225,14,262),(226,14,281),(227,14,300),(228,14,331),(229,14,332),(230,14,333),(231,14,531),(232,14,536),(233,14,1001),(234,14,1004),(235,14,1101),(236,14,1181),(237,14,1182),(238,14,1201),(239,14,1231),(240,14,2401),(241,14,2500),(242,14,2501),(243,14,2515),(244,15,11),(245,15,21),(246,15,31),(247,15,36),(248,15,41),(249,15,61),(250,15,81),(254,15,101),(256,15,121),(257,15,161),(258,15,170),(259,15,221),(260,15,241),(261,15,244),(265,15,262),(266,15,281),(1619,15,300),(1620,15,301),(268,15,331),(269,15,332),(270,15,333),(271,15,531),(272,15,536),(275,15,1101),(276,15,1181),(277,15,1182),(278,15,1201),(279,15,1231),(280,15,2401),(281,15,2500),(282,15,2501),(283,15,2515),(1693,17,11),(1662,17,12),(1666,17,13),(1674,17,14),(1678,17,15),(1686,17,16),(1694,17,19),(325,17,21),(1192,17,31),(1177,17,32),(1185,17,34),(327,17,36),(1193,17,38),(328,17,41),(329,17,61),(1268,17,81),(1233,17,82),(1241,17,84),(1245,17,86),(1253,17,87),(1261,17,88),(1269,17,89),(331,17,91),(332,17,95),(333,17,97),(334,17,101),(1809,17,111),(1770,17,112),(1778,17,113),(1786,17,114),(1794,17,115),(1802,17,116),(1810,17,117),(1725,17,121),(1710,17,122),(1718,17,125),(1726,17,126),(1649,17,151),(1634,17,152),(1642,17,153),(1650,17,154),(337,17,161),(338,17,170),(1532,17,171),(1517,17,172),(1525,17,173),(1533,17,178),(339,17,221),(340,17,241),(341,17,244),(1504,17,251),(1425,17,252),(1433,17,253),(1437,17,254),(1445,17,255),(1453,17,256),(1730,17,262),(1757,17,281),(1742,17,282),(1750,17,283),(1758,17,286),(347,17,300),(348,17,331),(349,17,332),(350,17,333),(1457,17,341),(1461,17,342),(1465,17,343),(1469,17,344),(1496,17,351),(1481,17,352),(1489,17,353),(1497,17,354),(1505,17,358),(1220,17,531),(1205,17,532),(1213,17,534),(352,17,536),(1221,17,538),(1556,17,700),(1541,17,701),(1549,17,702),(1557,17,703),(353,17,1001),(354,17,1004),(355,17,1101),(1325,17,1181),(1376,17,1182),(1337,17,1183),(1345,17,1184),(1353,17,1185),(1361,17,1186),(1369,17,1187),(1377,17,1188),(358,17,1201),(1416,17,1231),(1389,17,1232),(1397,17,1233),(1405,17,1234),(1409,17,1235),(1417,17,1236),(1698,17,1321),(1273,17,1421),(1084,17,2401),(1077,17,2402),(1085,17,2403),(1104,17,2411),(1097,17,2412),(1105,17,2413),(361,17,2500),(1576,17,2501),(1569,17,2503),(1577,17,2515),(364,18,11),(365,18,21),(366,18,31),(367,18,36),(368,18,41),(369,18,61),(370,18,81),(371,18,91),(374,18,101),(376,18,121),(377,18,161),(378,18,170),(379,18,221),(380,18,241),(381,18,244),(382,18,251),(385,18,262),(386,18,281),(387,18,300),(388,18,331),(389,18,332),(390,18,333),(391,18,531),(392,18,536),(393,18,1001),(394,18,1004),(395,18,1101),(396,18,1181),(397,18,1182),(398,18,1201),(399,18,1231),(400,18,2401),(401,18,2500),(402,18,2501),(403,18,2515),(961,20,11),(962,20,21),(963,20,31),(964,20,41),(965,20,61),(966,20,81),(967,20,91),(969,20,97),(970,20,101),(972,20,121),(973,20,161),(974,20,171),(975,20,221),(976,20,241),(977,20,244),(978,20,262),(979,20,281),(980,20,300),(981,20,331),(982,20,332),(983,20,333),(984,20,341),(985,20,342),(986,20,343),(987,20,344),(988,20,531),(989,20,700),(990,20,1001),(991,20,1004),(992,20,1101),(993,20,1181),(994,20,1182),(995,20,1201),(996,20,1231),(997,20,2401),(998,20,2501),(999,20,2503),(1000,20,2515),(1001,20,50101),(1002,21,11),(1003,21,21),(1004,21,31),(1005,21,41),(1006,21,61),(1007,21,81),(1008,21,91),(1855,21,97),(1856,21,98),(1859,21,101),(1858,21,102),(1860,21,109),(1013,21,121),(1014,21,161),(1015,21,171),(1016,21,221),(1852,21,241),(1851,21,242),(1853,21,243),(1018,21,244),(1019,21,262),(1020,21,281),(1021,21,300),(1022,21,331),(1023,21,332),(1024,21,333),(1025,21,341),(1026,21,342),(1027,21,343),(1028,21,344),(1029,21,531),(1030,21,700),(1031,21,1001),(1032,21,1004),(1863,21,1101),(1862,21,1102),(1864,21,1109),(1034,21,1181),(1035,21,1182),(1036,21,1201),(1037,21,1231),(1038,21,2401),(1039,21,2501),(1040,21,2503),(1041,21,2515),(1042,21,50101),(1621,22,11),(1622,22,12),(1579,22,21),(1580,22,31),(1581,22,41),(1582,22,61),(1583,22,81),(1586,22,97),(1587,22,101),(1589,22,121),(1590,22,161),(1591,22,171),(1592,22,221),(1593,22,241),(1594,22,244),(1595,22,262),(1596,22,281),(1598,22,331),(1599,22,332),(1600,22,333),(1601,22,341),(1602,22,342),(1603,22,343),(1604,22,344),(1605,22,531),(1606,22,700),(1607,22,1001),(1608,22,1004),(1609,22,1101),(1610,22,1181),(1611,22,1182),(1612,22,1201),(1613,22,1231),(1614,22,2401),(1615,22,2501),(1616,22,2503),(1617,22,2515),(1618,22,50101),(1865,25,11),(1866,25,111),(1867,25,151),(1868,25,341),(1869,25,344),(1870,26,11),(1871,26,111),(1872,26,151),(1873,26,341),(1874,26,344),(1875,27,11),(1876,27,111),(1877,27,151),(1878,27,341),(1879,27,344),(1880,28,11),(1881,28,111),(1882,28,151),(1883,28,341),(1884,28,344),(1885,29,11),(1886,29,111),(1887,29,151),(1888,29,341),(1889,29,344);

--
-- Table structure for table `llx_usergroup`
--

CREATE TABLE `llx_usergroup` (
  `rowid` int(11) NOT NULL AUTO_INCREMENT,
  `nom` varchar(255) NOT NULL,
  `entity` int(11) NOT NULL DEFAULT '1',
  `datec` datetime DEFAULT NULL,
  `tms` timestamp NOT NULL DEFAULT CURRENT_TIMESTAMP ON UPDATE CURRENT_TIMESTAMP,
  `note` text,
  PRIMARY KEY (`rowid`),
  UNIQUE KEY `uk_usergroup_name` (`nom`,`entity`)
) ENGINE=InnoDB AUTO_INCREMENT=6 DEFAULT CHARSET=utf8;

--
-- Dumping data for table `llx_usergroup`
--

INSERT INTO `llx_usergroup` VALUES (1,'Fondateur',1,'2011-02-09 14:43:48','2011-02-09 13:43:53',''),(2,'Cadres',1,'2011-02-09 14:52:06','2011-02-09 13:52:11',''),(3,'Collaborateurs',1,'2011-02-09 14:59:45','2011-02-09 14:06:06',''),(4,'Développeurs',1,'2011-02-09 15:39:32','2011-02-09 14:39:36',''),(5,'Fiduciaire',1,'2011-02-25 09:13:00','2011-02-25 08:13:03','&nbsp;');

--
-- Table structure for table `llx_usergroup_rights`
--

CREATE TABLE `llx_usergroup_rights` (
  `rowid` int(11) NOT NULL AUTO_INCREMENT,
  `fk_usergroup` int(11) NOT NULL,
  `fk_id` int(11) NOT NULL,
  PRIMARY KEY (`rowid`),
  UNIQUE KEY `fk_usergroup` (`fk_usergroup`,`fk_id`),
  CONSTRAINT `fk_usergroup_rights_fk_usergroup` FOREIGN KEY (`fk_usergroup`) REFERENCES `llx_usergroup` (`rowid`)
) ENGINE=InnoDB AUTO_INCREMENT=478 DEFAULT CHARSET=utf8;

--
-- Dumping data for table `llx_usergroup_rights`
--

INSERT INTO `llx_usergroup_rights` VALUES (99,1,11),(100,1,12),(101,1,13),(102,1,14),(103,1,15),(104,1,16),(105,1,19),(140,1,21),(141,1,22),(142,1,24),(143,1,25),(144,1,26),(145,1,27),(146,1,28),(129,1,31),(130,1,32),(131,1,34),(132,1,36),(133,1,38),(134,1,41),(135,1,42),(136,1,44),(107,1,61),(108,1,62),(109,1,64),(110,1,67),(65,1,81),(66,1,82),(67,1,84),(68,1,86),(69,1,87),(70,1,88),(71,1,89),(166,1,91),(167,1,92),(168,1,93),(169,1,94),(73,1,95),(74,1,96),(75,1,97),(76,1,98),(89,1,101),(90,1,102),(91,1,104),(92,1,109),(51,1,111),(52,1,112),(53,1,113),(54,1,114),(55,1,115),(56,1,116),(57,1,117),(152,1,121),(153,1,122),(154,1,125),(155,1,126),(137,1,141),(138,1,142),(139,1,144),(77,1,161),(78,1,162),(79,1,163),(80,1,164),(81,1,165),(82,1,170),(83,1,171),(84,1,172),(85,1,178),(125,1,221),(126,1,222),(127,1,223),(128,1,229),(61,1,241),(62,1,242),(63,1,243),(64,1,244),(476,1,251),(171,1,252),(172,1,253),(173,1,254),(174,1,255),(175,1,256),(176,1,258),(156,1,262),(157,1,281),(158,1,282),(159,1,283),(160,1,286),(471,1,300),(472,1,301),(473,1,302),(58,1,331),(59,1,332),(60,1,333),(474,1,342),(475,1,343),(477,1,358),(147,1,531),(148,1,532),(149,1,534),(150,1,536),(151,1,538),(161,1,1001),(162,1,1002),(163,1,1003),(164,1,1004),(165,1,1005),(93,1,1101),(94,1,1102),(95,1,1104),(96,1,1109),(111,1,1181),(112,1,1182),(113,1,1183),(114,1,1184),(115,1,1185),(116,1,1186),(117,1,1187),(118,1,1188),(97,1,1201),(98,1,1202),(119,1,1231),(120,1,1232),(121,1,1233),(122,1,1234),(123,1,1236),(124,1,1251),(106,1,1321),(72,1,1421),(45,1,2401),(46,1,2402),(47,1,2403),(48,1,2411),(49,1,2412),(50,1,2413),(86,1,2500),(87,1,2501),(88,1,2515),(315,2,11),(221,2,12),(222,2,13),(223,2,14),(224,2,15),(225,2,16),(316,2,19),(262,2,21),(263,2,22),(264,2,24),(265,2,25),(266,2,26),(267,2,27),(268,2,28),(250,2,31),(251,2,32),(252,2,34),(253,2,36),(254,2,38),(260,2,41),(257,2,42),(259,2,44),(228,2,61),(229,2,62),(230,2,64),(231,2,67),(319,2,81),(187,2,82),(188,2,84),(189,2,86),(190,2,87),(191,2,88),(320,2,89),(288,2,91),(289,2,92),(290,2,93),(291,2,94),(194,2,95),(195,2,96),(321,2,97),(322,2,98),(210,2,101),(211,2,102),(212,2,104),(213,2,109),(43,2,111),(34,2,112),(36,2,113),(38,2,114),(40,2,115),(42,2,116),(44,2,117),(274,2,121),(275,2,122),(276,2,125),(277,2,126),(261,2,141),(317,2,161),(199,2,162),(200,2,163),(201,2,164),(318,2,165),(203,2,170),(204,2,171),(205,2,172),(206,2,178),(246,2,221),(247,2,222),(248,2,223),(249,2,229),(292,2,241),(293,2,242),(294,2,243),(295,2,244),(21,2,251),(14,2,252),(22,2,254),(18,2,258),(278,2,262),(279,2,281),(280,2,282),(281,2,283),(282,2,286),(183,2,331),(184,2,332),(185,2,333),(469,2,342),(470,2,343),(269,2,531),(270,2,532),(271,2,534),(272,2,536),(273,2,538),(283,2,1001),(284,2,1002),(285,2,1003),(286,2,1004),(287,2,1005),(214,2,1101),(215,2,1102),(216,2,1104),(217,2,1109),(232,2,1181),(233,2,1182),(234,2,1183),(235,2,1184),(236,2,1185),(237,2,1186),(238,2,1187),(239,2,1188),(218,2,1201),(219,2,1202),(240,2,1231),(241,2,1232),(242,2,1233),(243,2,1234),(244,2,1236),(245,2,1251),(227,2,1321),(193,2,1421),(177,2,2401),(178,2,2402),(179,2,2403),(180,2,2411),(181,2,2412),(182,2,2413),(207,2,2500),(208,2,2501),(209,2,2515),(360,3,11),(361,3,15),(390,3,21),(391,3,22),(392,3,24),(393,3,25),(394,3,26),(383,3,31),(385,3,41),(386,3,42),(365,3,61),(364,3,62),(329,3,81),(330,3,82),(331,3,84),(332,3,86),(333,3,87),(354,3,101),(351,3,104),(458,3,121),(453,3,122),(338,3,161),(339,3,163),(344,3,170),(341,3,171),(342,3,172),(345,3,178),(382,3,221),(459,3,262),(450,3,281),(451,3,282),(443,3,331),(460,3,342),(461,3,343),(462,3,531),(463,3,1001),(464,3,1004),(355,3,1101),(356,3,1104),(379,3,1181),(380,3,1182),(336,3,1421),(323,3,2401),(324,3,2402),(325,3,2403),(326,3,2411),(347,3,2500),(445,3,2501),(309,4,41),(310,4,42),(311,4,44),(312,4,141),(313,4,142),(314,4,144),(303,4,241),(304,4,242),(30,4,251),(467,4,342),(468,4,343),(308,4,1201),(296,4,2401),(297,4,2402),(298,4,2403),(299,4,2411),(305,4,2500),(306,4,2501),(307,4,2515),(430,5,11),(429,5,16),(415,5,81),(440,5,91),(437,5,92),(439,5,93),(441,5,94),(416,5,95),(417,5,96),(419,5,97),(420,5,98),(412,5,111),(405,5,113),(407,5,114),(409,5,115),(411,5,116),(413,5,117),(421,5,170),(422,5,178),(414,5,241),(455,5,251),(465,5,342),(466,5,343),(454,5,531),(433,5,1001),(434,5,1004),(426,5,1201),(423,5,2500),(424,5,2501),(425,5,2515);

--
-- Table structure for table `llx_usergroup_user`
--

CREATE TABLE `llx_usergroup_user` (
  `rowid` int(11) NOT NULL AUTO_INCREMENT,
  `entity` int(11) NOT NULL DEFAULT '1',
  `fk_user` int(11) NOT NULL,
  `fk_usergroup` int(11) NOT NULL,
  PRIMARY KEY (`rowid`),
  UNIQUE KEY `uk_usergroup_user` (`entity`,`fk_user`,`fk_usergroup`),
  KEY `fk_usergroup_user_fk_user` (`fk_user`),
  KEY `fk_usergroup_user_fk_usergroup` (`fk_usergroup`),
  CONSTRAINT `fk_usergroup_user_fk_user` FOREIGN KEY (`fk_user`) REFERENCES `llx_user` (`rowid`),
  CONSTRAINT `fk_usergroup_user_fk_usergroup` FOREIGN KEY (`fk_usergroup`) REFERENCES `llx_usergroup` (`rowid`)
) ENGINE=InnoDB AUTO_INCREMENT=39 DEFAULT CHARSET=utf8;

--
-- Dumping data for table `llx_usergroup_user`
--

INSERT INTO `llx_usergroup_user` VALUES (2,1,2,1),(3,1,2,2),(29,1,3,3),(5,1,4,3),(6,1,5,3),(7,1,6,3),(10,1,8,2),(9,1,8,4),(12,1,10,5),(13,1,11,3),(14,1,12,3),(30,1,15,2),(16,1,15,3),(18,1,17,2),(19,1,18,3),(21,1,20,3),(28,1,21,2),(25,1,21,3),(27,1,21,5),(23,1,22,3),(31,1,25,3),(33,1,26,2),(32,1,26,5),(35,1,27,2),(34,1,27,5),(36,1,28,2),(38,1,29,2);


